{"id":986,"date":"2020-12-11T11:39:31","date_gmt":"2020-12-11T10:39:31","guid":{"rendered":"https:\/\/geschenke.blogseite.com\/?post_type=product&#038;p=986"},"modified":"2022-04-06T08:51:34","modified_gmt":"2022-04-06T06:51:34","slug":"fruehstuecksbrettchen-fruehstuecksbrett-opa-ist-der-beste","status":"publish","type":"product","link":"https:\/\/www.blogseite.com\/geschenke\/s\/fruehstuecksbrettchen-fruehstuecksbrett-opa-ist-der-beste\/","title":{"rendered":"Fr\u00fchst\u00fccksbrettchen\/Fr\u00fchst\u00fccksbrett: Opa ist der Beste"},"content":{"rendered":"<ul class=\"a-unordered-list a-vertical a-spacing-mini\">\n<li><span class=\"a-list-item\">\u2615\u3010EIN MUSS f\u00fcr HOME BARISTA\u3011- Die HadinEEon Kaffeem\u00fchle sieht schlank aus, hat aber eine starke Leistung von 200 W, die Bohnen schneller mahlen und eine leistungsstarke Mahlung f\u00fcr verschiedene Mahlgrade bieten kann, einschlie\u00dflich fein f\u00fcr Espresso oder t\u00fcrkischen Kaffee, Medium f\u00fcr Tropf- und grob f\u00fcr kaltes Gebr\u00e4u und franz\u00f6sische Presse.<\/span><\/li>\n<li><span class=\"a-list-item\">\u2615\u3010EINFACH ZU BEDIENEN, KEINE WARTEZEIT\u3011- Diese elektrische Kaffeem\u00fchle hat nur eine Steuerung: einen Schalter, der die M\u00fchle ein- und ausschaltet &#8211; Dr\u00fccken Sie den Schalter, um sie einzuschalten, und lassen Sie die Taste los, um sie auszuschalten. Geben Sie einfach frisch ger\u00f6stete Bohnen hinein, decken Sie den Deckel ab und dr\u00fccken Sie den Schalter. Dann erhalten Sie idealen frischen Kaffee ohne lange Wartezeit. Das ist nicht nur einfach &#8211; das ist richtig leicht.<\/span><\/li>\n<li><span class=\"a-list-item\">\u2615\u3010WASCHBARE SCH\u00dcSSEL, EINFACH ZU REINIGEN\u3011- Andere Vorteile sind, dass die HadinEEon Kaffeem\u00fchle leicht zu reinigen ist und beim Mahlen weniger Schmutz verursacht als andere M\u00fchlen. Die Reinigung von Mahlwerk und Theke ist dank der mitgelieferten B\u00fcrste und des waschbaren Designs einfacher, einfach das Pulver abb\u00fcrsten und direkt mit Wasser abwaschen, mit einem Tuch trocknen, das ist alles.<\/span><\/li>\n<li><span class=\"a-list-item\">\u2615\u3010NICHT NUR f\u00fcr KAFFEEBOHNEN\u3011- Die Premium-Edelstahlklinge 304 in Lebensmittelqualit\u00e4t in der elektrischen M\u00fchle erm\u00f6glicht das Mahlen von Kaffeebohnen, Gew\u00fcrzen, N\u00fcssen, Kr\u00e4utern und K\u00f6rnern und erf\u00fcllt Ihre unterschiedlichen Anforderungen. Sie ist nicht nur eine Kaffeem\u00fchle, sondern auch eine Gew\u00fcrzm\u00fchle oder Lebensmittelm\u00fchle. Sie m\u00fcssen keine weitere M\u00fchle kaufen, um Ihre K\u00fcchenarbeitsplatte einzunehmen.<\/span><\/li>\n<li><span class=\"a-list-item\">\u2615\u3010\u00dcBERHIZUNGSSCHUTZ FUNCTION\u3011 &#8211; Die HadinEEon elektrische Kaffeem\u00fchle verf\u00fcgt \u00fcber eine \u00dcberhitzungsschutzfunktion, die automatisch gestoppt wird, wenn das Ger\u00e4t nach langem Betrieb eine hohe Temperatur aufweist. Sie k\u00f6nnen sie nach einer kurzen Wartezeit neu starten, der \u00dcberhitzungsschutz erm\u00f6glicht Ihnen einen sichereren Gebrauch!<\/span><\/li>\n<\/ul>\n","protected":false},"excerpt":{"rendered":"<p>\u2615\u3010EIN MUSS f\u00fcr HOME BARISTA\u3011- Die HadinEEon Kaffeem\u00fchle sieht schlank aus, hat aber eine starke Leistung von 200 W, die Bohnen schneller mahlen und eine leistungsstarke Mahlung f\u00fcr verschiedene Mahlgrade bieten kann, einschlie\u00dflich fein f\u00fcr Espresso oder t\u00fcrkischen Kaffee, Medium f\u00fcr Tropf- und grob f\u00fcr kaltes Gebr\u00e4u und franz\u00f6sische Presse. \u2615\u3010EINFACH ZU BEDIENEN, KEINE WARTEZEIT\u3011- [&hellip;]<\/p>\n","protected":false},"featured_media":987,"comment_status":"open","ping_status":"closed","template":"","meta":[],"product_cat":[58,426,429,430,431],"product_tag":[533,97,616],"class_list":{"0":"post-986","1":"product","2":"type-product","3":"status-publish","4":"has-post-thumbnail","6":"product_cat-opa","7":"product_cat-nach-preis","8":"product_cat-unter-15-euro","9":"product_cat-unter-20-euro","10":"product_cat-unter-50-euro","11":"product_tag-frhstcksbrett","12":"product_tag-geschenk-fuer-opa","13":"product_tag-schneidebrett","15":"first","16":"instock","17":"shipping-taxable","18":"product-type-external"},"_links":{"self":[{"href":"https:\/\/www.blogseite.com\/geschenke\/wp-json\/wp\/v2\/product\/986"}],"collection":[{"href":"https:\/\/www.blogseite.com\/geschenke\/wp-json\/wp\/v2\/product"}],"about":[{"href":"https:\/\/www.blogseite.com\/geschenke\/wp-json\/wp\/v2\/types\/product"}],"replies":[{"embeddable":true,"href":"https:\/\/www.blogseite.com\/geschenke\/wp-json\/wp\/v2\/comments?post=986"}],"wp:featuredmedia":[{"embeddable":true,"href":"https:\/\/www.blogseite.com\/geschenke\/wp-json\/wp\/v2\/media\/987"}],"wp:attachment":[{"href":"https:\/\/www.blogseite.com\/geschenke\/wp-json\/wp\/v2\/media?parent=986"}],"wp:term":[{"taxonomy":"product_cat","embeddable":true,"href":"https:\/\/www.blogseite.com\/geschenke\/wp-json\/wp\/v2\/product_cat?post=986"},{"taxonomy":"product_tag","embeddable":true,"href":"https:\/\/www.blogseite.com\/geschenke\/wp-json\/wp\/v2\/product_tag?post=986"}],"curies":[{"name":"wp","href":"https:\/\/api.w.org\/{rel}","templated":true}]}}