{"id":946,"date":"2020-12-10T15:06:41","date_gmt":"2020-12-10T14:06:41","guid":{"rendered":"https:\/\/geschenke.blogseite.com\/?post_type=product&#038;p=946"},"modified":"2022-04-06T09:07:31","modified_gmt":"2022-04-06T07:07:31","slug":"der-praktische-schluesselfinder-%f0%9f%97%9d","status":"publish","type":"product","link":"https:\/\/www.blogseite.com\/geschenke\/s\/der-praktische-schluesselfinder-%f0%9f%97%9d\/","title":{"rendered":"Der praktische Schl\u00fcsselfinder \ud83d\udddd"},"content":{"rendered":"<p>&nbsp;<\/p>\n<ul class=\"a-unordered-list a-vertical a-spacing-mini\">\n<li><span class=\"a-list-item\">\u3010Tragbar und Gr\u00f6\u00dfe\u3011: Unser Schl\u00fcsselfinder ist sehr bequem zu tragen. Wie ein einfacher Schl\u00fcsselanh\u00e4nger. Sie m\u00fcssen sich keine Sorgen machen, dass Sie Ihren eigenen Schl\u00fcssel, Ihre Handtasche oder Ihr geliebtes Haustier im B\u00fcro, zu Hause, im Freien usw. nicht finden.<\/span><\/li>\n<li><span class=\"a-list-item\">\u3010Einfache Verbindung und Bedienung\u3011: Bluetooth \u00f6ffnen, verbinden Sie das Bluetooth mit dem Schl\u00fcsselfinder. Wenn Sie Ihr Handy verloren haben, dr\u00fccken Sie die Tracker-Taste zweimal, um das Telefon zu warnen. Ein Telefon kann den Tracker aufnehmen.<\/span><\/li>\n<li><span class=\"a-list-item\">\u3010Entfernung und Funktion\u3011: Unser Schl\u00fcsselfinder hat eine Arbeitsfl\u00e4che von 25 Metern. Der Schl\u00fcsselfinder verf\u00fcgt \u00fcber folgende Funktionen: Tracking, Kameraausl\u00f6ser und zuletzt gesehene Position (die letzte verlorene Position wird auf der Karte angezeigt, nicht GPS).<\/span><\/li>\n<li><span class=\"a-list-item\">\u3010Perfektes Geschenk\u3011: Kimfly Schl\u00fcsselfinder hilft Ihnen und Ihrer Familie Ihre verlegten Schl\u00fcssel, Geldb\u00f6rsen oder andere wertvolle Gegenst\u00e4nde in Sekunden zu finden. Ein aufmerksames Geschenk f\u00fcr Ihre Familie und Freunde.<\/span><\/li>\n<li><span class=\"a-list-item\">\u3010Sicheres Reisen\u3011: Key Finder ist Ihr bester Reisebegleiter. Ein kritischer Sucher steht f\u00fcr Sicherheit. Sie m\u00fcssen sich keine Sorgen machen, dass wichtige Gegenst\u00e4nde verpassen, wenn Sie das Hotel verlassen.<\/span><\/li>\n<\/ul>\n","protected":false},"excerpt":{"rendered":"<p><img loading=\"lazy\" decoding=\"async\" class=\"\" src=\"https:\/\/media.giphy.com\/media\/2kXBEDitRgMZwNWRFU\/giphy.gif\" width=\"235\" height=\"132\" \/><\/p>\n","protected":false},"featured_media":947,"comment_status":"open","ping_status":"closed","template":"","meta":[],"product_cat":[78,103,74,110,116,63,53,45,280,426,430,431,293,301,292,300,299,294,291,64],"product_tag":[82,648],"class_list":{"0":"post-946","1":"product","2":"type-product","3":"status-publish","4":"has-post-thumbnail","6":"product_cat-weihnachtsgeschenke","7":"product_cat-studenten","8":"product_cat-bester-freund","9":"product_cat-freund","10":"product_cat-frauen","11":"product_cat-mutter","12":"product_cat-muttertag","13":"product_cat-freundin","14":"product_cat-geburtstagsgeschenke","15":"product_cat-nach-preis","16":"product_cat-unter-20-euro","17":"product_cat-unter-50-euro","18":"product_cat-geschenk-fuer-bruder","19":"product_cat-eltern","20":"product_cat-sohn","21":"product_cat--kollege","22":"product_cat--chef","23":"product_cat--schwester","24":"product_cat-nerds","25":"product_cat-vater","26":"product_tag-geburtstagsgeschenk","27":"product_tag-schlsselfinder","29":"first","30":"instock","31":"shipping-taxable","32":"product-type-external"},"_links":{"self":[{"href":"https:\/\/www.blogseite.com\/geschenke\/wp-json\/wp\/v2\/product\/946"}],"collection":[{"href":"https:\/\/www.blogseite.com\/geschenke\/wp-json\/wp\/v2\/product"}],"about":[{"href":"https:\/\/www.blogseite.com\/geschenke\/wp-json\/wp\/v2\/types\/product"}],"replies":[{"embeddable":true,"href":"https:\/\/www.blogseite.com\/geschenke\/wp-json\/wp\/v2\/comments?post=946"}],"wp:featuredmedia":[{"embeddable":true,"href":"https:\/\/www.blogseite.com\/geschenke\/wp-json\/wp\/v2\/media\/947"}],"wp:attachment":[{"href":"https:\/\/www.blogseite.com\/geschenke\/wp-json\/wp\/v2\/media?parent=946"}],"wp:term":[{"taxonomy":"product_cat","embeddable":true,"href":"https:\/\/www.blogseite.com\/geschenke\/wp-json\/wp\/v2\/product_cat?post=946"},{"taxonomy":"product_tag","embeddable":true,"href":"https:\/\/www.blogseite.com\/geschenke\/wp-json\/wp\/v2\/product_tag?post=946"}],"curies":[{"name":"wp","href":"https:\/\/api.w.org\/{rel}","templated":true}]}}