{"id":935,"date":"2020-12-10T14:19:12","date_gmt":"2020-12-10T13:19:12","guid":{"rendered":"https:\/\/geschenke.blogseite.com\/?post_type=product&#038;p=935"},"modified":"2022-04-06T09:09:32","modified_gmt":"2022-04-06T07:09:32","slug":"totenkopf-eiswuerfelformen-%f0%9f%92%80","status":"publish","type":"product","link":"https:\/\/www.blogseite.com\/geschenke\/s\/totenkopf-eiswuerfelformen-%f0%9f%92%80\/","title":{"rendered":"Totenkopf-Eisw\u00fcrfelformen \ud83d\udc80"},"content":{"rendered":"<ul class=\"a-unordered-list a-vertical a-spacing-mini\">\n<li><span class=\"a-list-item\">Vielseitig einsetzbar: Eisw\u00fcrfelbereiter f\u00fcr Whiskey, Cocktails und Getr\u00e4nke. Kann auch als Mousse-Form, Zuckerform, Schokolade, Eis, Seifenherstellung verwendet werden. Geeignet f\u00fcr verschiedene Anl\u00e4sse wie Partys, Str\u00e4nde, Weinpartys und Urlaubsveranstaltungen usw.<\/span><\/li>\n<li><span class=\"a-list-item\">Kreativ und lustig: 6 kreative Totenkopf-Eisw\u00fcrfel sind einzigartig und geben Ihnen ein besonderes Gef\u00fchl. Die Eisformen sind realistisch Totenkopf-Form, langsam schmelzen und machen Spa\u00df.<\/span><\/li>\n<li><span class=\"a-list-item\">Langlebig und einfach: Die flexible Silikon-Eisw\u00fcrfelform bricht nicht und bricht nicht. Und es ist einfach, die Totenkopf-Eisw\u00fcrfel herauszuholen, indem Sie auf den Boden der Form dr\u00fccken.<\/span><\/li>\n<li><span class=\"a-list-item\">Hohe und niedrige Temperaturbest\u00e4ndigkeit: Ob Winter oder Sommer, Sie k\u00f6nnen unsere Totenkopf-Eisw\u00fcrfelform immer verwenden! Hitzebest\u00e4ndigkeit: 250 \u2103, K\u00e4lte -40 \u2103<\/span><\/li>\n<li><span class=\"a-list-item\">Gro\u00dfer Cocktail-Getr\u00e4nkek\u00fchler: Halten Sie Ihren Cocktail oder Ihr Getr\u00e4nk l\u00e4nger gek\u00fchlt, ohne Ihr Getr\u00e4nk zu verw\u00e4ssern. Nichts ist schlimmer, als wenn Sie das perfekte Cocktail- oder Getr\u00e4nke-Rezept haben und auf halbem Weg durch Ihr Getr\u00e4nk haben, ist es verd\u00fcnnt und schmeckt nicht gleich<\/span><\/li>\n<\/ul>\n<p><img loading=\"lazy\" decoding=\"async\" class=\"\" src=\"https:\/\/media.giphy.com\/media\/gjWD4HZPUg70W7sSIb\/giphy.gif\" width=\"355\" height=\"261\" \/><\/p>\n","protected":false},"excerpt":{"rendered":"<p>Vielseitig einsetzbar: Eisw\u00fcrfelbereiter f\u00fcr Whiskey, Cocktails und Getr\u00e4nke. Kann auch als Mousse-Form, Zuckerform, Schokolade, Eis, Seifenherstellung verwendet werden. Geeignet f\u00fcr verschiedene Anl\u00e4sse wie Partys, Str\u00e4nde, Weinpartys und Urlaubsveranstaltungen usw. Kreativ und lustig: 6 kreative Totenkopf-Eisw\u00fcrfel sind einzigartig und geben Ihnen ein besonderes Gef\u00fchl. Die Eisformen sind realistisch Totenkopf-Form, langsam schmelzen und machen Spa\u00df. Langlebig und [&hellip;]<\/p>\n","protected":false},"featured_media":936,"comment_status":"open","ping_status":"closed","template":"","meta":[],"product_cat":[78,103,110,280,426,430,431,300,70,294,124],"product_tag":[646,82],"class_list":{"0":"post-935","1":"product","2":"type-product","3":"status-publish","4":"has-post-thumbnail","6":"product_cat-weihnachtsgeschenke","7":"product_cat-studenten","8":"product_cat-freund","9":"product_cat-geburtstagsgeschenke","10":"product_cat-nach-preis","11":"product_cat-unter-20-euro","12":"product_cat-unter-50-euro","13":"product_cat--kollege","14":"product_cat-geschenke-fuer-jeden-anlass","15":"product_cat--schwester","16":"product_cat-jungesellenabschied","17":"product_tag-eiswrfelform","18":"product_tag-geburtstagsgeschenk","20":"first","21":"instock","22":"shipping-taxable","23":"product-type-external"},"_links":{"self":[{"href":"https:\/\/www.blogseite.com\/geschenke\/wp-json\/wp\/v2\/product\/935"}],"collection":[{"href":"https:\/\/www.blogseite.com\/geschenke\/wp-json\/wp\/v2\/product"}],"about":[{"href":"https:\/\/www.blogseite.com\/geschenke\/wp-json\/wp\/v2\/types\/product"}],"replies":[{"embeddable":true,"href":"https:\/\/www.blogseite.com\/geschenke\/wp-json\/wp\/v2\/comments?post=935"}],"wp:featuredmedia":[{"embeddable":true,"href":"https:\/\/www.blogseite.com\/geschenke\/wp-json\/wp\/v2\/media\/936"}],"wp:attachment":[{"href":"https:\/\/www.blogseite.com\/geschenke\/wp-json\/wp\/v2\/media?parent=935"}],"wp:term":[{"taxonomy":"product_cat","embeddable":true,"href":"https:\/\/www.blogseite.com\/geschenke\/wp-json\/wp\/v2\/product_cat?post=935"},{"taxonomy":"product_tag","embeddable":true,"href":"https:\/\/www.blogseite.com\/geschenke\/wp-json\/wp\/v2\/product_tag?post=935"}],"curies":[{"name":"wp","href":"https:\/\/api.w.org\/{rel}","templated":true}]}}