{"id":9038,"date":"2022-08-28T18:28:22","date_gmt":"2022-08-28T16:28:22","guid":{"rendered":"https:\/\/www.blogseite.com\/geschenke\/?post_type=product&#038;p=9038"},"modified":"2022-08-28T18:29:49","modified_gmt":"2022-08-28T16:29:49","slug":"cup-verde-mixpaket-100-nachhaltige-kaffeekapseln-kaufen-%f0%9f%98%8a","status":"publish","type":"product","link":"https:\/\/www.blogseite.com\/geschenke\/s\/cup-verde-mixpaket-100-nachhaltige-kaffeekapseln-kaufen-%f0%9f%98%8a\/","title":{"rendered":"CUP VERDE \u2013 Mixpaket 100 nachhaltige Kaffeekapseln kaufen \ud83d\ude0a"},"content":{"rendered":"<ul class=\"a-unordered-list a-vertical a-spacing-mini\">\n<li><span class=\"a-list-item\">\ud83c\udf31 100 Kaffeekapseln Nespresso* kompatibel im gro\u00dfen Mixpaket 100% aus schonend ger\u00f6steten Arabica Kaffeebohnen &#8211; Trommelr\u00f6stung. 34 x CREMA GRANDE, 33 x LUNGO, 33 x ESPRESSO FORTE.<\/span><\/li>\n<li><span class=\"a-list-item\">\ud83c\udf31 Biologisch abbaubar: Kapsel, Deckel und Kaffee. Frei von Plastik, Aluminium, Bisphenol und Gentechnik. Bitte informiere Dich \u00fcber die fachgerechte Verwertung bei Deinem zust\u00e4ndigen Abfall-Entsorgungsunternehmen.<\/span><\/li>\n<li><span class=\"a-list-item\">\ud83c\udf31 Deckel aus Spezialpapier mit sicherer Sauerstoffbarriere. Kein Aromaverlust. Keine extra Verpackung n\u00f6tig. Der R\u00f6stkaffee h\u00e4lt 18 Monate sein herrliches Aroma.<\/span><\/li>\n<li><span class=\"a-list-item\">\ud83c\udf31 Umverpackung und Label aus Recycling Material Platz f\u00fcr 100 Kapseln. Spart viel Verpackungsmaterial. Wenig M\u00fcll \u2013 Viel Geschmack.<\/span><\/li>\n<li><span class=\"a-list-item\">\ud83c\udf31 UTZ zertifizierter Arabica Kaffee aus Brasilien, Guatemala, Honduras und Peru. Abgef\u00fcllt in Deutschland und immer frisch produziert, um CO\u00b2 Emissionen zu sparen und nie etwas zu verschwenden.<\/span><\/li>\n<\/ul>\n","protected":false},"excerpt":{"rendered":"<p>\ud83c\udf31 100 Kaffeekapseln Nespresso* kompatibel im gro\u00dfen Mixpaket 100% aus schonend ger\u00f6steten Arabica Kaffeebohnen &#8211; Trommelr\u00f6stung. 34 x CREMA GRANDE, 33 x LUNGO, 33 x ESPRESSO FORTE. \ud83c\udf31 Biologisch abbaubar: Kapsel, Deckel und Kaffee. Frei von Plastik, Aluminium, Bisphenol und Gentechnik. Bitte informiere Dich \u00fcber die fachgerechte Verwertung bei Deinem zust\u00e4ndigen Abfall-Entsorgungsunternehmen. \ud83c\udf31 Deckel aus [&hellip;]<\/p>\n","protected":false},"featured_media":9039,"comment_status":"open","ping_status":"closed","template":"","meta":[],"product_cat":[78,746,103,74,110,54,116,63,45,108,73,1118,280,426,431,293,292,300,302,70,297,299,295,294,64],"product_tag":[868,1667],"class_list":{"0":"post-9038","1":"product","2":"type-product","3":"status-publish","4":"has-post-thumbnail","6":"product_cat-weihnachtsgeschenke","7":"product_cat--fit-fuer-den-fruehling","8":"product_cat-studenten","9":"product_cat-bester-freund","10":"product_cat-freund","11":"product_cat-vatertag","12":"product_cat-frauen","13":"product_cat-mutter","14":"product_cat-freundin","15":"product_cat-maenner","16":"product_cat-beste-freundin","17":"product_cat--freundin","18":"product_cat-geburtstagsgeschenke","19":"product_cat-nach-preis","20":"product_cat-unter-50-euro","21":"product_cat-geschenk-fuer-bruder","22":"product_cat-sohn","23":"product_cat--kollege","24":"product_cat--jungen","25":"product_cat-geschenke-fuer-jeden-anlass","26":"product_cat--maedchen","27":"product_cat--chef","28":"product_cat--tochter","29":"product_cat--schwester","30":"product_cat-vater","31":"product_tag-kaffee","32":"product_tag-kaffee-geschenk","34":"first","35":"instock","36":"shipping-taxable","37":"product-type-external"},"_links":{"self":[{"href":"https:\/\/www.blogseite.com\/geschenke\/wp-json\/wp\/v2\/product\/9038"}],"collection":[{"href":"https:\/\/www.blogseite.com\/geschenke\/wp-json\/wp\/v2\/product"}],"about":[{"href":"https:\/\/www.blogseite.com\/geschenke\/wp-json\/wp\/v2\/types\/product"}],"replies":[{"embeddable":true,"href":"https:\/\/www.blogseite.com\/geschenke\/wp-json\/wp\/v2\/comments?post=9038"}],"wp:featuredmedia":[{"embeddable":true,"href":"https:\/\/www.blogseite.com\/geschenke\/wp-json\/wp\/v2\/media\/9039"}],"wp:attachment":[{"href":"https:\/\/www.blogseite.com\/geschenke\/wp-json\/wp\/v2\/media?parent=9038"}],"wp:term":[{"taxonomy":"product_cat","embeddable":true,"href":"https:\/\/www.blogseite.com\/geschenke\/wp-json\/wp\/v2\/product_cat?post=9038"},{"taxonomy":"product_tag","embeddable":true,"href":"https:\/\/www.blogseite.com\/geschenke\/wp-json\/wp\/v2\/product_tag?post=9038"}],"curies":[{"name":"wp","href":"https:\/\/api.w.org\/{rel}","templated":true}]}}