{"id":9000,"date":"2022-08-28T11:05:18","date_gmt":"2022-08-28T09:05:18","guid":{"rendered":"https:\/\/www.blogseite.com\/geschenke\/?post_type=product&#038;p=9000"},"modified":"2022-08-28T11:06:54","modified_gmt":"2022-08-28T09:06:54","slug":"taste-box-mycoffeebag-mit-allen-sorten-kaufen-%f0%9f%98%8a","status":"publish","type":"product","link":"https:\/\/www.blogseite.com\/geschenke\/s\/taste-box-mycoffeebag-mit-allen-sorten-kaufen-%f0%9f%98%8a\/","title":{"rendered":"Taste-Box mycoffeebag mit allen Sorten kaufen \ud83d\ude0a"},"content":{"rendered":"<ul class=\"a-unordered-list a-vertical a-spacing-mini\">\n<li><span class=\"a-list-item\">\u2615\ufe0f Miniaturkaffeefilter f\u00fcr die einzelne Tasse bef\u00fcllt mit hochwertigem Filterkaffee<\/span><\/li>\n<li><span class=\"a-list-item\">\ud83d\udd58 Alle unsere Kaffees sind im schonenden Langzeitverfahren trommelger\u00f6stet<\/span><\/li>\n<li><span class=\"a-list-item\">\ud83d\ude0d Inhalt: Unsere beliebtesten Kaffees: 13 einzelne Drip Coffee Bags, 8 unterschiedliche Sorten<\/span><\/li>\n<li><span class=\"a-list-item\">\ud83c\udf43 MyCoffeebag ist BIO-zertifiziert: DE-\u00d6KO-001 (NICHT-EU-Landwirtschaft)<\/span><\/li>\n<li><span class=\"a-list-item\">\ud83c\udf81 Ideal auch als Geschenk geeignet &#8211; dank wundersch\u00f6ner Verpackung<\/span><\/li>\n<li><span class=\"a-list-item\">\ud83d\udc4c Ganz einfach zu handhaben: Coffeebag \u00f6ffnen, die Papierfl\u00fcgel auf die Tasse aufsetzen, mit hei\u00dfem Wasser \u00fcbergie\u00dfen und genie\u00dfen<\/span><\/li>\n<\/ul>\n","protected":false},"excerpt":{"rendered":"<p>\u2615\ufe0f Miniaturkaffeefilter f\u00fcr die einzelne Tasse bef\u00fcllt mit hochwertigem Filterkaffee \ud83d\udd58 Alle unsere Kaffees sind im schonenden Langzeitverfahren trommelger\u00f6stet \ud83d\ude0d Inhalt: Unsere beliebtesten Kaffees: 13 einzelne Drip Coffee Bags, 8 unterschiedliche Sorten \ud83c\udf43 MyCoffeebag ist BIO-zertifiziert: DE-\u00d6KO-001 (NICHT-EU-Landwirtschaft) \ud83c\udf81 Ideal auch als Geschenk geeignet &#8211; dank wundersch\u00f6ner Verpackung \ud83d\udc4c Ganz einfach zu handhaben: Coffeebag \u00f6ffnen, [&hellip;]<\/p>\n","protected":false},"featured_media":9001,"comment_status":"open","ping_status":"closed","template":"","meta":[],"product_cat":[78,746,103,74,110,54,116,63,45,108,73,1118,280,426,431,293,292,300,302,70,297,299,295,294,64],"product_tag":[868,1667],"class_list":{"0":"post-9000","1":"product","2":"type-product","3":"status-publish","4":"has-post-thumbnail","6":"product_cat-weihnachtsgeschenke","7":"product_cat--fit-fuer-den-fruehling","8":"product_cat-studenten","9":"product_cat-bester-freund","10":"product_cat-freund","11":"product_cat-vatertag","12":"product_cat-frauen","13":"product_cat-mutter","14":"product_cat-freundin","15":"product_cat-maenner","16":"product_cat-beste-freundin","17":"product_cat--freundin","18":"product_cat-geburtstagsgeschenke","19":"product_cat-nach-preis","20":"product_cat-unter-50-euro","21":"product_cat-geschenk-fuer-bruder","22":"product_cat-sohn","23":"product_cat--kollege","24":"product_cat--jungen","25":"product_cat-geschenke-fuer-jeden-anlass","26":"product_cat--maedchen","27":"product_cat--chef","28":"product_cat--tochter","29":"product_cat--schwester","30":"product_cat-vater","31":"product_tag-kaffee","32":"product_tag-kaffee-geschenk","34":"first","35":"instock","36":"shipping-taxable","37":"product-type-external"},"_links":{"self":[{"href":"https:\/\/www.blogseite.com\/geschenke\/wp-json\/wp\/v2\/product\/9000"}],"collection":[{"href":"https:\/\/www.blogseite.com\/geschenke\/wp-json\/wp\/v2\/product"}],"about":[{"href":"https:\/\/www.blogseite.com\/geschenke\/wp-json\/wp\/v2\/types\/product"}],"replies":[{"embeddable":true,"href":"https:\/\/www.blogseite.com\/geschenke\/wp-json\/wp\/v2\/comments?post=9000"}],"wp:featuredmedia":[{"embeddable":true,"href":"https:\/\/www.blogseite.com\/geschenke\/wp-json\/wp\/v2\/media\/9001"}],"wp:attachment":[{"href":"https:\/\/www.blogseite.com\/geschenke\/wp-json\/wp\/v2\/media?parent=9000"}],"wp:term":[{"taxonomy":"product_cat","embeddable":true,"href":"https:\/\/www.blogseite.com\/geschenke\/wp-json\/wp\/v2\/product_cat?post=9000"},{"taxonomy":"product_tag","embeddable":true,"href":"https:\/\/www.blogseite.com\/geschenke\/wp-json\/wp\/v2\/product_tag?post=9000"}],"curies":[{"name":"wp","href":"https:\/\/api.w.org\/{rel}","templated":true}]}}