{"id":8960,"date":"2022-08-27T10:21:59","date_gmt":"2022-08-27T08:21:59","guid":{"rendered":"https:\/\/www.blogseite.com\/geschenke\/?post_type=product&#038;p=8960"},"modified":"2022-08-27T10:23:55","modified_gmt":"2022-08-27T08:23:55","slug":"latec-digitaler-wecker-mit-grosse-led-kaufen-%f0%9f%98%8d","status":"publish","type":"product","link":"https:\/\/www.blogseite.com\/geschenke\/s\/latec-digitaler-wecker-mit-grosse-led-kaufen-%f0%9f%98%8d\/","title":{"rendered":"LATEC Digitaler Wecker mit Gro\u00dfe LED kaufen \ud83d\ude0d"},"content":{"rendered":"<ul class=\"a-unordered-list a-vertical a-spacing-none\">\n<li class=\"a-spacing-small\"><span class=\"a-list-item a-size-base\">Gro\u00dfe LED-Anzeige: Dieser digitale Wecker verf\u00fcgt \u00fcber ein 5,6-Zoll-gro\u00dfes LED-Spiegeldisplay,das das Ablesen erleichtert; Einer der besten Wecker f\u00fcr Schlafzimmer aufgrund seiner Einfachheit,Mit dieser Premium-Digitaluhr werden Sie jeden Morgen gerne aufwachen<\/span><\/li>\n<li class=\"a-spacing-small\"><span class=\"a-list-item a-size-base\">USB-Stromversorgung und Eingebaute Pufferbatterie: Diese Nachttischuhr enth\u00e4lt ein USB-Ladekabel,damit Sie sie bequem mit Strom versorgen k\u00f6nnen. Eine eingebaute Knopfbatterie zum Speichern Ihrer Uhreinstellungen bei Stromausfall; Die Zeitanzeige unterst\u00fctzt sowohl das 12-Stunden- als auch das 24-Stunden-Format<\/span><\/li>\n<li class=\"a-spacing-small\"><span class=\"a-list-item a-size-base\">Doppelalarme mit Schlummerfunktion: Mit zwei Alarmen k\u00f6nnen zwei separate Weckzeiten eingestellt werden. Snooze-Zeit kann eingestellt werden,m\u00fcssen nicht manuell den Wecker ausschalten. Wecken Sie zu verschiedenen Zeiten,machen Sie Ihr Leben einfach und bequemer<\/span><\/li>\n<li class=\"a-spacing-small\"><span class=\"a-list-item a-size-base\">Einstellbare Helligkeit: 4 Helligkeitsstufen einstellbar. LED-Gro\u00dfanzeige,klare und komfortable visuelle Wahrnehmung,automatische Dimmung von 10:00pm bis 6:00am Uhr. Wenn ein USB-Kabel angeschlossen ist,leuchtet die LED immer. Durch Dr\u00fccken der Taste &#8220;SNOOZELIGHT&#8221; kann das Display 5 Sekunden lang beleuchtet werden<\/span><\/li>\n<li class=\"a-spacing-small\"><span class=\"a-list-item a-size-base\">Stilvoll und Einfaches Design: Gr\u00f6\u00dfe: 14.5\u00d76.5\u00d73.2 CM (5.7\u00d72.56\u00d71.26 inch),Der stilvolle und einfache Mini-Spiegelwecker kann Ihr Schlafzimmer und Wohnzimmer schm\u00fccken,kann aber bei Bedarf auch als Spiegel verwendet werden. LATEC bietet lebenslange Garantie<\/span><\/li>\n<\/ul>\n","protected":false},"excerpt":{"rendered":"<p>Gro\u00dfe LED-Anzeige: Dieser digitale Wecker verf\u00fcgt \u00fcber ein 5,6-Zoll-gro\u00dfes LED-Spiegeldisplay,das das Ablesen erleichtert; Einer der besten Wecker f\u00fcr Schlafzimmer aufgrund seiner Einfachheit,Mit dieser Premium-Digitaluhr werden Sie jeden Morgen gerne aufwachen USB-Stromversorgung und Eingebaute Pufferbatterie: Diese Nachttischuhr enth\u00e4lt ein USB-Ladekabel,damit Sie sie bequem mit Strom versorgen k\u00f6nnen. Eine eingebaute Knopfbatterie zum Speichern Ihrer Uhreinstellungen bei Stromausfall; [&hellip;]<\/p>\n","protected":false},"featured_media":8961,"comment_status":"open","ping_status":"closed","template":"","meta":[],"product_cat":[78,746,103,74,110,54,116,63,45,108,73,1118,280,426,431,293,292,300,302,70,297,299,295,294,64],"product_tag":[513],"class_list":{"0":"post-8960","1":"product","2":"type-product","3":"status-publish","4":"has-post-thumbnail","6":"product_cat-weihnachtsgeschenke","7":"product_cat--fit-fuer-den-fruehling","8":"product_cat-studenten","9":"product_cat-bester-freund","10":"product_cat-freund","11":"product_cat-vatertag","12":"product_cat-frauen","13":"product_cat-mutter","14":"product_cat-freundin","15":"product_cat-maenner","16":"product_cat-beste-freundin","17":"product_cat--freundin","18":"product_cat-geburtstagsgeschenke","19":"product_cat-nach-preis","20":"product_cat-unter-50-euro","21":"product_cat-geschenk-fuer-bruder","22":"product_cat-sohn","23":"product_cat--kollege","24":"product_cat--jungen","25":"product_cat-geschenke-fuer-jeden-anlass","26":"product_cat--maedchen","27":"product_cat--chef","28":"product_cat--tochter","29":"product_cat--schwester","30":"product_cat-vater","31":"product_tag-uhr","33":"first","34":"instock","35":"shipping-taxable","36":"product-type-external"},"_links":{"self":[{"href":"https:\/\/www.blogseite.com\/geschenke\/wp-json\/wp\/v2\/product\/8960"}],"collection":[{"href":"https:\/\/www.blogseite.com\/geschenke\/wp-json\/wp\/v2\/product"}],"about":[{"href":"https:\/\/www.blogseite.com\/geschenke\/wp-json\/wp\/v2\/types\/product"}],"replies":[{"embeddable":true,"href":"https:\/\/www.blogseite.com\/geschenke\/wp-json\/wp\/v2\/comments?post=8960"}],"wp:featuredmedia":[{"embeddable":true,"href":"https:\/\/www.blogseite.com\/geschenke\/wp-json\/wp\/v2\/media\/8961"}],"wp:attachment":[{"href":"https:\/\/www.blogseite.com\/geschenke\/wp-json\/wp\/v2\/media?parent=8960"}],"wp:term":[{"taxonomy":"product_cat","embeddable":true,"href":"https:\/\/www.blogseite.com\/geschenke\/wp-json\/wp\/v2\/product_cat?post=8960"},{"taxonomy":"product_tag","embeddable":true,"href":"https:\/\/www.blogseite.com\/geschenke\/wp-json\/wp\/v2\/product_tag?post=8960"}],"curies":[{"name":"wp","href":"https:\/\/api.w.org\/{rel}","templated":true}]}}