{"id":8948,"date":"2022-08-26T12:46:51","date_gmt":"2022-08-26T10:46:51","guid":{"rendered":"https:\/\/www.blogseite.com\/geschenke\/?post_type=product&#038;p=8948"},"modified":"2022-08-26T12:52:38","modified_gmt":"2022-08-26T10:52:38","slug":"sandbilderrahmen-sandbild-blue-ocean","status":"publish","type":"product","link":"https:\/\/www.blogseite.com\/geschenke\/s\/sandbilderrahmen-sandbild-blue-ocean\/","title":{"rendered":"Sandbilderrahmen: Sandbild Blue Ocean kaufen \ud83d\ude19"},"content":{"rendered":"<ul class=\"a-unordered-list a-vertical a-spacing-mini\">\n<li><span class=\"a-list-item\">Einfach herrlich zum Zuschauen, Tr\u00e4umen und sich treiben lassen \u2022 Harmonische Farbmischung: Blau- und T\u00fcrkist\u00f6ne \u2022 Schwenkbarer St\u00e4nder aus Metall \u2022 Gesamtma\u00dfe mit Rahmen 32 x 4 x 22cm<\/span><\/li>\n<li><span class=\"a-list-item\">Harmonische Farbmischung: Blau- und T\u00fcrkist\u00f6ne<\/span><\/li>\n<li><span class=\"a-list-item\">Schwenkbarer St\u00e4nder aus Metall<\/span><\/li>\n<li><span class=\"a-list-item\">Rechteckiges Sandbild mit 30,5 x 20 cm<\/span><\/li>\n<li><span class=\"a-list-item\">Gesamtma\u00dfe mit Rahmen 320 x 40 x 220 mm. Sandbilder im Rahmen &#8211; Au\u00dferdem relevant oder passend zu: Bilderrahmen, Mitbringsel, Standbilder, Standbild, Sandspiel, Geschenk, Leinwand, Drehen, Spiele, Bild<\/span><\/li>\n<\/ul>\n","protected":false},"excerpt":{"rendered":"<p>Einfach herrlich zum Zuschauen, Tr\u00e4umen und sich treiben lassen \u2022 Harmonische Farbmischung: Blau- und T\u00fcrkist\u00f6ne \u2022 Schwenkbarer St\u00e4nder aus Metall \u2022 Gesamtma\u00dfe mit Rahmen 32 x 4 x 22cm Harmonische Farbmischung: Blau- und T\u00fcrkist\u00f6ne Schwenkbarer St\u00e4nder aus Metall Rechteckiges Sandbild mit 30,5 x 20 cm Gesamtma\u00dfe mit Rahmen 320 x 40 x 220 mm. Sandbilder [&hellip;]<\/p>\n","protected":false},"featured_media":8949,"comment_status":"open","ping_status":"closed","template":"","meta":[],"product_cat":[78,746,103,74,110,54,116,63,45,108,73,1118,280,426,431,293,292,300,302,70,297,299,295,294,64],"product_tag":[1662],"class_list":{"0":"post-8948","1":"product","2":"type-product","3":"status-publish","4":"has-post-thumbnail","6":"product_cat-weihnachtsgeschenke","7":"product_cat--fit-fuer-den-fruehling","8":"product_cat-studenten","9":"product_cat-bester-freund","10":"product_cat-freund","11":"product_cat-vatertag","12":"product_cat-frauen","13":"product_cat-mutter","14":"product_cat-freundin","15":"product_cat-maenner","16":"product_cat-beste-freundin","17":"product_cat--freundin","18":"product_cat-geburtstagsgeschenke","19":"product_cat-nach-preis","20":"product_cat-unter-50-euro","21":"product_cat-geschenk-fuer-bruder","22":"product_cat-sohn","23":"product_cat--kollege","24":"product_cat--jungen","25":"product_cat-geschenke-fuer-jeden-anlass","26":"product_cat--maedchen","27":"product_cat--chef","28":"product_cat--tochter","29":"product_cat--schwester","30":"product_cat-vater","31":"product_tag-sanduhr","33":"first","34":"instock","35":"shipping-taxable","36":"product-type-external"},"_links":{"self":[{"href":"https:\/\/www.blogseite.com\/geschenke\/wp-json\/wp\/v2\/product\/8948"}],"collection":[{"href":"https:\/\/www.blogseite.com\/geschenke\/wp-json\/wp\/v2\/product"}],"about":[{"href":"https:\/\/www.blogseite.com\/geschenke\/wp-json\/wp\/v2\/types\/product"}],"replies":[{"embeddable":true,"href":"https:\/\/www.blogseite.com\/geschenke\/wp-json\/wp\/v2\/comments?post=8948"}],"wp:featuredmedia":[{"embeddable":true,"href":"https:\/\/www.blogseite.com\/geschenke\/wp-json\/wp\/v2\/media\/8949"}],"wp:attachment":[{"href":"https:\/\/www.blogseite.com\/geschenke\/wp-json\/wp\/v2\/media?parent=8948"}],"wp:term":[{"taxonomy":"product_cat","embeddable":true,"href":"https:\/\/www.blogseite.com\/geschenke\/wp-json\/wp\/v2\/product_cat?post=8948"},{"taxonomy":"product_tag","embeddable":true,"href":"https:\/\/www.blogseite.com\/geschenke\/wp-json\/wp\/v2\/product_tag?post=8948"}],"curies":[{"name":"wp","href":"https:\/\/api.w.org\/{rel}","templated":true}]}}