{"id":8663,"date":"2022-08-21T11:24:00","date_gmt":"2022-08-21T09:24:00","guid":{"rendered":"https:\/\/www.blogseite.com\/geschenke\/?post_type=product&#038;p=8663"},"modified":"2022-08-21T11:25:29","modified_gmt":"2022-08-21T09:25:29","slug":"schwangerschaftstagebuch-i-tagebuch-%f0%9f%98%8d-kaufen","status":"publish","type":"product","link":"https:\/\/www.blogseite.com\/geschenke\/s\/schwangerschaftstagebuch-i-tagebuch-%f0%9f%98%8d-kaufen\/","title":{"rendered":"Schwangerschaftstagebuch I Tagebuch \ud83d\ude0d kaufen"},"content":{"rendered":"<ul class=\"a-unordered-list a-vertical a-spacing-mini\">\n<li><span class=\"a-list-item\">\u2665 ERINNERUNGSSCHATZ &#8211; 84 Seiten \u00fcberzeugen durch ihr stilvolles Design und ihre liebevolle Gestaltung. Sie bieten ausreichend Platz zum Ausf\u00fcllen, Selbstgestalten und f\u00fcr die sch\u00f6nsten Fotos und Erinnerungen der Schwangerschaft.<\/span><\/li>\n<li><span class=\"a-list-item\">\u2665 QUALIT\u00c4T &#8211; Das Eintragalbum im DIN A4-Format mit stabilem Hardcover-Einband, Fadenbindung und hochwertigem Naturpapier zeichnen dieses Schwangerschaftstagebuch aus.<\/span><\/li>\n<li><span class=\"a-list-item\">\u2665 GESCHENKIDEE &#8211; f\u00fcr die beste Freundin, Schwester oder Arbeitskollegin &#8211; Dieses Album f\u00fcr die Schwangerschaft eignet sich hervorragend als Geschenk f\u00fcr die werdende Mama.<\/span><\/li>\n<li><span class=\"a-list-item\">\u2665 MADE IN GERMANY &#8211; Himmel.Herz.Papier ist ein junges deutsches Familienunternehmen. Wir gestalten unsere Produkte selbst und lassen diese regional in Deutschland drucken.<\/span><\/li>\n<li><span class=\"a-list-item\">\u2665 100% GELD-ZUR\u00dcCK &#8211; Wir von Himmel.Herz.Papier vertrauen in unsere Qualit\u00e4t und m\u00f6chten Ihnen deshalb einen absolut risikofreien Kauf erm\u00f6glichen. Sollten Sie nach 30 Tagen nicht zu 100,0% zufrieden sein, erhalten Sie Ihr Geld zur\u00fcck!<\/span><\/li>\n<\/ul>\n","protected":false},"excerpt":{"rendered":"<p>\u2665 ERINNERUNGSSCHATZ &#8211; 84 Seiten \u00fcberzeugen durch ihr stilvolles Design und ihre liebevolle Gestaltung. Sie bieten ausreichend Platz zum Ausf\u00fcllen, Selbstgestalten und f\u00fcr die sch\u00f6nsten Fotos und Erinnerungen der Schwangerschaft. \u2665 QUALIT\u00c4T &#8211; Das Eintragalbum im DIN A4-Format mit stabilem Hardcover-Einband, Fadenbindung und hochwertigem Naturpapier zeichnen dieses Schwangerschaftstagebuch aus. \u2665 GESCHENKIDEE &#8211; f\u00fcr die beste [&hellip;]<\/p>\n","protected":false},"featured_media":8664,"comment_status":"open","ping_status":"closed","template":"","meta":[],"product_cat":[1652,426,431],"product_tag":[1655],"class_list":{"0":"post-8663","1":"product","2":"type-product","3":"status-publish","4":"has-post-thumbnail","6":"product_cat-werdende-mutter","7":"product_cat-nach-preis","8":"product_cat-unter-50-euro","9":"product_tag-schwangerschaftsbuch","11":"first","12":"instock","13":"shipping-taxable","14":"product-type-external"},"_links":{"self":[{"href":"https:\/\/www.blogseite.com\/geschenke\/wp-json\/wp\/v2\/product\/8663"}],"collection":[{"href":"https:\/\/www.blogseite.com\/geschenke\/wp-json\/wp\/v2\/product"}],"about":[{"href":"https:\/\/www.blogseite.com\/geschenke\/wp-json\/wp\/v2\/types\/product"}],"replies":[{"embeddable":true,"href":"https:\/\/www.blogseite.com\/geschenke\/wp-json\/wp\/v2\/comments?post=8663"}],"wp:featuredmedia":[{"embeddable":true,"href":"https:\/\/www.blogseite.com\/geschenke\/wp-json\/wp\/v2\/media\/8664"}],"wp:attachment":[{"href":"https:\/\/www.blogseite.com\/geschenke\/wp-json\/wp\/v2\/media?parent=8663"}],"wp:term":[{"taxonomy":"product_cat","embeddable":true,"href":"https:\/\/www.blogseite.com\/geschenke\/wp-json\/wp\/v2\/product_cat?post=8663"},{"taxonomy":"product_tag","embeddable":true,"href":"https:\/\/www.blogseite.com\/geschenke\/wp-json\/wp\/v2\/product_tag?post=8663"}],"curies":[{"name":"wp","href":"https:\/\/api.w.org\/{rel}","templated":true}]}}