{"id":8643,"date":"2022-08-21T10:56:13","date_gmt":"2022-08-21T08:56:13","guid":{"rendered":"https:\/\/www.blogseite.com\/geschenke\/?post_type=product&#038;p=8643"},"modified":"2022-08-21T10:58:45","modified_gmt":"2022-08-21T08:58:45","slug":"kreativ-und-gluecklich-durch-die-schwangerschaft-kaufen-%f0%9f%98%8d","status":"publish","type":"product","link":"https:\/\/www.blogseite.com\/geschenke\/s\/kreativ-und-gluecklich-durch-die-schwangerschaft-kaufen-%f0%9f%98%8d\/","title":{"rendered":"Kreativ und gl\u00fccklich durch die Schwangerschaft kaufen \ud83d\ude0d"},"content":{"rendered":"<p>Dann wird dich das Buch dabei unterst\u00fctzen deine Kugelzeit zu einer der unvergesslichsten Erlebnisse deines Lebens zu machen. Denn eines ist klar: Diese einzigartige Zeit, indem eine Frau ein\u00a0<span class=\"a-text-bold\">Wunder im Bauch<\/span>\u00a0tr\u00e4gt, geht viel zu schnell vorbei. Deshalb ist es wichtig, die Schwangerschaft besonders zu genie\u00dfen und in vollen Z\u00fcgen auszukosten \u2013\u00a0<span class=\"a-text-bold\">dir und deinem Baby zuliebe!<\/span><\/p>\n","protected":false},"excerpt":{"rendered":"<p>Dann wird dich das Buch dabei unterst\u00fctzen deine Kugelzeit zu einer der unvergesslichsten Erlebnisse deines Lebens zu machen. Denn eines ist klar: Diese einzigartige Zeit, indem eine Frau ein\u00a0Wunder im Bauch\u00a0tr\u00e4gt, geht viel zu schnell vorbei. Deshalb ist es wichtig, die Schwangerschaft besonders zu genie\u00dfen und in vollen Z\u00fcgen auszukosten \u2013\u00a0dir und deinem Baby zuliebe!<\/p>\n","protected":false},"featured_media":8644,"comment_status":"open","ping_status":"closed","template":"","meta":[],"product_cat":[1652,426,431],"product_tag":[1655],"class_list":{"0":"post-8643","1":"product","2":"type-product","3":"status-publish","4":"has-post-thumbnail","6":"product_cat-werdende-mutter","7":"product_cat-nach-preis","8":"product_cat-unter-50-euro","9":"product_tag-schwangerschaftsbuch","11":"first","12":"instock","13":"shipping-taxable","14":"product-type-external"},"_links":{"self":[{"href":"https:\/\/www.blogseite.com\/geschenke\/wp-json\/wp\/v2\/product\/8643"}],"collection":[{"href":"https:\/\/www.blogseite.com\/geschenke\/wp-json\/wp\/v2\/product"}],"about":[{"href":"https:\/\/www.blogseite.com\/geschenke\/wp-json\/wp\/v2\/types\/product"}],"replies":[{"embeddable":true,"href":"https:\/\/www.blogseite.com\/geschenke\/wp-json\/wp\/v2\/comments?post=8643"}],"wp:featuredmedia":[{"embeddable":true,"href":"https:\/\/www.blogseite.com\/geschenke\/wp-json\/wp\/v2\/media\/8644"}],"wp:attachment":[{"href":"https:\/\/www.blogseite.com\/geschenke\/wp-json\/wp\/v2\/media?parent=8643"}],"wp:term":[{"taxonomy":"product_cat","embeddable":true,"href":"https:\/\/www.blogseite.com\/geschenke\/wp-json\/wp\/v2\/product_cat?post=8643"},{"taxonomy":"product_tag","embeddable":true,"href":"https:\/\/www.blogseite.com\/geschenke\/wp-json\/wp\/v2\/product_tag?post=8643"}],"curies":[{"name":"wp","href":"https:\/\/api.w.org\/{rel}","templated":true}]}}