{"id":8403,"date":"2022-08-12T19:39:07","date_gmt":"2022-08-12T17:39:07","guid":{"rendered":"https:\/\/www.blogseite.com\/geschenke\/?post_type=product&#038;p=8403"},"modified":"2022-08-12T19:41:54","modified_gmt":"2022-08-12T17:41:54","slug":"lindt-schokolade-lindor-kaufen-%f0%9f%98%9a","status":"publish","type":"product","link":"https:\/\/www.blogseite.com\/geschenke\/s\/lindt-schokolade-lindor-kaufen-%f0%9f%98%9a\/","title":{"rendered":"Lindt Schokolade LINDOR kaufen \ud83d\ude1a"},"content":{"rendered":"<ul class=\"a-unordered-list a-vertical a-spacing-mini\">\n<li><span class=\"a-list-item\">Lindt LINDOR &#8211; 4 Sorten zartschmelzende Schokoladenkugeln in Geschenkpackung, 323 g<\/span><\/li>\n<li><span class=\"a-list-item\">Schmelzen Sie dahin vor Gl\u00fcck &#8211; mit unseren legend\u00e4ren LINDOR Kugeln Vollmilch, Wei\u00df, Dark 60%, Haselnuss<\/span><\/li>\n<li><span class=\"a-list-item\">Aus feinsten Zutaten, darunter Kakaobohnen aus nachhaltigem Anbau<\/span><\/li>\n<li><span class=\"a-list-item\">Seit 1845 verw\u00f6hnt Lindt seine Kunden mit Qualit\u00e4tsprodukten<\/span><\/li>\n<li><span class=\"a-list-item\">Dank jahrzehntelanger Erfahrung kreieren die Ma\u00eetres Chocolatiers Schweizer Schokolade in Perfektion<\/span><\/li>\n<li><span class=\"a-list-item\">Die 4 zartschmelzenden LINDOR Sorten in der sch\u00f6nen Kissenpackung mit Geschenkschleife eignen sich hervorragend als tolles Schokoladen Geschenk. Sie k\u00f6nnen wunderbar mit den Liebsten geteilt oder einfach verschenkt werden. Auch zum Dekorieren oder bef\u00fcllen von Adventskalendern<\/span><\/li>\n<\/ul>\n","protected":false},"excerpt":{"rendered":"<p>Lindt LINDOR &#8211; 4 Sorten zartschmelzende Schokoladenkugeln in Geschenkpackung, 323 g Schmelzen Sie dahin vor Gl\u00fcck &#8211; mit unseren legend\u00e4ren LINDOR Kugeln Vollmilch, Wei\u00df, Dark 60%, Haselnuss Aus feinsten Zutaten, darunter Kakaobohnen aus nachhaltigem Anbau Seit 1845 verw\u00f6hnt Lindt seine Kunden mit Qualit\u00e4tsprodukten Dank jahrzehntelanger Erfahrung kreieren die Ma\u00eetres Chocolatiers Schweizer Schokolade in Perfektion Die [&hellip;]<\/p>\n","protected":false},"featured_media":8404,"comment_status":"open","ping_status":"closed","template":"","meta":[],"product_cat":[78,746,103,74,110,54,116,63,45,108,73,1118,280,426,431,293,292,300,302,70,297,299,295,294,64],"product_tag":[585,1627],"class_list":{"0":"post-8403","1":"product","2":"type-product","3":"status-publish","4":"has-post-thumbnail","6":"product_cat-weihnachtsgeschenke","7":"product_cat--fit-fuer-den-fruehling","8":"product_cat-studenten","9":"product_cat-bester-freund","10":"product_cat-freund","11":"product_cat-vatertag","12":"product_cat-frauen","13":"product_cat-mutter","14":"product_cat-freundin","15":"product_cat-maenner","16":"product_cat-beste-freundin","17":"product_cat--freundin","18":"product_cat-geburtstagsgeschenke","19":"product_cat-nach-preis","20":"product_cat-unter-50-euro","21":"product_cat-geschenk-fuer-bruder","22":"product_cat-sohn","23":"product_cat--kollege","24":"product_cat--jungen","25":"product_cat-geschenke-fuer-jeden-anlass","26":"product_cat--maedchen","27":"product_cat--chef","28":"product_cat--tochter","29":"product_cat--schwester","30":"product_cat-vater","31":"product_tag-pralinen","32":"product_tag-suessigkeiten","34":"first","35":"instock","36":"shipping-taxable","37":"product-type-external"},"_links":{"self":[{"href":"https:\/\/www.blogseite.com\/geschenke\/wp-json\/wp\/v2\/product\/8403"}],"collection":[{"href":"https:\/\/www.blogseite.com\/geschenke\/wp-json\/wp\/v2\/product"}],"about":[{"href":"https:\/\/www.blogseite.com\/geschenke\/wp-json\/wp\/v2\/types\/product"}],"replies":[{"embeddable":true,"href":"https:\/\/www.blogseite.com\/geschenke\/wp-json\/wp\/v2\/comments?post=8403"}],"wp:featuredmedia":[{"embeddable":true,"href":"https:\/\/www.blogseite.com\/geschenke\/wp-json\/wp\/v2\/media\/8404"}],"wp:attachment":[{"href":"https:\/\/www.blogseite.com\/geschenke\/wp-json\/wp\/v2\/media?parent=8403"}],"wp:term":[{"taxonomy":"product_cat","embeddable":true,"href":"https:\/\/www.blogseite.com\/geschenke\/wp-json\/wp\/v2\/product_cat?post=8403"},{"taxonomy":"product_tag","embeddable":true,"href":"https:\/\/www.blogseite.com\/geschenke\/wp-json\/wp\/v2\/product_tag?post=8403"}],"curies":[{"name":"wp","href":"https:\/\/api.w.org\/{rel}","templated":true}]}}