{"id":8385,"date":"2022-08-12T17:32:28","date_gmt":"2022-08-12T15:32:28","guid":{"rendered":"https:\/\/www.blogseite.com\/geschenke\/?post_type=product&#038;p=8385"},"modified":"2022-08-12T17:33:18","modified_gmt":"2022-08-12T15:33:18","slug":"lindt-schokolade-knusper-minis-kaufen-%f0%9f%98%98","status":"publish","type":"product","link":"https:\/\/www.blogseite.com\/geschenke\/s\/lindt-schokolade-knusper-minis-kaufen-%f0%9f%98%98\/","title":{"rendered":"Lindt Schokolade Knusper Minis kaufen \ud83d\ude18"},"content":{"rendered":"<ul class=\"a-unordered-list a-vertical a-spacing-mini\">\n<li><span class=\"a-list-item\">Genie\u00dfen Sie diese au\u00dfergew\u00f6hnlich feinen Spezialit\u00e4ten in vier Variationen zum Kaffee und in geselliger Runde &#8211; oder als kleines Naschwerk einfach nur so<\/span><\/li>\n<li><span class=\"a-list-item\">F\u00fcr jeden Schokoladenliebhaber die richtige Sorte: Ger\u00f6stete Mandeln in Vanillecreme, Cappuccino-Creme mit knusprigem Kern, Knusperkugel in Caramelcreme, Ger\u00f6stete Haselnuss in Nougat und Milchschokolade<\/span><\/li>\n<li><span class=\"a-list-item\">Genie\u00dfer-Box: Ideal als kleine Aufmerksamkeit, Schokoladen-Geschenk, f\u00fcr&#8217;s B\u00fcro, als Mitarbeiter-Pr\u00e4sent oder f\u00fcr die eigene Familie<\/span><\/li>\n<li><span class=\"a-list-item\">Eine unvergleichliche Cr\u00e9ation der Ma\u00eetres Chocolatiers von Lindt<\/span><\/li>\n<li><span class=\"a-list-item\">Inhalt: 18 x Cappuccino-Crisp je 2,4g, 18 x Caramel-Crisp je 2,4g, 12 x Haselnuss in Nougat je 5g, 12 x Mandel-Vanille je 5g<\/span><\/li>\n<\/ul>\n","protected":false},"excerpt":{"rendered":"<p>Genie\u00dfen Sie diese au\u00dfergew\u00f6hnlich feinen Spezialit\u00e4ten in vier Variationen zum Kaffee und in geselliger Runde &#8211; oder als kleines Naschwerk einfach nur so F\u00fcr jeden Schokoladenliebhaber die richtige Sorte: Ger\u00f6stete Mandeln in Vanillecreme, Cappuccino-Creme mit knusprigem Kern, Knusperkugel in Caramelcreme, Ger\u00f6stete Haselnuss in Nougat und Milchschokolade Genie\u00dfer-Box: Ideal als kleine Aufmerksamkeit, Schokoladen-Geschenk, f\u00fcr&#8217;s B\u00fcro, als [&hellip;]<\/p>\n","protected":false},"featured_media":8386,"comment_status":"open","ping_status":"closed","template":"","meta":[],"product_cat":[78,746,103,74,110,54,116,63,45,108,73,1118,280,426,431,293,292,300,302,70,297,299,295,294,64],"product_tag":[585,1627],"class_list":{"0":"post-8385","1":"product","2":"type-product","3":"status-publish","4":"has-post-thumbnail","6":"product_cat-weihnachtsgeschenke","7":"product_cat--fit-fuer-den-fruehling","8":"product_cat-studenten","9":"product_cat-bester-freund","10":"product_cat-freund","11":"product_cat-vatertag","12":"product_cat-frauen","13":"product_cat-mutter","14":"product_cat-freundin","15":"product_cat-maenner","16":"product_cat-beste-freundin","17":"product_cat--freundin","18":"product_cat-geburtstagsgeschenke","19":"product_cat-nach-preis","20":"product_cat-unter-50-euro","21":"product_cat-geschenk-fuer-bruder","22":"product_cat-sohn","23":"product_cat--kollege","24":"product_cat--jungen","25":"product_cat-geschenke-fuer-jeden-anlass","26":"product_cat--maedchen","27":"product_cat--chef","28":"product_cat--tochter","29":"product_cat--schwester","30":"product_cat-vater","31":"product_tag-pralinen","32":"product_tag-suessigkeiten","34":"first","35":"instock","36":"shipping-taxable","37":"product-type-external"},"_links":{"self":[{"href":"https:\/\/www.blogseite.com\/geschenke\/wp-json\/wp\/v2\/product\/8385"}],"collection":[{"href":"https:\/\/www.blogseite.com\/geschenke\/wp-json\/wp\/v2\/product"}],"about":[{"href":"https:\/\/www.blogseite.com\/geschenke\/wp-json\/wp\/v2\/types\/product"}],"replies":[{"embeddable":true,"href":"https:\/\/www.blogseite.com\/geschenke\/wp-json\/wp\/v2\/comments?post=8385"}],"wp:featuredmedia":[{"embeddable":true,"href":"https:\/\/www.blogseite.com\/geschenke\/wp-json\/wp\/v2\/media\/8386"}],"wp:attachment":[{"href":"https:\/\/www.blogseite.com\/geschenke\/wp-json\/wp\/v2\/media?parent=8385"}],"wp:term":[{"taxonomy":"product_cat","embeddable":true,"href":"https:\/\/www.blogseite.com\/geschenke\/wp-json\/wp\/v2\/product_cat?post=8385"},{"taxonomy":"product_tag","embeddable":true,"href":"https:\/\/www.blogseite.com\/geschenke\/wp-json\/wp\/v2\/product_tag?post=8385"}],"curies":[{"name":"wp","href":"https:\/\/api.w.org\/{rel}","templated":true}]}}