{"id":8364,"date":"2022-08-12T17:07:45","date_gmt":"2022-08-12T15:07:45","guid":{"rendered":"https:\/\/www.blogseite.com\/geschenke\/?post_type=product&#038;p=8364"},"modified":"2022-08-12T17:09:05","modified_gmt":"2022-08-12T15:09:05","slug":"milka-schokolade-personalisiert-kaufen-%f0%9f%98%8d","status":"publish","type":"product","link":"https:\/\/www.blogseite.com\/geschenke\/s\/milka-schokolade-personalisiert-kaufen-%f0%9f%98%8d\/","title":{"rendered":"Milka Schokolade Personalisiert kaufen \ud83d\ude0d"},"content":{"rendered":"<ul class=\"a-unordered-list a-vertical a-spacing-mini\">\n<li><span class=\"a-list-item\">PERSONALISIERT &#8211; Personalisiere deine Milka Geschenkbox mit eigenem Namen &amp; Botschaft.<\/span><\/li>\n<li><span class=\"a-list-item\">SCHOKOLADE &#8211; Die Alpenmilch Pralinen sind in Herzform und mit einer Haselnuss-Nougatcreme gef\u00fcllt.<\/span><\/li>\n<li><span class=\"a-list-item\">EINZIGARTIGES GESCHENK &#8211; Dieses einzigartige Geschenk trifft bei allen die Geschmacksnerven. M\u00f6chtest du jemandem gratulieren oder einfach so \u00fcberraschen? Verschenke dann eine personalisierte &#8220;Sag es mit Milka&#8221; Geschenkbox.<\/span><\/li>\n<li><span class=\"a-list-item\">ORIGINELLES MILKADESIGN &#8211; Die personalisierte Milka Geschenkbox ist von einer originellen &#8220;Sag es mit Milka&#8221; Geschenkgox versehen.<\/span><\/li>\n<li><span class=\"a-list-item\">WARNUNG! &#8211; Aus technischen Gr\u00fcnden ist es leider nicht m\u00f6glich Ziffern, kyrillische, t\u00fcrkische, asiatische oder Sonderzeichen zu verarbeiten. Sommerwetter mit \u00fcber 25\u00b0C kann die Qualit\u00e4t der Schokolade beeinflussen.<\/span><\/li>\n<\/ul>\n","protected":false},"excerpt":{"rendered":"<p>PERSONALISIERT &#8211; Personalisiere deine Milka Geschenkbox mit eigenem Namen &amp; Botschaft. SCHOKOLADE &#8211; Die Alpenmilch Pralinen sind in Herzform und mit einer Haselnuss-Nougatcreme gef\u00fcllt. EINZIGARTIGES GESCHENK &#8211; Dieses einzigartige Geschenk trifft bei allen die Geschmacksnerven. M\u00f6chtest du jemandem gratulieren oder einfach so \u00fcberraschen? Verschenke dann eine personalisierte &#8220;Sag es mit Milka&#8221; Geschenkbox. ORIGINELLES MILKADESIGN &#8211; [&hellip;]<\/p>\n","protected":false},"featured_media":8365,"comment_status":"open","ping_status":"closed","template":"","meta":[],"product_cat":[78,746,103,74,110,54,116,63,45,108,73,1118,280,426,431,293,292,300,302,70,297,299,295,294,64],"product_tag":[585,1627],"class_list":{"0":"post-8364","1":"product","2":"type-product","3":"status-publish","4":"has-post-thumbnail","6":"product_cat-weihnachtsgeschenke","7":"product_cat--fit-fuer-den-fruehling","8":"product_cat-studenten","9":"product_cat-bester-freund","10":"product_cat-freund","11":"product_cat-vatertag","12":"product_cat-frauen","13":"product_cat-mutter","14":"product_cat-freundin","15":"product_cat-maenner","16":"product_cat-beste-freundin","17":"product_cat--freundin","18":"product_cat-geburtstagsgeschenke","19":"product_cat-nach-preis","20":"product_cat-unter-50-euro","21":"product_cat-geschenk-fuer-bruder","22":"product_cat-sohn","23":"product_cat--kollege","24":"product_cat--jungen","25":"product_cat-geschenke-fuer-jeden-anlass","26":"product_cat--maedchen","27":"product_cat--chef","28":"product_cat--tochter","29":"product_cat--schwester","30":"product_cat-vater","31":"product_tag-pralinen","32":"product_tag-suessigkeiten","34":"first","35":"instock","36":"shipping-taxable","37":"product-type-external"},"_links":{"self":[{"href":"https:\/\/www.blogseite.com\/geschenke\/wp-json\/wp\/v2\/product\/8364"}],"collection":[{"href":"https:\/\/www.blogseite.com\/geschenke\/wp-json\/wp\/v2\/product"}],"about":[{"href":"https:\/\/www.blogseite.com\/geschenke\/wp-json\/wp\/v2\/types\/product"}],"replies":[{"embeddable":true,"href":"https:\/\/www.blogseite.com\/geschenke\/wp-json\/wp\/v2\/comments?post=8364"}],"wp:featuredmedia":[{"embeddable":true,"href":"https:\/\/www.blogseite.com\/geschenke\/wp-json\/wp\/v2\/media\/8365"}],"wp:attachment":[{"href":"https:\/\/www.blogseite.com\/geschenke\/wp-json\/wp\/v2\/media?parent=8364"}],"wp:term":[{"taxonomy":"product_cat","embeddable":true,"href":"https:\/\/www.blogseite.com\/geschenke\/wp-json\/wp\/v2\/product_cat?post=8364"},{"taxonomy":"product_tag","embeddable":true,"href":"https:\/\/www.blogseite.com\/geschenke\/wp-json\/wp\/v2\/product_tag?post=8364"}],"curies":[{"name":"wp","href":"https:\/\/api.w.org\/{rel}","templated":true}]}}