{"id":8329,"date":"2022-08-12T12:55:42","date_gmt":"2022-08-12T10:55:42","guid":{"rendered":"https:\/\/www.blogseite.com\/geschenke\/?post_type=product&#038;p=8329"},"modified":"2022-08-12T13:00:31","modified_gmt":"2022-08-12T11:00:31","slug":"palanci-rayiha-pralinen-gesunde-snacks-%f0%9f%98%8d","status":"publish","type":"product","link":"https:\/\/www.blogseite.com\/geschenke\/s\/palanci-rayiha-pralinen-gesunde-snacks-%f0%9f%98%8d\/","title":{"rendered":"Palanci | Rayiha Pralinen | Gesunde Snacks \ud83d\ude0d"},"content":{"rendered":"<ul class=\"a-unordered-list a-vertical a-spacing-mini\">\n<li><span class=\"a-list-item\">Gesunde Wunderkugeln von Malatya Pazari Palanci, die Traditionsmarke seit 1870<\/span><\/li>\n<li><span class=\"a-list-item\">Bewusster Snacken und Vitamine, Mineralien und wichtige N\u00e4hrstoffe tanken<\/span><\/li>\n<li><span class=\"a-list-item\">Gesunde Snacks, vegan, Pralinen f\u00fcr den bewussten Lifestyle.<\/span><\/li>\n<li><span class=\"a-list-item\">5 unterschiedliche Sorten (200 gr) Pralinen an Gaumenfreude<\/span><\/li>\n<li><span class=\"a-list-item\">Ideales Geschenk f\u00fcr Feinkostschmecker &#8211; S\u00fc\u00dfigkeiten Mix in sch\u00f6ner Geschenkbox<\/span><\/li>\n<\/ul>\n","protected":false},"excerpt":{"rendered":"<p>Gesunde Wunderkugeln von Malatya Pazari Palanci, die Traditionsmarke seit 1870 Bewusster Snacken und Vitamine, Mineralien und wichtige N\u00e4hrstoffe tanken Gesunde Snacks, vegan, Pralinen f\u00fcr den bewussten Lifestyle. 5 unterschiedliche Sorten (200 gr) Pralinen an Gaumenfreude Ideales Geschenk f\u00fcr Feinkostschmecker &#8211; S\u00fc\u00dfigkeiten Mix in sch\u00f6ner Geschenkbox<\/p>\n","protected":false},"featured_media":8330,"comment_status":"open","ping_status":"closed","template":"","meta":[],"product_cat":[78,746,103,74,110,54,116,63,45,108,73,1118,280,426,431,293,292,300,302,70,297,299,295,294,64],"product_tag":[585,1627],"class_list":{"0":"post-8329","1":"product","2":"type-product","3":"status-publish","4":"has-post-thumbnail","6":"product_cat-weihnachtsgeschenke","7":"product_cat--fit-fuer-den-fruehling","8":"product_cat-studenten","9":"product_cat-bester-freund","10":"product_cat-freund","11":"product_cat-vatertag","12":"product_cat-frauen","13":"product_cat-mutter","14":"product_cat-freundin","15":"product_cat-maenner","16":"product_cat-beste-freundin","17":"product_cat--freundin","18":"product_cat-geburtstagsgeschenke","19":"product_cat-nach-preis","20":"product_cat-unter-50-euro","21":"product_cat-geschenk-fuer-bruder","22":"product_cat-sohn","23":"product_cat--kollege","24":"product_cat--jungen","25":"product_cat-geschenke-fuer-jeden-anlass","26":"product_cat--maedchen","27":"product_cat--chef","28":"product_cat--tochter","29":"product_cat--schwester","30":"product_cat-vater","31":"product_tag-pralinen","32":"product_tag-suessigkeiten","34":"first","35":"instock","36":"shipping-taxable","37":"product-type-external"},"_links":{"self":[{"href":"https:\/\/www.blogseite.com\/geschenke\/wp-json\/wp\/v2\/product\/8329"}],"collection":[{"href":"https:\/\/www.blogseite.com\/geschenke\/wp-json\/wp\/v2\/product"}],"about":[{"href":"https:\/\/www.blogseite.com\/geschenke\/wp-json\/wp\/v2\/types\/product"}],"replies":[{"embeddable":true,"href":"https:\/\/www.blogseite.com\/geschenke\/wp-json\/wp\/v2\/comments?post=8329"}],"wp:featuredmedia":[{"embeddable":true,"href":"https:\/\/www.blogseite.com\/geschenke\/wp-json\/wp\/v2\/media\/8330"}],"wp:attachment":[{"href":"https:\/\/www.blogseite.com\/geschenke\/wp-json\/wp\/v2\/media?parent=8329"}],"wp:term":[{"taxonomy":"product_cat","embeddable":true,"href":"https:\/\/www.blogseite.com\/geschenke\/wp-json\/wp\/v2\/product_cat?post=8329"},{"taxonomy":"product_tag","embeddable":true,"href":"https:\/\/www.blogseite.com\/geschenke\/wp-json\/wp\/v2\/product_tag?post=8329"}],"curies":[{"name":"wp","href":"https:\/\/api.w.org\/{rel}","templated":true}]}}