{"id":8222,"date":"2022-08-12T09:35:08","date_gmt":"2022-08-12T07:35:08","guid":{"rendered":"https:\/\/www.blogseite.com\/geschenke\/?post_type=product&#038;p=8222"},"modified":"2022-08-12T09:36:44","modified_gmt":"2022-08-12T07:36:44","slug":"monty-bojangles-coconut-crush-cat-kaufen-%f0%9f%a5%b0","status":"publish","type":"product","link":"https:\/\/www.blogseite.com\/geschenke\/s\/monty-bojangles-coconut-crush-cat-kaufen-%f0%9f%a5%b0\/","title":{"rendered":"Monty Bojangles Coconut Crush Cat kaufen \ud83e\udd70"},"content":{"rendered":"<ul class=\"a-unordered-list a-vertical a-spacing-mini\">\n<li><span class=\"a-list-item\">TR\u00dcFFELTRAUM F\u00dcR SCHOKOLADENLIEBHABER \u2013 Unser originales, k\u00f6stliches Schokoladentr\u00fcffel-Rezept, \u00fcppig best\u00e4ubt mit exquisitem, zart herbem Kakaopulver, bringt Feinschmecker in den Schokoladenhimmel<\/span><\/li>\n<li><span class=\"a-list-item\">HOCHWERTIGE DOSE \u2013 Luxuri\u00f6se Tr\u00fcffel, die doppelt mit Kakao best\u00e4ubt werden und einem Lust auf mehr machen, in einer hochwertigen Dose zum Sammeln. Sie erhalten eine von drei Katzen: Jede Dose dieser Serie ist einzigartig in Form einer wundersch\u00f6nen, fantastischen Katze gestaltet \u2013 jede mit ihrer eigenen Pers\u00f6nlichkeit und ihrem eigenen Charme! Lackiert mit sanfter &#8216;Schneeflocken&#8217;-Struktur<\/span><\/li>\n<li><span class=\"a-list-item\">VERSCHENKEN SIE DAS ABENTEUER \u2013 Ein wundersch\u00f6nes Geschenk zum Valentinstag, zum Geburtstag, zu Weihnachten und zum Muttertag, oder ein perfektes Dankesch\u00f6n f\u00fcr Freunde, Kollegen und Lehrer. Jede Dose enth\u00e4lt 14 einzeln verpackte Tr\u00fcffel, genau die richtige Gr\u00f6\u00dfe f\u00fcr eine schokoladige Verlockung \u2013 perfekt zum Nachf\u00fcllen mit Pralinen von Monty Bojangles, wenn sie leer ist!<\/span><\/li>\n<li><span class=\"a-list-item\">DIE SCHMACKHAFTESTEN TR\u00dcFFEL IM K\u00d6NIGREICH \u2013 Unsere Pralinen wurden als schmackhaftesten Tr\u00fcffel im Vereinigten K\u00f6nigreich ausgezeichnet und haben zahlreiche Preise gewonnen \u2013 einschlie\u00dflich des prestigetr\u00e4chtigen \u201e3 Star Great Taste\u201c-Awards im Jahr 2020 f\u00fcr unsere Geschmacksrichtung \u201eCoconut Crush\u201c. F\u00fcr Vegetarier geeignet und von allen geliebt<\/span><\/li>\n<\/ul>\n","protected":false},"excerpt":{"rendered":"<p>TR\u00dcFFELTRAUM F\u00dcR SCHOKOLADENLIEBHABER \u2013 Unser originales, k\u00f6stliches Schokoladentr\u00fcffel-Rezept, \u00fcppig best\u00e4ubt mit exquisitem, zart herbem Kakaopulver, bringt Feinschmecker in den Schokoladenhimmel HOCHWERTIGE DOSE \u2013 Luxuri\u00f6se Tr\u00fcffel, die doppelt mit Kakao best\u00e4ubt werden und einem Lust auf mehr machen, in einer hochwertigen Dose zum Sammeln. Sie erhalten eine von drei Katzen: Jede Dose dieser Serie ist einzigartig [&hellip;]<\/p>\n","protected":false},"featured_media":8223,"comment_status":"open","ping_status":"closed","template":"","meta":[],"product_cat":[78,746,103,74,110,54,116,63,45,108,73,1118,280,426,431,293,292,300,302,70,297,299,295,294,64],"product_tag":[585,1627],"class_list":{"0":"post-8222","1":"product","2":"type-product","3":"status-publish","4":"has-post-thumbnail","6":"product_cat-weihnachtsgeschenke","7":"product_cat--fit-fuer-den-fruehling","8":"product_cat-studenten","9":"product_cat-bester-freund","10":"product_cat-freund","11":"product_cat-vatertag","12":"product_cat-frauen","13":"product_cat-mutter","14":"product_cat-freundin","15":"product_cat-maenner","16":"product_cat-beste-freundin","17":"product_cat--freundin","18":"product_cat-geburtstagsgeschenke","19":"product_cat-nach-preis","20":"product_cat-unter-50-euro","21":"product_cat-geschenk-fuer-bruder","22":"product_cat-sohn","23":"product_cat--kollege","24":"product_cat--jungen","25":"product_cat-geschenke-fuer-jeden-anlass","26":"product_cat--maedchen","27":"product_cat--chef","28":"product_cat--tochter","29":"product_cat--schwester","30":"product_cat-vater","31":"product_tag-pralinen","32":"product_tag-suessigkeiten","34":"first","35":"instock","36":"shipping-taxable","37":"product-type-external"},"_links":{"self":[{"href":"https:\/\/www.blogseite.com\/geschenke\/wp-json\/wp\/v2\/product\/8222"}],"collection":[{"href":"https:\/\/www.blogseite.com\/geschenke\/wp-json\/wp\/v2\/product"}],"about":[{"href":"https:\/\/www.blogseite.com\/geschenke\/wp-json\/wp\/v2\/types\/product"}],"replies":[{"embeddable":true,"href":"https:\/\/www.blogseite.com\/geschenke\/wp-json\/wp\/v2\/comments?post=8222"}],"wp:featuredmedia":[{"embeddable":true,"href":"https:\/\/www.blogseite.com\/geschenke\/wp-json\/wp\/v2\/media\/8223"}],"wp:attachment":[{"href":"https:\/\/www.blogseite.com\/geschenke\/wp-json\/wp\/v2\/media?parent=8222"}],"wp:term":[{"taxonomy":"product_cat","embeddable":true,"href":"https:\/\/www.blogseite.com\/geschenke\/wp-json\/wp\/v2\/product_cat?post=8222"},{"taxonomy":"product_tag","embeddable":true,"href":"https:\/\/www.blogseite.com\/geschenke\/wp-json\/wp\/v2\/product_tag?post=8222"}],"curies":[{"name":"wp","href":"https:\/\/api.w.org\/{rel}","templated":true}]}}