{"id":8123,"date":"2022-08-07T13:30:18","date_gmt":"2022-08-07T11:30:18","guid":{"rendered":"https:\/\/www.blogseite.com\/geschenke\/?post_type=product&#038;p=8123"},"modified":"2022-08-07T13:31:57","modified_gmt":"2022-08-07T11:31:57","slug":"kaffee-geschenk-set-zum-aussenbereich-kaufen-%f0%9f%98%8d","status":"publish","type":"product","link":"https:\/\/www.blogseite.com\/geschenke\/s\/kaffee-geschenk-set-zum-aussenbereich-kaufen-%f0%9f%98%8d\/","title":{"rendered":"Kaffee Geschenk Set zum Au\u00dfenbereich kaufen \ud83d\ude0d"},"content":{"rendered":"<ul class=\"a-unordered-list a-vertical a-spacing-mini\">\n<li><span class=\"a-list-item\">\u2705 EINZIGARTIGE UND BESONDERE GESCHENKIDEE &#8211; Verw\u00f6hne deine Lieben mit echtem Genuss &#8211; unser innovatives Kaffee-Geschenkset ist in jeder Hinsicht etwas Besonderes im Vergleich zu den \u00fcblichen Wein- oder Schokoladengeschenken.<\/span><\/li>\n<li><span class=\"a-list-item\">\u2705 DIE FEINSTEN KAFFES DER WELT &#8211; Reise mit unseren Singe-Estate Kaffeespezialit\u00e4ten in eine Welt voller Aromen! Wir r\u00f6sten alle unsere Kaffees von Hand in unserer handwerklichen Mikror\u00f6sterei in D\u00e4nemark, wobei wir von der Beere bis zur Tasse mit gr\u00f6\u00dfter Sorgfalt auf Qualit\u00e4t und Handwerkskunst achten.<\/span><\/li>\n<li><span class=\"a-list-item\">\u2705 BIOLOGISCH &amp; FAIR-TRADE &#8211; Wir sind stolz darauf, dass die Mehrheit unserer Kaffees Bio- und Fairtrade-zertifiziert ist, und wir sind stets bem\u00fcht, dich den Landwirten n\u00e4her zu bringen, um die wahre Herkunft unserer Kaffees zu erfahren.<\/span><\/li>\n<li><span class=\"a-list-item\">\u2705 AUSGEZEICHNETE BEQUEMLICHKEIT &#8211; Wir bieten dir die einmalige Gelegenheit, DEIN EIGENER BARISTA ZU SEIN. Braue und genie\u00dfe deinen Gourmetkaffee nach Belieben (stark oder mild) &#8211; jederzeit und \u00fcberall &#8211; in unseren innovativen und leichten Coffeebrewern.<\/span><\/li>\n<li><span class=\"a-list-item\">\u2705 F\u00dcR EINE NACHHALTIGE ZUKUNFT &#8211; Wir verpflichten uns, als verantwortungsbewusstes Mitglied unserer Gesellschaft zu handeln. Somit sind wir sowohl CO2- als auch plastikneutral. Dar\u00fcber hinaus k\u00f6nnen unsere Coffeebrewer mehrfach wiederverwendet oder wie normale Milchkartons entsorgt werden.<\/span><\/li>\n<\/ul>\n","protected":false},"excerpt":{"rendered":"<p>\u2705 EINZIGARTIGE UND BESONDERE GESCHENKIDEE &#8211; Verw\u00f6hne deine Lieben mit echtem Genuss &#8211; unser innovatives Kaffee-Geschenkset ist in jeder Hinsicht etwas Besonderes im Vergleich zu den \u00fcblichen Wein- oder Schokoladengeschenken. \u2705 DIE FEINSTEN KAFFES DER WELT &#8211; Reise mit unseren Singe-Estate Kaffeespezialit\u00e4ten in eine Welt voller Aromen! Wir r\u00f6sten alle unsere Kaffees von Hand in [&hellip;]<\/p>\n","protected":false},"featured_media":8124,"comment_status":"open","ping_status":"closed","template":"","meta":[],"product_cat":[746,103,74,110,54,116,63,45,108,73,1118,280,426,431,293,292,300,302,70,297,299,295,294,64],"product_tag":[506],"class_list":{"0":"post-8123","1":"product","2":"type-product","3":"status-publish","4":"has-post-thumbnail","6":"product_cat--fit-fuer-den-fruehling","7":"product_cat-studenten","8":"product_cat-bester-freund","9":"product_cat-freund","10":"product_cat-vatertag","11":"product_cat-frauen","12":"product_cat-mutter","13":"product_cat-freundin","14":"product_cat-maenner","15":"product_cat-beste-freundin","16":"product_cat--freundin","17":"product_cat-geburtstagsgeschenke","18":"product_cat-nach-preis","19":"product_cat-unter-50-euro","20":"product_cat-geschenk-fuer-bruder","21":"product_cat-sohn","22":"product_cat--kollege","23":"product_cat--jungen","24":"product_cat-geschenke-fuer-jeden-anlass","25":"product_cat--maedchen","26":"product_cat--chef","27":"product_cat--tochter","28":"product_cat--schwester","29":"product_cat-vater","30":"product_tag-geschenkkorb","32":"first","33":"instock","34":"shipping-taxable","35":"product-type-external"},"_links":{"self":[{"href":"https:\/\/www.blogseite.com\/geschenke\/wp-json\/wp\/v2\/product\/8123"}],"collection":[{"href":"https:\/\/www.blogseite.com\/geschenke\/wp-json\/wp\/v2\/product"}],"about":[{"href":"https:\/\/www.blogseite.com\/geschenke\/wp-json\/wp\/v2\/types\/product"}],"replies":[{"embeddable":true,"href":"https:\/\/www.blogseite.com\/geschenke\/wp-json\/wp\/v2\/comments?post=8123"}],"wp:featuredmedia":[{"embeddable":true,"href":"https:\/\/www.blogseite.com\/geschenke\/wp-json\/wp\/v2\/media\/8124"}],"wp:attachment":[{"href":"https:\/\/www.blogseite.com\/geschenke\/wp-json\/wp\/v2\/media?parent=8123"}],"wp:term":[{"taxonomy":"product_cat","embeddable":true,"href":"https:\/\/www.blogseite.com\/geschenke\/wp-json\/wp\/v2\/product_cat?post=8123"},{"taxonomy":"product_tag","embeddable":true,"href":"https:\/\/www.blogseite.com\/geschenke\/wp-json\/wp\/v2\/product_tag?post=8123"}],"curies":[{"name":"wp","href":"https:\/\/api.w.org\/{rel}","templated":true}]}}