{"id":8101,"date":"2022-08-07T12:10:37","date_gmt":"2022-08-07T10:10:37","guid":{"rendered":"https:\/\/www.blogseite.com\/geschenke\/?post_type=product&#038;p=8101"},"modified":"2022-08-07T12:12:32","modified_gmt":"2022-08-07T10:12:32","slug":"happy-birthday-geschenkkorb-%f0%9f%98%98","status":"publish","type":"product","link":"https:\/\/www.blogseite.com\/geschenke\/s\/happy-birthday-geschenkkorb-%f0%9f%98%98\/","title":{"rendered":"Happy Birthday Geschenkkorb \ud83d\ude18"},"content":{"rendered":"<ul class=\"a-unordered-list a-vertical a-spacing-mini\">\n<li><span class=\"a-list-item\">FEINKOST GESCHENKBOX: Die Feinkost-Box Happy Birthday f\u00fcr Feinschmecker l\u00e4dt zum Kochen ein und ist garantiert ein Hingucker auf jedem Geburtstag. Verschenke Spa\u00df am Kochen und das Bella Italia-Feeling!<\/span><\/li>\n<li><span class=\"a-list-item\">ITALIENISCHE SPEZIALI\u00c4TEN: Traditionell hergestellte Pasta Trottole mit getrockneten Tomaten &amp; Basilikum im Pastateig, eine Sauce aus wei\u00dfem Tr\u00fcffel, dazu unser Lieblings-Pastagew\u00fcrz Nudeljubel und ein perfekt aufeinander abgestimmtes Duo aus hochwertigem Tomaten Balsamico Essig und Bio-Oliven\u00f6l mit Zitrone. Abgerundet wird das Geschenk mit zwei Tartufo Dolce Pistazie Pralinen und f\u00fcr die Partystimmung: Luftschlangen.<\/span><\/li>\n<li><span class=\"a-list-item\">OHNE K\u00dcNSTLICHE ZUS\u00c4TZE: Unsere Produkte werden nach eigener Rezeptur mit befreundeten Manufakturen nach Roja Gepp\u2018s Reinheitsgebot hergestellt: ohne k\u00fcnstliche Zus\u00e4tze, Geschmacksverst\u00e4rker oder k\u00fcnstliche Aromen.<\/span><\/li>\n<li><span class=\"a-list-item\">AUSGEFALLNENES FEINKOSTGESCHENK: Dieses tolle Geschenkbox macht garantiert Lust auf Kochen und ist f\u00fcr Italienfans das richtige Geschenk. Verschenke etwas Liebe zum Geburtstag, denn Liebe geht bekanntlich durch den Magen.<\/span><\/li>\n<li><span class=\"a-list-item\">F\u00dcR JEDES LEBENSJAHR: Das Feinkostgeschenkset ist das passende Geschenk f\u00fcr klein und gro\u00df, jung oder alt. Egal ob als M\u00e4nnergeschenk zum Geburtstag, f\u00fcr die Frau, Freundin, Oma oder Opa. Damit gelingt immer ein Treffer.<\/span><\/li>\n<\/ul>\n","protected":false},"excerpt":{"rendered":"<p>FEINKOST GESCHENKBOX: Die Feinkost-Box Happy Birthday f\u00fcr Feinschmecker l\u00e4dt zum Kochen ein und ist garantiert ein Hingucker auf jedem Geburtstag. Verschenke Spa\u00df am Kochen und das Bella Italia-Feeling! ITALIENISCHE SPEZIALI\u00c4TEN: Traditionell hergestellte Pasta Trottole mit getrockneten Tomaten &amp; Basilikum im Pastateig, eine Sauce aus wei\u00dfem Tr\u00fcffel, dazu unser Lieblings-Pastagew\u00fcrz Nudeljubel und ein perfekt aufeinander abgestimmtes [&hellip;]<\/p>\n","protected":false},"featured_media":8102,"comment_status":"open","ping_status":"closed","template":"","meta":[],"product_cat":[746,103,74,110,54,116,63,45,108,73,1118,280,426,431,293,292,300,302,70,297,299,295,294,64],"product_tag":[506],"class_list":{"0":"post-8101","1":"product","2":"type-product","3":"status-publish","4":"has-post-thumbnail","6":"product_cat--fit-fuer-den-fruehling","7":"product_cat-studenten","8":"product_cat-bester-freund","9":"product_cat-freund","10":"product_cat-vatertag","11":"product_cat-frauen","12":"product_cat-mutter","13":"product_cat-freundin","14":"product_cat-maenner","15":"product_cat-beste-freundin","16":"product_cat--freundin","17":"product_cat-geburtstagsgeschenke","18":"product_cat-nach-preis","19":"product_cat-unter-50-euro","20":"product_cat-geschenk-fuer-bruder","21":"product_cat-sohn","22":"product_cat--kollege","23":"product_cat--jungen","24":"product_cat-geschenke-fuer-jeden-anlass","25":"product_cat--maedchen","26":"product_cat--chef","27":"product_cat--tochter","28":"product_cat--schwester","29":"product_cat-vater","30":"product_tag-geschenkkorb","32":"first","33":"instock","34":"shipping-taxable","35":"product-type-external"},"_links":{"self":[{"href":"https:\/\/www.blogseite.com\/geschenke\/wp-json\/wp\/v2\/product\/8101"}],"collection":[{"href":"https:\/\/www.blogseite.com\/geschenke\/wp-json\/wp\/v2\/product"}],"about":[{"href":"https:\/\/www.blogseite.com\/geschenke\/wp-json\/wp\/v2\/types\/product"}],"replies":[{"embeddable":true,"href":"https:\/\/www.blogseite.com\/geschenke\/wp-json\/wp\/v2\/comments?post=8101"}],"wp:featuredmedia":[{"embeddable":true,"href":"https:\/\/www.blogseite.com\/geschenke\/wp-json\/wp\/v2\/media\/8102"}],"wp:attachment":[{"href":"https:\/\/www.blogseite.com\/geschenke\/wp-json\/wp\/v2\/media?parent=8101"}],"wp:term":[{"taxonomy":"product_cat","embeddable":true,"href":"https:\/\/www.blogseite.com\/geschenke\/wp-json\/wp\/v2\/product_cat?post=8101"},{"taxonomy":"product_tag","embeddable":true,"href":"https:\/\/www.blogseite.com\/geschenke\/wp-json\/wp\/v2\/product_tag?post=8101"}],"curies":[{"name":"wp","href":"https:\/\/api.w.org\/{rel}","templated":true}]}}