{"id":8095,"date":"2022-08-07T11:33:51","date_gmt":"2022-08-07T09:33:51","guid":{"rendered":"https:\/\/www.blogseite.com\/geschenke\/?post_type=product&#038;p=8095"},"modified":"2022-08-07T11:35:03","modified_gmt":"2022-08-07T09:35:03","slug":"happy-birthday-geschenkset-feinkost-kaufen-%f0%9f%99%8b%f0%9f%8f%bc%e2%99%80%ef%b8%8f","status":"publish","type":"product","link":"https:\/\/www.blogseite.com\/geschenke\/s\/happy-birthday-geschenkset-feinkost-kaufen-%f0%9f%99%8b%f0%9f%8f%bc%e2%99%80%ef%b8%8f\/","title":{"rendered":"Happy Birthday Geschenkset Feinkost kaufen \ud83d\ude4b\ud83c\udffc\u200d\u2640\ufe0f"},"content":{"rendered":"<ul class=\"a-unordered-list a-vertical a-spacing-mini\">\n<li><span class=\"a-list-item\">HAPPY BIRTHDAY: Dieses Geschenkset ist das perfekte Geburtstagspr\u00e4sent. Ob f\u00fcr Eltern, Freunde, Oma und Opa oder den Partner\/ die Partnerin. \u00dcberraschen Sie das Geburtstagskind mit einer leckeren Auswahl aus unserer Feinkostwelt.<\/span><\/li>\n<li><span class=\"a-list-item\">DAS IST IN DER WUNDERT\u00dcTE ENTHALTEN: Im Set enthalten sind unser Pasta-Set mit traditionell zubereiteter, italienischer Pasta &amp; der passenden Gew\u00fcrzmischung f\u00fcr Nudeln alla Puttanesca, unser Bio Allesk\u00f6nner Gew\u00fcrz, zum Verfeinern von allen Gerichten, veganes Pesto-B\u00e4rlauch Pastagew\u00fcrz f\u00fcr Saucen oder Kr\u00e4uterbutter sowie Oliven\u00f6l mit Basilikum f\u00fcr leckere Salate und Pastagerichte.<\/span><\/li>\n<li><span class=\"a-list-item\">FREI VON K\u00dcNSTLICHEN ZUSATZSTOFFEN: Unsere Produkte werden nach eigener Rezeptur, nach Roja Gepps Reinheitsgebot hergestellt: ohne k\u00fcnstliche Zusatzstoffe, Geschmacksverst\u00e4rker oder k\u00fcnstliche Aromen.<\/span><\/li>\n<li><span class=\"a-list-item\">KLEINES PR\u00c4SENT F\u00dcR VIELE GERICHTE: Die feinen Zutaten unseres Sets k\u00f6nnen f\u00fcr eine Vielzahl an Gerichten verwendet werden. Mit dem Basilikum-Oliven\u00f6l kann man auch perfekt Salate und italienische Gerichte verfeinern, unser Bio Allesk\u00f6nner Gew\u00fcrz macht Gem\u00fcse, Fleisch, Suppen und Eint\u00f6pfe zu etwas ganz Besonderem. Unser Pastagew\u00fcrz eignet sich zum Panieren von Fisch &amp; Fleisch und kann mit Butter vermischt als leckerer Brotaufstrich genossen werden.<\/span><\/li>\n<li><span class=\"a-list-item\">PERFEKTES GESCHENK: Liebe geht durch den Magen \u2013 mit dieser Wundert\u00fcte bereiten Sie Ihren Liebsten eine genussvolle Freude.<\/span><\/li>\n<\/ul>\n","protected":false},"excerpt":{"rendered":"<p>HAPPY BIRTHDAY: Dieses Geschenkset ist das perfekte Geburtstagspr\u00e4sent. Ob f\u00fcr Eltern, Freunde, Oma und Opa oder den Partner\/ die Partnerin. \u00dcberraschen Sie das Geburtstagskind mit einer leckeren Auswahl aus unserer Feinkostwelt. DAS IST IN DER WUNDERT\u00dcTE ENTHALTEN: Im Set enthalten sind unser Pasta-Set mit traditionell zubereiteter, italienischer Pasta &amp; der passenden Gew\u00fcrzmischung f\u00fcr Nudeln alla [&hellip;]<\/p>\n","protected":false},"featured_media":8096,"comment_status":"open","ping_status":"closed","template":"","meta":[],"product_cat":[746,103,74,110,54,116,63,45,108,73,1118,280,426,431,293,292,300,302,70,297,299,295,294,64],"product_tag":[506],"class_list":{"0":"post-8095","1":"product","2":"type-product","3":"status-publish","4":"has-post-thumbnail","6":"product_cat--fit-fuer-den-fruehling","7":"product_cat-studenten","8":"product_cat-bester-freund","9":"product_cat-freund","10":"product_cat-vatertag","11":"product_cat-frauen","12":"product_cat-mutter","13":"product_cat-freundin","14":"product_cat-maenner","15":"product_cat-beste-freundin","16":"product_cat--freundin","17":"product_cat-geburtstagsgeschenke","18":"product_cat-nach-preis","19":"product_cat-unter-50-euro","20":"product_cat-geschenk-fuer-bruder","21":"product_cat-sohn","22":"product_cat--kollege","23":"product_cat--jungen","24":"product_cat-geschenke-fuer-jeden-anlass","25":"product_cat--maedchen","26":"product_cat--chef","27":"product_cat--tochter","28":"product_cat--schwester","29":"product_cat-vater","30":"product_tag-geschenkkorb","32":"first","33":"instock","34":"shipping-taxable","35":"product-type-external"},"_links":{"self":[{"href":"https:\/\/www.blogseite.com\/geschenke\/wp-json\/wp\/v2\/product\/8095"}],"collection":[{"href":"https:\/\/www.blogseite.com\/geschenke\/wp-json\/wp\/v2\/product"}],"about":[{"href":"https:\/\/www.blogseite.com\/geschenke\/wp-json\/wp\/v2\/types\/product"}],"replies":[{"embeddable":true,"href":"https:\/\/www.blogseite.com\/geschenke\/wp-json\/wp\/v2\/comments?post=8095"}],"wp:featuredmedia":[{"embeddable":true,"href":"https:\/\/www.blogseite.com\/geschenke\/wp-json\/wp\/v2\/media\/8096"}],"wp:attachment":[{"href":"https:\/\/www.blogseite.com\/geschenke\/wp-json\/wp\/v2\/media?parent=8095"}],"wp:term":[{"taxonomy":"product_cat","embeddable":true,"href":"https:\/\/www.blogseite.com\/geschenke\/wp-json\/wp\/v2\/product_cat?post=8095"},{"taxonomy":"product_tag","embeddable":true,"href":"https:\/\/www.blogseite.com\/geschenke\/wp-json\/wp\/v2\/product_tag?post=8095"}],"curies":[{"name":"wp","href":"https:\/\/api.w.org\/{rel}","templated":true}]}}