{"id":8040,"date":"2022-08-05T11:47:44","date_gmt":"2022-08-05T09:47:44","guid":{"rendered":"https:\/\/www.blogseite.com\/geschenke\/?post_type=product&#038;p=8040"},"modified":"2022-08-05T11:48:55","modified_gmt":"2022-08-05T09:48:55","slug":"nivea-men-sport-geschenkset-dusche-kaufen-%f0%9f%98%8d","status":"publish","type":"product","link":"https:\/\/www.blogseite.com\/geschenke\/s\/nivea-men-sport-geschenkset-dusche-kaufen-%f0%9f%98%8d\/","title":{"rendered":"NIVEA MEN Sport Geschenkset Dusche kaufen \ud83d\ude0d"},"content":{"rendered":"<ul class=\"a-unordered-list a-vertical a-spacing-mini\">\n<li><span class=\"a-list-item\">Attraktives Set \u2013 Das Nivea Men Geschenkset mit drei belebenden Pflegeprodukten und Faszienball ist ein perfektes M\u00e4nnergeschenk in attraktiver Geschenkverpackung<\/span><\/li>\n<li><span class=\"a-list-item\">Belebende Dusche \u2013 Das Geschenkset enth\u00e4lt die Nivea Men Sport Pflegedusche und das Nivea Men Strong Power Shampoo f\u00fcr ein erfrischendes Duscherlebnis<\/span><\/li>\n<li><span class=\"a-list-item\">Effektiver Schutz \u2013 Das im Nivea Men Pflegeset enthaltene Nivea Men Dry Impact Roll On bietet zuverl\u00e4ssigen Schutz vor Schwei\u00df und K\u00f6rpergeruch \u2013 48 Stunden lang<\/span><\/li>\n<li><span class=\"a-list-item\">Mit Faszienball \u2013 Der multifunktionale Faszienball rundet das Set ab, denn dieser kann als sowohl zum Training als auch f\u00fcr die Regeneration verwendet werden<\/span><\/li>\n<li><span class=\"a-list-item\">Lieferumfang \u2013 Nivea Men Sport Geschenkset mit Sport Pflegedusche (250 ml), Strong Power Shampoo (250 ml), Anti-Transpirant Roll On Dry Impact (150 ml) und Faszienball, Artikelnr. 97140<\/span><\/li>\n<\/ul>\n","protected":false},"excerpt":{"rendered":"<p>Attraktives Set \u2013 Das Nivea Men Geschenkset mit drei belebenden Pflegeprodukten und Faszienball ist ein perfektes M\u00e4nnergeschenk in attraktiver Geschenkverpackung Belebende Dusche \u2013 Das Geschenkset enth\u00e4lt die Nivea Men Sport Pflegedusche und das Nivea Men Strong Power Shampoo f\u00fcr ein erfrischendes Duscherlebnis Effektiver Schutz \u2013 Das im Nivea Men Pflegeset enthaltene Nivea Men Dry Impact [&hellip;]<\/p>\n","protected":false},"featured_media":8041,"comment_status":"open","ping_status":"closed","template":"","meta":[],"product_cat":[746,103,74,110,54,116,63,45,108,73,1118,280,426,431,293,292,300,302,70,297,299,295,64],"product_tag":[507,1609],"class_list":{"0":"post-8040","1":"product","2":"type-product","3":"status-publish","4":"has-post-thumbnail","6":"product_cat--fit-fuer-den-fruehling","7":"product_cat-studenten","8":"product_cat-bester-freund","9":"product_cat-freund","10":"product_cat-vatertag","11":"product_cat-frauen","12":"product_cat-mutter","13":"product_cat-freundin","14":"product_cat-maenner","15":"product_cat-beste-freundin","16":"product_cat--freundin","17":"product_cat-geburtstagsgeschenke","18":"product_cat-nach-preis","19":"product_cat-unter-50-euro","20":"product_cat-geschenk-fuer-bruder","21":"product_cat-sohn","22":"product_cat--kollege","23":"product_cat--jungen","24":"product_cat-geschenke-fuer-jeden-anlass","25":"product_cat--maedchen","26":"product_cat--chef","27":"product_cat--tochter","28":"product_cat-vater","29":"product_tag-geschenkset","30":"product_tag-nivea","32":"first","33":"instock","34":"shipping-taxable","35":"product-type-external"},"_links":{"self":[{"href":"https:\/\/www.blogseite.com\/geschenke\/wp-json\/wp\/v2\/product\/8040"}],"collection":[{"href":"https:\/\/www.blogseite.com\/geschenke\/wp-json\/wp\/v2\/product"}],"about":[{"href":"https:\/\/www.blogseite.com\/geschenke\/wp-json\/wp\/v2\/types\/product"}],"replies":[{"embeddable":true,"href":"https:\/\/www.blogseite.com\/geschenke\/wp-json\/wp\/v2\/comments?post=8040"}],"wp:featuredmedia":[{"embeddable":true,"href":"https:\/\/www.blogseite.com\/geschenke\/wp-json\/wp\/v2\/media\/8041"}],"wp:attachment":[{"href":"https:\/\/www.blogseite.com\/geschenke\/wp-json\/wp\/v2\/media?parent=8040"}],"wp:term":[{"taxonomy":"product_cat","embeddable":true,"href":"https:\/\/www.blogseite.com\/geschenke\/wp-json\/wp\/v2\/product_cat?post=8040"},{"taxonomy":"product_tag","embeddable":true,"href":"https:\/\/www.blogseite.com\/geschenke\/wp-json\/wp\/v2\/product_tag?post=8040"}],"curies":[{"name":"wp","href":"https:\/\/api.w.org\/{rel}","templated":true}]}}