{"id":7955,"date":"2022-07-31T18:11:40","date_gmt":"2022-07-31T16:11:40","guid":{"rendered":"https:\/\/www.blogseite.com\/geschenke\/?post_type=product&#038;p=7955"},"modified":"2022-07-31T18:21:56","modified_gmt":"2022-07-31T16:21:56","slug":"zaubertasse-farbwechsel-tasse-kaufen-%f0%9f%98%83-geschenk","status":"publish","type":"product","link":"https:\/\/www.blogseite.com\/geschenke\/s\/zaubertasse-farbwechsel-tasse-kaufen-%f0%9f%98%83-geschenk\/","title":{"rendered":"Zaubertasse Farbwechsel-Tasse kaufen \ud83d\ude03 Geschenk"},"content":{"rendered":"<div id=\"featurebullets_feature_div\" class=\"celwidget\" data-feature-name=\"featurebullets\" data-csa-c-id=\"r7chqh-jms4z4-qwqq9j-v93nho\" data-cel-widget=\"featurebullets_feature_div\">\n<div id=\"feature-bullets\" class=\"a-section a-spacing-medium a-spacing-top-small\">\n<ul class=\"a-unordered-list a-vertical a-spacing-mini\">\n<li><span class=\"a-list-item\">eder hat Einen &#8230; einen Lieblingsmensch! Mache deinem doch mal ein kleines Geschenk mit tollem \u00dcberraschungseffekt. Eine Tasse mit coolem Farbwechsel-Effekt und der Botschaft: Du bist mein Lieblingsmensch &#8211; Wetten der Beschenkte wird nur noch aus dieser Tasse trinken&#8230;;-)<\/span><\/li>\n<li><span class=\"a-list-item\">Der besondere Clou: die Tasse mit Thermoeffekt! Erst ist die Tasse einfach Schwarz, f\u00fcllt man aber eine hei\u00dfe Fl\u00fcssigkeit ein, wird die Tasse Wei\u00df und das Motiv dahinter sichtbar! Eine Zaubertasse als coole Alternative zu gew\u00f6hnlichen Kaffeetassen &#8211; mit garantiertem WOW-Effekt!<\/span><\/li>\n<li><span class=\"a-list-item\">Der Zauberbecher sollte von Hand gesp\u00fclt werden. Die hochwertige Qualit\u00e4t verspricht dann eine hohe Langlebigkeit und eine lange Farbbrillanz.<\/span><\/li>\n<li><span class=\"a-list-item\">Die formsch\u00f6ne Komfortgr\u00f6\u00dfe bietet ein Fassungsverm\u00f6gen von 325 ml mit gro\u00dfem Henkel f\u00fcr ein opimales und sicheres Greifen.<\/span><\/li>\n<li><span class=\"a-list-item\">Die Magic Mug wird sozial, fair und in liebevoller Handarbeit in Deutschland bedruckt. In unserer Manufaktur vor Ort produzieren wir nur, was wir auch verkaufen &#8211; so vermeiden wir \u00dcberproduktionen und schonen damit die Umwelt.<\/span><\/li>\n<\/ul>\n<\/div>\n<\/div>\n<div id=\"provenanceCertifications_feature_div\" class=\"celwidget\" data-feature-name=\"provenanceCertifications\" data-csa-c-id=\"qf5w2m-ilsee2-7tp1c1-9cd6nx\" data-cel-widget=\"provenanceCertifications_feature_div\">\n<div id=\"provenance-certifications\" class=\"a-section a-spacing-medium a-spacing-top-micro\"><\/div>\n<\/div>\n","protected":false},"excerpt":{"rendered":"<p>eder hat Einen &#8230; einen Lieblingsmensch! Mache deinem doch mal ein kleines Geschenk mit tollem \u00dcberraschungseffekt. Eine Tasse mit coolem Farbwechsel-Effekt und der Botschaft: Du bist mein Lieblingsmensch &#8211; Wetten der Beschenkte wird nur noch aus dieser Tasse trinken&#8230;;-) Der besondere Clou: die Tasse mit Thermoeffekt! Erst ist die Tasse einfach Schwarz, f\u00fcllt man aber [&hellip;]<\/p>\n","protected":false},"featured_media":7956,"comment_status":"open","ping_status":"closed","template":"","meta":[],"product_cat":[52,55,426,431],"product_tag":[1595],"class_list":{"0":"post-7955","1":"product","2":"type-product","3":"status-publish","4":"has-post-thumbnail","6":"product_cat-hochzeitsgeschenke","7":"product_cat-valentinstag","8":"product_cat-nach-preis","9":"product_cat-unter-50-euro","10":"product_tag-paare","12":"first","13":"instock","14":"shipping-taxable","15":"product-type-external"},"_links":{"self":[{"href":"https:\/\/www.blogseite.com\/geschenke\/wp-json\/wp\/v2\/product\/7955"}],"collection":[{"href":"https:\/\/www.blogseite.com\/geschenke\/wp-json\/wp\/v2\/product"}],"about":[{"href":"https:\/\/www.blogseite.com\/geschenke\/wp-json\/wp\/v2\/types\/product"}],"replies":[{"embeddable":true,"href":"https:\/\/www.blogseite.com\/geschenke\/wp-json\/wp\/v2\/comments?post=7955"}],"wp:featuredmedia":[{"embeddable":true,"href":"https:\/\/www.blogseite.com\/geschenke\/wp-json\/wp\/v2\/media\/7956"}],"wp:attachment":[{"href":"https:\/\/www.blogseite.com\/geschenke\/wp-json\/wp\/v2\/media?parent=7955"}],"wp:term":[{"taxonomy":"product_cat","embeddable":true,"href":"https:\/\/www.blogseite.com\/geschenke\/wp-json\/wp\/v2\/product_cat?post=7955"},{"taxonomy":"product_tag","embeddable":true,"href":"https:\/\/www.blogseite.com\/geschenke\/wp-json\/wp\/v2\/product_tag?post=7955"}],"curies":[{"name":"wp","href":"https:\/\/api.w.org\/{rel}","templated":true}]}}