{"id":7794,"date":"2022-07-20T15:41:50","date_gmt":"2022-07-20T13:41:50","guid":{"rendered":"https:\/\/www.blogseite.com\/geschenke\/?post_type=product&#038;p=7794"},"modified":"2022-07-20T15:46:30","modified_gmt":"2022-07-20T13:46:30","slug":"eazy-case-handykette-kompatibel-mit-iphone-6-6s-%f0%9f%a5%b0","status":"publish","type":"product","link":"https:\/\/www.blogseite.com\/geschenke\/s\/eazy-case-handykette-kompatibel-mit-iphone-6-6s-%f0%9f%a5%b0\/","title":{"rendered":"EAZY CASE Handykette kompatibel mit iPhone 6 \/ 6S \ud83e\udd70"},"content":{"rendered":"<div id=\"featurebullets_feature_div\" class=\"celwidget\" data-feature-name=\"featurebullets\" data-csa-c-id=\"dlzyvr-9r2fv6-salckx-4pec0j\" data-cel-widget=\"featurebullets_feature_div\">\n<div id=\"feature-bullets\" class=\"a-section a-spacing-medium a-spacing-top-small\">\n<ul class=\"a-unordered-list a-vertical a-spacing-mini\">\n<li><span class=\"a-list-item\">Trage es wie du es m\u00f6chtest: Das Necklace ist in der L\u00e4nge verstellbar und bietet somit verschiedenste Tragem\u00f6glichkeiten, wie eine Tasche \u00fcber die Schulter oder wie ein Brustbeutel einfach h\u00e4ngen lassen<\/span><\/li>\n<li><span class=\"a-list-item\">Nie wieder das Handy verlieren: Wo war nochmal mein Handy? Das geh\u00f6rt von nun an der Vergangenheit an! Um deinen Hals h\u00e4ngt es warm, sicher und du wei\u00dft immer wo es ist. Schluss mit ewigem Gew\u00fchle in Rucks\u00e4cken und Taschen mit unserem Phone Chain<\/span><\/li>\n<li><span class=\"a-list-item\">Handytasche zum Umh\u00e4ngen inklusive Ersatzband: Von nun an hast du dein Smartphone immer um den Hals, dadurch hast du H\u00e4nde und Hosentaschen frei, mehr Platz f\u00fcr dich und schneller erreichbar. F\u00fcr jede Lebenslage ob Arbeit, Freizeit, Sport, Shopping, Party oder Festival. Durch die zwei unterschiedlichen B\u00e4nder bist du f\u00fcr verschiedene Events ger\u00fcstet<\/span><\/li>\n<li><span class=\"a-list-item\">Integrierte H\u00fclle: Die Handyschutzh\u00fclle besteht aus einem hochwertigen, elastischen und robusten TPU\/Silikon Materialmix und sorgt so f\u00fcr eine extra lange Lebensdauer<\/span><\/li>\n<li><span class=\"a-list-item\">IHR HIESIGER ANSPRECHPARTNER: Die EAZY CASE GmbH ist ein deutsches Unternehmen was sich seit 2012 H\u00fcllen und Schutzfolien f\u00fcr Smartphones &amp; Tablets zu g\u00fcnstigen Preisen bei gleichzeitig h\u00f6chster Qualit\u00e4t verschrieben hat. Bei Fragen oder Problemen z\u00f6gern Sie bitte nicht uns zu kontaktieren<\/span><\/li>\n<\/ul>\n<\/div>\n<\/div>\n<div id=\"provenanceCertifications_feature_div\" class=\"celwidget\" data-feature-name=\"provenanceCertifications\" data-csa-c-id=\"nfo1bw-2pvg64-ie0ekh-4njjjq\" data-cel-widget=\"provenanceCertifications_feature_div\">\n<div id=\"provenance-certifications\" class=\"a-section a-spacing-medium a-spacing-top-micro\"><\/div>\n<\/div>\n","protected":false},"excerpt":{"rendered":"<p>Trage es wie du es m\u00f6chtest: Das Necklace ist in der L\u00e4nge verstellbar und bietet somit verschiedenste Tragem\u00f6glichkeiten, wie eine Tasche \u00fcber die Schulter oder wie ein Brustbeutel einfach h\u00e4ngen lassen Nie wieder das Handy verlieren: Wo war nochmal mein Handy? Das geh\u00f6rt von nun an der Vergangenheit an! Um deinen Hals h\u00e4ngt es warm, [&hellip;]<\/p>\n","protected":false},"featured_media":7795,"comment_status":"open","ping_status":"closed","template":"","meta":[],"product_cat":[103,74,110,54,116,63,108,57,73,1118,280,426,431,293,301,292,300,302,70,299,295,294,291,124,298,64],"product_tag":[485],"class_list":{"0":"post-7794","1":"product","2":"type-product","3":"status-publish","4":"has-post-thumbnail","6":"product_cat-studenten","7":"product_cat-bester-freund","8":"product_cat-freund","9":"product_cat-vatertag","10":"product_cat-frauen","11":"product_cat-mutter","12":"product_cat-maenner","13":"product_cat-oma","14":"product_cat-beste-freundin","15":"product_cat--freundin","16":"product_cat-geburtstagsgeschenke","17":"product_cat-nach-preis","18":"product_cat-unter-50-euro","19":"product_cat-geschenk-fuer-bruder","20":"product_cat-eltern","21":"product_cat-sohn","22":"product_cat--kollege","23":"product_cat--jungen","24":"product_cat-geschenke-fuer-jeden-anlass","25":"product_cat--chef","26":"product_cat--tochter","27":"product_cat--schwester","28":"product_cat-nerds","29":"product_cat-jungesellenabschied","30":"product_cat--ehefrau","31":"product_cat-vater","32":"product_tag-handykette","34":"first","35":"instock","36":"shipping-taxable","37":"product-type-external"},"_links":{"self":[{"href":"https:\/\/www.blogseite.com\/geschenke\/wp-json\/wp\/v2\/product\/7794"}],"collection":[{"href":"https:\/\/www.blogseite.com\/geschenke\/wp-json\/wp\/v2\/product"}],"about":[{"href":"https:\/\/www.blogseite.com\/geschenke\/wp-json\/wp\/v2\/types\/product"}],"replies":[{"embeddable":true,"href":"https:\/\/www.blogseite.com\/geschenke\/wp-json\/wp\/v2\/comments?post=7794"}],"wp:featuredmedia":[{"embeddable":true,"href":"https:\/\/www.blogseite.com\/geschenke\/wp-json\/wp\/v2\/media\/7795"}],"wp:attachment":[{"href":"https:\/\/www.blogseite.com\/geschenke\/wp-json\/wp\/v2\/media?parent=7794"}],"wp:term":[{"taxonomy":"product_cat","embeddable":true,"href":"https:\/\/www.blogseite.com\/geschenke\/wp-json\/wp\/v2\/product_cat?post=7794"},{"taxonomy":"product_tag","embeddable":true,"href":"https:\/\/www.blogseite.com\/geschenke\/wp-json\/wp\/v2\/product_tag?post=7794"}],"curies":[{"name":"wp","href":"https:\/\/api.w.org\/{rel}","templated":true}]}}