{"id":7788,"date":"2022-07-20T15:33:39","date_gmt":"2022-07-20T13:33:39","guid":{"rendered":"https:\/\/www.blogseite.com\/geschenke\/?post_type=product&#038;p=7788"},"modified":"2022-07-20T15:48:17","modified_gmt":"2022-07-20T13:48:17","slug":"lazzo-handykette-dora-premium-%f0%9f%98%98","status":"publish","type":"product","link":"https:\/\/www.blogseite.com\/geschenke\/s\/lazzo-handykette-dora-premium-%f0%9f%98%98\/","title":{"rendered":"LAZZO Handykette [Dora] &#8211; Premium \ud83d\ude18"},"content":{"rendered":"<ul class=\"a-unordered-list a-vertical a-spacing-mini\">\n<li><span class=\"a-list-item\">\u2705 PERFEKTE PASSFORM &#8211; DIE HANDYH\u00dcLLE PASST NUR f\u00fcr das iPhone 11 Pro!! (Passt NICHT f\u00fcr das iPhone 11 oder 11 Pro Max).Deine Premium Handyh\u00fclle mit Kette passt exakt auf dein iPhone 11 und passt sich der Gr\u00f6\u00dfe deines Smartphones genau an.<\/span><\/li>\n<li><span class=\"a-list-item\">\u2705 PRAKTISCHE HANDY KORDEL &#8211; Deine hochwertige Handyh\u00fclle kommt mit einem hochwertigen Handy Band, was nicht nur schick aussieht, sondern auch noch gr\u00f6\u00dfenverstellbar ist. Die L\u00e4nge von Schulter bis H\u00fcfte betr\u00e4gt circa 50-70 cm.<\/span><\/li>\n<li><span class=\"a-list-item\">\u2705 KOMBINIERBAR &#8211; F\u00fcr mehr Abwechslung kannst du den Strap problemlos von deiner LAZZO H\u00fclle entfernen und gegen einen anderen unserer Straps austauschen. So kannst du deine Handykette perfekt jedem Anlass anpassen.<\/span><\/li>\n<li><span class=\"a-list-item\">\u2705 MULTIFUNKTIONALIT\u00c4T &#8211; Deine Handytasche zum Umh\u00e4ngen kannst du bei Bedarf auch als normale Handyh\u00fclle verwenden. Der praktische Clip-Verschluss erleichtert dir das Wechseln und der Kartenhalter kann trotzdem genutzt werden.<\/span><\/li>\n<li><span class=\"a-list-item\">\u2705 LAZZO GARANTIE &#8211; Wir sind \u00fcberzeugt von unserem Produkt und unserer Lazzo Qualit\u00e4t: Deine Handykette aus PU Leder steht f\u00fcr Langlebigkeit und Premium. Solltest du nicht zufrieden sein, tauschen wir das Produkt komplikationslos aus. Schreibe uns hierzu einfach eine Nachricht.<\/span><\/li>\n<\/ul>\n","protected":false},"excerpt":{"rendered":"<p>\u2705 PERFEKTE PASSFORM &#8211; DIE HANDYH\u00dcLLE PASST NUR f\u00fcr das iPhone 11 Pro!! (Passt NICHT f\u00fcr das iPhone 11 oder 11 Pro Max).Deine Premium Handyh\u00fclle mit Kette passt exakt auf dein iPhone 11 und passt sich der Gr\u00f6\u00dfe deines Smartphones genau an. \u2705 PRAKTISCHE HANDY KORDEL &#8211; Deine hochwertige Handyh\u00fclle kommt mit einem hochwertigen Handy [&hellip;]<\/p>\n","protected":false},"featured_media":7789,"comment_status":"open","ping_status":"closed","template":"","meta":[],"product_cat":[103,74,110,54,116,63,108,57,73,1118,280,426,431,293,301,292,300,302,70,299,295,294,291,124,298,64],"product_tag":[485],"class_list":{"0":"post-7788","1":"product","2":"type-product","3":"status-publish","4":"has-post-thumbnail","6":"product_cat-studenten","7":"product_cat-bester-freund","8":"product_cat-freund","9":"product_cat-vatertag","10":"product_cat-frauen","11":"product_cat-mutter","12":"product_cat-maenner","13":"product_cat-oma","14":"product_cat-beste-freundin","15":"product_cat--freundin","16":"product_cat-geburtstagsgeschenke","17":"product_cat-nach-preis","18":"product_cat-unter-50-euro","19":"product_cat-geschenk-fuer-bruder","20":"product_cat-eltern","21":"product_cat-sohn","22":"product_cat--kollege","23":"product_cat--jungen","24":"product_cat-geschenke-fuer-jeden-anlass","25":"product_cat--chef","26":"product_cat--tochter","27":"product_cat--schwester","28":"product_cat-nerds","29":"product_cat-jungesellenabschied","30":"product_cat--ehefrau","31":"product_cat-vater","32":"product_tag-handykette","34":"first","35":"instock","36":"shipping-taxable","37":"product-type-external"},"_links":{"self":[{"href":"https:\/\/www.blogseite.com\/geschenke\/wp-json\/wp\/v2\/product\/7788"}],"collection":[{"href":"https:\/\/www.blogseite.com\/geschenke\/wp-json\/wp\/v2\/product"}],"about":[{"href":"https:\/\/www.blogseite.com\/geschenke\/wp-json\/wp\/v2\/types\/product"}],"replies":[{"embeddable":true,"href":"https:\/\/www.blogseite.com\/geschenke\/wp-json\/wp\/v2\/comments?post=7788"}],"wp:featuredmedia":[{"embeddable":true,"href":"https:\/\/www.blogseite.com\/geschenke\/wp-json\/wp\/v2\/media\/7789"}],"wp:attachment":[{"href":"https:\/\/www.blogseite.com\/geschenke\/wp-json\/wp\/v2\/media?parent=7788"}],"wp:term":[{"taxonomy":"product_cat","embeddable":true,"href":"https:\/\/www.blogseite.com\/geschenke\/wp-json\/wp\/v2\/product_cat?post=7788"},{"taxonomy":"product_tag","embeddable":true,"href":"https:\/\/www.blogseite.com\/geschenke\/wp-json\/wp\/v2\/product_tag?post=7788"}],"curies":[{"name":"wp","href":"https:\/\/api.w.org\/{rel}","templated":true}]}}