{"id":7768,"date":"2022-07-20T14:58:22","date_gmt":"2022-07-20T12:58:22","guid":{"rendered":"https:\/\/www.blogseite.com\/geschenke\/?post_type=product&#038;p=7768"},"modified":"2022-07-20T15:06:12","modified_gmt":"2022-07-20T13:06:12","slug":"radiowecker-als-iphone-ladestation","status":"publish","type":"product","link":"https:\/\/www.blogseite.com\/geschenke\/s\/radiowecker-als-iphone-ladestation\/","title":{"rendered":"Radiowecker als IPhone Ladestation"},"content":{"rendered":"<ul class=\"a-unordered-list a-vertical a-spacing-mini\">\n<li><span class=\"a-list-item\">\u301010 W SCHNELLES KABELLOSES\u3011LADENTop-Design f\u00fcr rutschfestes Aufladen! Es unterst\u00fctzt 5W\/7,5W\/10W adaptives Laden, mit dem Ihr Smartphone schnell und einfach aufgeladen werden kann. Kein Kabelsalat mehr oder stundenlanges Warten auf das Aufladen Ihres Telefons. Au\u00dferdem verf\u00fcgt es \u00fcber einen zus\u00e4tzlichen USB-Anschluss zum Aufladen anderer elektronischer Ger\u00e4te, z. B. eines zweiten Telefons, eines Netzteils oder einer Smartwatch.<\/span><\/li>\n<li><span class=\"a-list-item\">\u3010FM-RADIO &amp; SLEEP-TIMER\u3011Edler Radiowecker aus Holz mit einem Frequenzbereich von 87,5-108MHz. Damit k\u00f6nnen Sie ganz einfach Ihre Lieblingsradiosender einstellen und speichern. Mit einem Premium-Lautsprecher mit regelbarer Lautst\u00e4rke k\u00f6nnen Sie einen klaren und unverf\u00e4lschten Klang genie\u00dfen. Es gibt auch einen Sleep-Timer von 10 bis 120 Min. Eine praktische Zusatzfunktion.<\/span><\/li>\n<li><span class=\"a-list-item\">\u3010DIGITALES GRO\u00dfES LED-DISPLAY MIT 5-STUFEN-DIMMER\u3011 Dieses gro\u00dfe LED-Display erleichtert die Lesbarkeit auch im Schlafzimmer, Wohnzimmer, in der K\u00fcche und im B\u00fcro und eignet sich daher hervorragend f\u00fcr eingeschr\u00e4nkte Sicht. Mit der auf 5 Stufen dimmbaren LED-Anzeige finden Sie die perfekte Helligkeit und vermeiden helles Licht w\u00e4hrend der Nacht.<\/span><\/li>\n<li><span class=\"a-list-item\">\u3010ZWEI WECKT\u00d6NE\u3011 Wachen Sie mit dem klassischen Weckton oder Ihrem Lieblingsradiosender auf, und starten Sie mit guter Laune in den Tag! Dr\u00fccken Sie die Schlummertaste und Sie genie\u00dfen 9 Minuten zus\u00e4tzlichen Schlaf. Die Schlummertaste ist GROSS gestaltet, damit Sie sie leicht finden k\u00f6nnen, ohne Ihre Augen zu \u00f6ffnen.<\/span><\/li>\n<li><span class=\"a-list-item\">\u3010Einfache Bedienung &amp; Garantie\u3011Die Einstellung ist einfach mit den Schaltfl\u00e4chen auf der Oberseite vorzunehmen. ANJANK verspricht ein 30-t\u00e4giges R\u00fcckgaberecht und einen 24-Stunden-Kundendienst. Bitte f\u00fchlen Sie sich beim Kauf sicher!<\/span><\/li>\n<\/ul>\n","protected":false},"excerpt":{"rendered":"<p>\u301010 W SCHNELLES KABELLOSES\u3011LADENTop-Design f\u00fcr rutschfestes Aufladen! Es unterst\u00fctzt 5W\/7,5W\/10W adaptives Laden, mit dem Ihr Smartphone schnell und einfach aufgeladen werden kann. Kein Kabelsalat mehr oder stundenlanges Warten auf das Aufladen Ihres Telefons. Au\u00dferdem verf\u00fcgt es \u00fcber einen zus\u00e4tzlichen USB-Anschluss zum Aufladen anderer elektronischer Ger\u00e4te, z. B. eines zweiten Telefons, eines Netzteils oder einer Smartwatch. [&hellip;]<\/p>\n","protected":false},"featured_media":7769,"comment_status":"open","ping_status":"closed","template":"","meta":[],"product_cat":[103,74,110,54,116,63,108,57,73,1118,280,426,431,293,301,292,300,302,70,299,295,294,291,124,298,64],"product_tag":[1576,928],"class_list":{"0":"post-7768","1":"product","2":"type-product","3":"status-publish","4":"has-post-thumbnail","6":"product_cat-studenten","7":"product_cat-bester-freund","8":"product_cat-freund","9":"product_cat-vatertag","10":"product_cat-frauen","11":"product_cat-mutter","12":"product_cat-maenner","13":"product_cat-oma","14":"product_cat-beste-freundin","15":"product_cat--freundin","16":"product_cat-geburtstagsgeschenke","17":"product_cat-nach-preis","18":"product_cat-unter-50-euro","19":"product_cat-geschenk-fuer-bruder","20":"product_cat-eltern","21":"product_cat-sohn","22":"product_cat--kollege","23":"product_cat--jungen","24":"product_cat-geschenke-fuer-jeden-anlass","25":"product_cat--chef","26":"product_cat--tochter","27":"product_cat--schwester","28":"product_cat-nerds","29":"product_cat-jungesellenabschied","30":"product_cat--ehefrau","31":"product_cat-vater","32":"product_tag-radiowecker","33":"product_tag-wecker","35":"first","36":"instock","37":"shipping-taxable","38":"product-type-external"},"_links":{"self":[{"href":"https:\/\/www.blogseite.com\/geschenke\/wp-json\/wp\/v2\/product\/7768"}],"collection":[{"href":"https:\/\/www.blogseite.com\/geschenke\/wp-json\/wp\/v2\/product"}],"about":[{"href":"https:\/\/www.blogseite.com\/geschenke\/wp-json\/wp\/v2\/types\/product"}],"replies":[{"embeddable":true,"href":"https:\/\/www.blogseite.com\/geschenke\/wp-json\/wp\/v2\/comments?post=7768"}],"wp:featuredmedia":[{"embeddable":true,"href":"https:\/\/www.blogseite.com\/geschenke\/wp-json\/wp\/v2\/media\/7769"}],"wp:attachment":[{"href":"https:\/\/www.blogseite.com\/geschenke\/wp-json\/wp\/v2\/media?parent=7768"}],"wp:term":[{"taxonomy":"product_cat","embeddable":true,"href":"https:\/\/www.blogseite.com\/geschenke\/wp-json\/wp\/v2\/product_cat?post=7768"},{"taxonomy":"product_tag","embeddable":true,"href":"https:\/\/www.blogseite.com\/geschenke\/wp-json\/wp\/v2\/product_tag?post=7768"}],"curies":[{"name":"wp","href":"https:\/\/api.w.org\/{rel}","templated":true}]}}