{"id":7766,"date":"2022-07-20T14:56:41","date_gmt":"2022-07-20T12:56:41","guid":{"rendered":"https:\/\/www.blogseite.com\/geschenke\/?post_type=product&#038;p=7766"},"modified":"2022-07-20T14:57:56","modified_gmt":"2022-07-20T12:57:56","slug":"apple-iphone-13-pro-512-gb-sierrablau-%f0%9f%98%b1","status":"publish","type":"product","link":"https:\/\/www.blogseite.com\/geschenke\/s\/apple-iphone-13-pro-512-gb-sierrablau-%f0%9f%98%b1\/","title":{"rendered":"Apple iPhone 13 Pro (512 GB) &#8211; Sierrablau \ud83d\ude31"},"content":{"rendered":"<ul class=\"a-unordered-list a-vertical a-spacing-mini\">\n<li><span class=\"a-list-item\">6,1&#8243; Super Retina XDR Display mit ProMotion, das alles schneller und fl\u00fcssiger macht<\/span><\/li>\n<li><span class=\"a-list-item\">Der Kinomodus f\u00fcgt automatisch geringe Tiefensch\u00e4rfe hinzu und verschiebt den Fokus in deinen Videos<\/span><\/li>\n<li><span class=\"a-list-item\">Pro Kamera-System mit neuen 12 MP Tele\u2011, Weitwinkel\u2011 und Ultraweitwinkel-Objektiven; LiDAR Scanner; 6x optischer Zoombereich; Makrofotografie; Fotografische Stile, ProRes Video, Smart HDR 4, Nachtmodus, Apple ProRAW, 4K HDR Aufnahme mit Dolby Vision<\/span><\/li>\n<li><span class=\"a-list-item\">12 MP TrueDepth Frontkamera mit Nachtmodus, 4K HDR Aufnahme mit Dolby Vision<\/span><\/li>\n<li><span class=\"a-list-item\">A15 Bionic Chip f\u00fcr superschnelle Performance<\/span><\/li>\n<li><span class=\"a-list-item\">Bis zu 22 Std. Videowiedergabe<\/span><\/li>\n<li><span class=\"a-list-item\">Robustes Design mit Ceramic Shield<\/span><\/li>\n<\/ul>\n","protected":false},"excerpt":{"rendered":"<p>6,1&#8243; Super Retina XDR Display mit ProMotion, das alles schneller und fl\u00fcssiger macht Der Kinomodus f\u00fcgt automatisch geringe Tiefensch\u00e4rfe hinzu und verschiebt den Fokus in deinen Videos Pro Kamera-System mit neuen 12 MP Tele\u2011, Weitwinkel\u2011 und Ultraweitwinkel-Objektiven; LiDAR Scanner; 6x optischer Zoombereich; Makrofotografie; Fotografische Stile, ProRes Video, Smart HDR 4, Nachtmodus, Apple ProRAW, 4K HDR [&hellip;]<\/p>\n","protected":false},"featured_media":7767,"comment_status":"open","ping_status":"closed","template":"","meta":[],"product_cat":[103,74,110,54,116,63,108,57,73,1118,280,426,431,293,301,292,300,302,70,299,295,294,291,124,298,64],"product_tag":[687,1575],"class_list":{"0":"post-7766","1":"product","2":"type-product","3":"status-publish","4":"has-post-thumbnail","6":"product_cat-studenten","7":"product_cat-bester-freund","8":"product_cat-freund","9":"product_cat-vatertag","10":"product_cat-frauen","11":"product_cat-mutter","12":"product_cat-maenner","13":"product_cat-oma","14":"product_cat-beste-freundin","15":"product_cat--freundin","16":"product_cat-geburtstagsgeschenke","17":"product_cat-nach-preis","18":"product_cat-unter-50-euro","19":"product_cat-geschenk-fuer-bruder","20":"product_cat-eltern","21":"product_cat-sohn","22":"product_cat--kollege","23":"product_cat--jungen","24":"product_cat-geschenke-fuer-jeden-anlass","25":"product_cat--chef","26":"product_cat--tochter","27":"product_cat--schwester","28":"product_cat-nerds","29":"product_cat-jungesellenabschied","30":"product_cat--ehefrau","31":"product_cat-vater","32":"product_tag-handy","33":"product_tag-iphone","35":"first","36":"instock","37":"shipping-taxable","38":"product-type-external"},"_links":{"self":[{"href":"https:\/\/www.blogseite.com\/geschenke\/wp-json\/wp\/v2\/product\/7766"}],"collection":[{"href":"https:\/\/www.blogseite.com\/geschenke\/wp-json\/wp\/v2\/product"}],"about":[{"href":"https:\/\/www.blogseite.com\/geschenke\/wp-json\/wp\/v2\/types\/product"}],"replies":[{"embeddable":true,"href":"https:\/\/www.blogseite.com\/geschenke\/wp-json\/wp\/v2\/comments?post=7766"}],"wp:featuredmedia":[{"embeddable":true,"href":"https:\/\/www.blogseite.com\/geschenke\/wp-json\/wp\/v2\/media\/7767"}],"wp:attachment":[{"href":"https:\/\/www.blogseite.com\/geschenke\/wp-json\/wp\/v2\/media?parent=7766"}],"wp:term":[{"taxonomy":"product_cat","embeddable":true,"href":"https:\/\/www.blogseite.com\/geschenke\/wp-json\/wp\/v2\/product_cat?post=7766"},{"taxonomy":"product_tag","embeddable":true,"href":"https:\/\/www.blogseite.com\/geschenke\/wp-json\/wp\/v2\/product_tag?post=7766"}],"curies":[{"name":"wp","href":"https:\/\/api.w.org\/{rel}","templated":true}]}}