{"id":767,"date":"2020-12-03T09:19:11","date_gmt":"2020-12-03T08:19:11","guid":{"rendered":"https:\/\/geschenke.blogseite.com\/?post_type=product&#038;p=767"},"modified":"2022-04-06T10:00:51","modified_gmt":"2022-04-06T08:00:51","slug":"pomelo-best-damen-geldboerse-mehrfarbig-gestreift","status":"publish","type":"product","link":"https:\/\/www.blogseite.com\/geschenke\/s\/pomelo-best-damen-geldboerse-mehrfarbig-gestreift\/","title":{"rendered":"Pomelo Best Damen Geldb\u00f6rse Mehrfarbig gestreift"},"content":{"rendered":"<ul class=\"a-unordered-list a-vertical a-spacing-mini\">\n<li><span class=\"a-list-item\">Obermaterial: Lederimitat; Futter: Polyester<\/span><\/li>\n<li><span class=\"a-list-item\">Abmessung: 19.5 x 10.5 x 2.5cm, passend f\u00fcr iPhone 8 Plus<\/span><\/li>\n<li><span class=\"a-list-item\">Verschluss: Druckknopfverschluss; F\u00e4cher: Kartenf\u00e4cher f\u00fcr Bargeld, Handy, M\u00fcnzfach f\u00fcr Kleingeld\uff1bMuster: Mehrfarbig<\/span><\/li>\n<li><span class=\"a-list-item\">1 Rei\u00dfverschluss Hauptfach inklusive 2 Geldscheinf\u00e4cher mit 1 Rei\u00dfverschluss M\u00fcnzfach, 1 Sichtfach, 3 Steckf\u00e4cher und 12 Kartensteckf\u00e4cher<\/span><\/li>\n<li><span class=\"a-list-item\">Klassische Farbkombination, perfekt Einsatz an jedem Ort oder zu jeder Zeit und zu verschiedenen Klamotten<\/span><\/li>\n<\/ul>\n","protected":false},"excerpt":{"rendered":"<p>Obermaterial: Lederimitat; Futter: Polyester Abmessung: 19.5 x 10.5 x 2.5cm, passend f\u00fcr iPhone 8 Plus Verschluss: Druckknopfverschluss; F\u00e4cher: Kartenf\u00e4cher f\u00fcr Bargeld, Handy, M\u00fcnzfach f\u00fcr Kleingeld\uff1bMuster: Mehrfarbig 1 Rei\u00dfverschluss Hauptfach inklusive 2 Geldscheinf\u00e4cher mit 1 Rei\u00dfverschluss M\u00fcnzfach, 1 Sichtfach, 3 Steckf\u00e4cher und 12 Kartensteckf\u00e4cher Klassische Farbkombination, perfekt Einsatz an jedem Ort oder zu jeder Zeit und [&hellip;]<\/p>\n","protected":false},"featured_media":768,"comment_status":"open","ping_status":"closed","template":"","meta":[],"product_cat":[78,116,63,45,73,426,430,431,70],"product_tag":[586,76,61,200],"class_list":{"0":"post-767","1":"product","2":"type-product","3":"status-publish","4":"has-post-thumbnail","6":"product_cat-weihnachtsgeschenke","7":"product_cat-frauen","8":"product_cat-mutter","9":"product_cat-freundin","10":"product_cat-beste-freundin","11":"product_cat-nach-preis","12":"product_cat-unter-20-euro","13":"product_cat-unter-50-euro","14":"product_cat-geschenke-fuer-jeden-anlass","15":"product_tag-frauen-geldboerse","16":"product_tag-geschenk-beste-freundin","17":"product_tag-geschenk-freundin","18":"product_tag-geschenk-mutter","20":"first","21":"instock","22":"shipping-taxable","23":"product-type-external"},"_links":{"self":[{"href":"https:\/\/www.blogseite.com\/geschenke\/wp-json\/wp\/v2\/product\/767"}],"collection":[{"href":"https:\/\/www.blogseite.com\/geschenke\/wp-json\/wp\/v2\/product"}],"about":[{"href":"https:\/\/www.blogseite.com\/geschenke\/wp-json\/wp\/v2\/types\/product"}],"replies":[{"embeddable":true,"href":"https:\/\/www.blogseite.com\/geschenke\/wp-json\/wp\/v2\/comments?post=767"}],"wp:featuredmedia":[{"embeddable":true,"href":"https:\/\/www.blogseite.com\/geschenke\/wp-json\/wp\/v2\/media\/768"}],"wp:attachment":[{"href":"https:\/\/www.blogseite.com\/geschenke\/wp-json\/wp\/v2\/media?parent=767"}],"wp:term":[{"taxonomy":"product_cat","embeddable":true,"href":"https:\/\/www.blogseite.com\/geschenke\/wp-json\/wp\/v2\/product_cat?post=767"},{"taxonomy":"product_tag","embeddable":true,"href":"https:\/\/www.blogseite.com\/geschenke\/wp-json\/wp\/v2\/product_tag?post=767"}],"curies":[{"name":"wp","href":"https:\/\/api.w.org\/{rel}","templated":true}]}}