{"id":708,"date":"2020-12-01T14:37:25","date_gmt":"2020-12-01T13:37:25","guid":{"rendered":"https:\/\/geschenke.blogseite.com\/?post_type=product&#038;p=708"},"modified":"2022-04-06T10:08:25","modified_gmt":"2022-04-06T08:08:25","slug":"sportplus-fitness-trampolin","status":"publish","type":"product","link":"https:\/\/www.blogseite.com\/geschenke\/s\/sportplus-fitness-trampolin\/","title":{"rendered":"SportPlus Fitness-Trampolin"},"content":{"rendered":"<ul class=\"a-unordered-list a-vertical a-spacing-mini\">\n<li><span class=\"a-list-item\">FITNESS-TRAMPOLIN: Farbe: schwarz-gr\u00fcn; \u00d8 Trampolin ca.126cm (von Ecke zur Ecke); \u00d8 Sprungtuch ca. 95cm (Ecke zur Ecke); Benutzergewicht bis 130kg; T\u00dcV S\u00dcD gepr\u00fcft nach Klasse H, PPP 53371A: 2014<\/span><\/li>\n<li><span class=\"a-list-item\">LIEFERUMFANG: Fitness Trampolin, 36 Gummiseile, 5-fach h\u00f6henverstellbarer Griff, Randabdeckung, Spezialwerkzeug zum Spannen der Seile, detaillierte Aufbauanleitung<\/span><\/li>\n<li><span class=\"a-list-item\">DETAILS: Gelenkschonende &amp; leise Federung; ideal f\u00fcr Jumping Fitness \u00dcbungen; abschraubbare Standbeine; rutschfeste Gummif\u00fc\u00dfe; Trampolin hebt beim Springen nicht ab<\/span><\/li>\n<li><span class=\"a-list-item\">GRIFF: 5-fach h\u00f6henverstellbarer Griff gemessen vom Sprungtuch ca. 82, 90, 99, 108 und 117 cm; komplette Demontage der Haltestange mit Griff mit wenigen Handgriffen m\u00f6glich<\/span><\/li>\n<li><span class=\"a-list-item\">AUFBAU: Unsere hochwertigen Gummiseile sind sehr zugfest, damit sie nicht so schnell ausleiern. Daher sind die Seile etwas schwerer zu spannen. Am besten geht es zu zweit. Die M\u00fche lohnt sich!<\/span><\/li>\n<\/ul>\n","protected":false},"excerpt":{"rendered":"<p>FITNESS-TRAMPOLIN: Farbe: schwarz-gr\u00fcn; \u00d8 Trampolin ca.126cm (von Ecke zur Ecke); \u00d8 Sprungtuch ca. 95cm (Ecke zur Ecke); Benutzergewicht bis 130kg; T\u00dcV S\u00dcD gepr\u00fcft nach Klasse H, PPP 53371A: 2014 LIEFERUMFANG: Fitness Trampolin, 36 Gummiseile, 5-fach h\u00f6henverstellbarer Griff, Randabdeckung, Spezialwerkzeug zum Spannen der Seile, detaillierte Aufbauanleitung DETAILS: Gelenkschonende &amp; leise Federung; ideal f\u00fcr Jumping Fitness \u00dcbungen; [&hellip;]<\/p>\n","protected":false},"featured_media":709,"comment_status":"open","ping_status":"closed","template":"","meta":[],"product_cat":[78,116,63,53,45,73,280,426,434,432,433,70],"product_tag":[678,114,92,115,677],"class_list":{"0":"post-708","1":"product","2":"type-product","3":"status-publish","4":"has-post-thumbnail","6":"product_cat-weihnachtsgeschenke","7":"product_cat-frauen","8":"product_cat-mutter","9":"product_cat-muttertag","10":"product_cat-freundin","11":"product_cat-beste-freundin","12":"product_cat-geburtstagsgeschenke","13":"product_cat-nach-preis","14":"product_cat-ueber-100-euro","15":"product_cat-ueber-35-euro","16":"product_cat-ueber-40-euro","17":"product_cat-geschenke-fuer-jeden-anlass","18":"product_tag-fitnessgert","19":"product_tag-geschenk-fuer-beste-freundin","20":"product_tag-geschenk-fuer-freundin","21":"product_tag-geschenk-fuer-geburtstag","22":"product_tag-trampolin","24":"first","25":"instock","26":"shipping-taxable","27":"product-type-external"},"_links":{"self":[{"href":"https:\/\/www.blogseite.com\/geschenke\/wp-json\/wp\/v2\/product\/708"}],"collection":[{"href":"https:\/\/www.blogseite.com\/geschenke\/wp-json\/wp\/v2\/product"}],"about":[{"href":"https:\/\/www.blogseite.com\/geschenke\/wp-json\/wp\/v2\/types\/product"}],"replies":[{"embeddable":true,"href":"https:\/\/www.blogseite.com\/geschenke\/wp-json\/wp\/v2\/comments?post=708"}],"wp:featuredmedia":[{"embeddable":true,"href":"https:\/\/www.blogseite.com\/geschenke\/wp-json\/wp\/v2\/media\/709"}],"wp:attachment":[{"href":"https:\/\/www.blogseite.com\/geschenke\/wp-json\/wp\/v2\/media?parent=708"}],"wp:term":[{"taxonomy":"product_cat","embeddable":true,"href":"https:\/\/www.blogseite.com\/geschenke\/wp-json\/wp\/v2\/product_cat?post=708"},{"taxonomy":"product_tag","embeddable":true,"href":"https:\/\/www.blogseite.com\/geschenke\/wp-json\/wp\/v2\/product_tag?post=708"}],"curies":[{"name":"wp","href":"https:\/\/api.w.org\/{rel}","templated":true}]}}