{"id":5850,"date":"2022-06-15T10:30:59","date_gmt":"2022-06-15T08:30:59","guid":{"rendered":"https:\/\/www.blogseite.com\/geschenke\/?post_type=product&#038;p=5850"},"modified":"2022-06-15T10:33:58","modified_gmt":"2022-06-15T08:33:58","slug":"tiakia-fahrrad-pumpe-mini-260psi-hoher-druck","status":"publish","type":"product","link":"https:\/\/www.blogseite.com\/geschenke\/s\/tiakia-fahrrad-pumpe-mini-260psi-hoher-druck\/","title":{"rendered":"Tiakia Fahrrad Pumpe Mini 260PSI Hoher Druck"},"content":{"rendered":"<ul class=\"a-unordered-list a-vertical a-spacing-mini\">\n<li><span class=\"a-list-item\">Kompatibel mit AV\/DV\/SV\u3011 Der Neueste Mini Pump Style- Tragbare mini handpumpe luftpumpe. Der schlauch ist getrennt, der universell an die inflationsschnittstelle angepasst werden kann. \ud83d\udd17Es ist mit 3 ventiltypen kompatibel: Presta-Ventil (FV\/PV), Schrader-Ventil (AV), Dunlop-Ventil (DV\/EV). Und mit ballnadeln k\u00f6nnen b\u00e4lle, schwimmringe und andere aufblasbare spielzeuge aufgeblasen werden.<\/span><\/li>\n<li><span class=\"a-list-item\">\u3010Einfache Inflation- 260 PSI\u3011Hoher Luftdruck- Der maximale druck dieser fahrradluftpumpe erreicht 260 PSI! \ud83d\udd17Der durchbruch des neuen designs liegt darin, ein gleichgewicht zwischen Arbeits- und Zeitersparnis im am besten geeigneten winkel zu erreichen! Daher ist diese luftpumpe viel weniger arbeitssparend als herk\u00f6mmliche pumpen, und die aufblaseffizienz wird stark verbessert. Auch jugendliche k\u00f6nnen es ohne belastung, m\u00fchelos und effizient nutzen.<\/span><\/li>\n<li><span class=\"a-list-item\">\u3010Super Multi-Szenen-Anwendung\u3011In einem schritt kann diese luftpumpe verschiedene aufblasbed\u00fcrfnisse gleichzeitig erf\u00fcllen! \ud83d\udd17Wie mountainbikes, rennwagen, fahrr\u00e4der, BMX, gel\u00e4ndewagen, rollst\u00fchle, kinderwagen. Alle arten von b\u00e4llen: basketball, fu\u00dfball, rugby, luftballons, aufblasbares spielzeug und so weiter. In diesen szenarien k\u00f6nnen sie die hervorragende leistung dieser minipumpe sehen.<\/span><\/li>\n<li><span class=\"a-list-item\">\u3010Haltbare Qualit\u00e4t\u3011Diese mini handpumpe besteht aus einer hochfesten aluminiumlegierung, die st\u00e4rker, leichter und langlebiger ist. Nicht leicht zu brechen und zu besch\u00e4digen. Nachdem die oberfl\u00e4che der pumpe eloxiert wurde, hat sie eine bessere korrosionsbest\u00e4ndigkeit. \ud83d\udd17Der aufblasbare anschluss ist abgedichtet und verbunden, sodass sie sich keine sorgen \u00fcber luftlecks machen m\u00fcssen. Die klassische farbgebung schwarz + rot ist gro\u00dfz\u00fcgig und voller enthusiasmus.<\/span><\/li>\n<li><span class=\"a-list-item\">\u3010Tragbar und Leicht\u3011Diese mini luftpumpe ist ca. 335 mm hoch, die schlauchl\u00e4nge betr\u00e4gt ca. 127 mm und das gewicht betr\u00e4gt ca. 160 g, was ungef\u00e4hr dem gewicht eines mobiltelefons entspricht. Pumpe und aufbewahrung sind integriert, zur aufbewahrung der pumpe und anderer kleinteile ist eine aufbewahrungskiste angebracht. \ud83d\udd17Die gesamte fahrradpumpe kann am fahrradstock montiert werden, was eine ideale l\u00f6sung f\u00fcr outdoor-fahrradreisen ist.<\/span><\/li>\n<\/ul>\n","protected":false},"excerpt":{"rendered":"<p><span class=\"a-list-item\">Der Neueste Mini Pump Style- Tragbare mini handpumpe luftpumpe. Der schlauch ist getrennt, der universell an die inflationsschnittstelle angepasst werden kann. \ud83d\udd17Es ist mit 3 ventiltypen kompatibel: Presta-Ventil (FV\/PV), Schrader-Ventil (AV), Dunlop-Ventil (DV\/EV). Und mit ballnadeln k\u00f6nnen b\u00e4lle, schwimmringe und andere aufblasbare spielzeuge aufgeblasen werden.<\/span><\/p>\n","protected":false},"featured_media":5851,"comment_status":"open","ping_status":"closed","template":"","meta":[],"product_cat":[746,103,74,110,54,116,63,108,426,431,293,301,292,300,302,70,299,295,294,291,298,64],"product_tag":[579],"class_list":{"0":"post-5850","1":"product","2":"type-product","3":"status-publish","4":"has-post-thumbnail","6":"product_cat--fit-fuer-den-fruehling","7":"product_cat-studenten","8":"product_cat-bester-freund","9":"product_cat-freund","10":"product_cat-vatertag","11":"product_cat-frauen","12":"product_cat-mutter","13":"product_cat-maenner","14":"product_cat-nach-preis","15":"product_cat-unter-50-euro","16":"product_cat-geschenk-fuer-bruder","17":"product_cat-eltern","18":"product_cat-sohn","19":"product_cat--kollege","20":"product_cat--jungen","21":"product_cat-geschenke-fuer-jeden-anlass","22":"product_cat--chef","23":"product_cat--tochter","24":"product_cat--schwester","25":"product_cat-nerds","26":"product_cat--ehefrau","27":"product_cat-vater","28":"product_tag-luftpumpe","30":"first","31":"instock","32":"shipping-taxable","33":"product-type-external"},"_links":{"self":[{"href":"https:\/\/www.blogseite.com\/geschenke\/wp-json\/wp\/v2\/product\/5850"}],"collection":[{"href":"https:\/\/www.blogseite.com\/geschenke\/wp-json\/wp\/v2\/product"}],"about":[{"href":"https:\/\/www.blogseite.com\/geschenke\/wp-json\/wp\/v2\/types\/product"}],"replies":[{"embeddable":true,"href":"https:\/\/www.blogseite.com\/geschenke\/wp-json\/wp\/v2\/comments?post=5850"}],"wp:featuredmedia":[{"embeddable":true,"href":"https:\/\/www.blogseite.com\/geschenke\/wp-json\/wp\/v2\/media\/5851"}],"wp:attachment":[{"href":"https:\/\/www.blogseite.com\/geschenke\/wp-json\/wp\/v2\/media?parent=5850"}],"wp:term":[{"taxonomy":"product_cat","embeddable":true,"href":"https:\/\/www.blogseite.com\/geschenke\/wp-json\/wp\/v2\/product_cat?post=5850"},{"taxonomy":"product_tag","embeddable":true,"href":"https:\/\/www.blogseite.com\/geschenke\/wp-json\/wp\/v2\/product_tag?post=5850"}],"curies":[{"name":"wp","href":"https:\/\/api.w.org\/{rel}","templated":true}]}}