{"id":5848,"date":"2022-06-15T10:29:00","date_gmt":"2022-06-15T08:29:00","guid":{"rendered":"https:\/\/www.blogseite.com\/geschenke\/?post_type=product&#038;p=5848"},"modified":"2022-06-15T10:30:44","modified_gmt":"2022-06-15T08:30:44","slug":"velochampion-alloy-7-mini-fahrradpumpe-%f0%9f%98%83","status":"publish","type":"product","link":"https:\/\/www.blogseite.com\/geschenke\/s\/velochampion-alloy-7-mini-fahrradpumpe-%f0%9f%98%83\/","title":{"rendered":"VeloChampion Alloy 7 Mini Fahrradpumpe \ud83d\ude03"},"content":{"rendered":"<ul class=\"a-unordered-list a-vertical a-spacing-mini\">\n<li><span class=\"a-list-item\">ZUVERL\u00c4SSIG UND LANGLEBIG \u2013 Wurde aus hochwertiger Aluminiumlegierung mit langlebigen und pr\u00e4zisen Teilen hergestellt, um so eine sichere und angenehme Fahrt gew\u00e4hrleisten zu k\u00f6nnen. \u00dcberdauert andere billige Modelle aus Kunststoffteilen.<\/span><\/li>\n<li><span class=\"a-list-item\">MAX 100 PSI \/ 6.9 BAR HOCHDRUCKKAPAZIT\u00c4T \u2013 Die Velochampion Legierungs 7 Mini Radpumpe Spart ihnen Zeit und Energie beim Umgang mit einem platen Reifen und bringt Sie schnell wieder auf die Stra\u00dfen<\/span><\/li>\n<li><span class=\"a-list-item\">RAD RAHMENMONTAGE- Haftet sicher an Ihrem Fahhrad und h\u00e4lt die tragbare Luftpumpe fest. Ist leicht und dennoch stark und ist leicht zu transportieren<\/span><\/li>\n<li><span class=\"a-list-item\">PRESTA AND SCHRADER KOMPATIBEL \u2013 Kommt mit einer umkehrbaren Presta und Schrader Ventilbefestigung und gew\u00e4hrleistet eine ideale Pumpe f\u00fcr den Stra\u00dfen und Mountenbike gebrauch. Die Luftpumpe erm\u00f6glicht eine dichte Abdeckung ohne Luftlecks<\/span><\/li>\n<li><span class=\"a-list-item\">ALLOY 7 MINI BIKE PUMPE IST GROSSARTIG F\u00dcR &#8211; Ideal f\u00fcr Stra\u00dfe, Mountainbike, BMX, Cyclocross, Hybrid Bikes &amp; Kinderwagen \/ Buggys<\/span><\/li>\n<\/ul>\n","protected":false},"excerpt":{"rendered":"<p><span class=\"a-list-item\">Wurde aus hochwertiger Aluminiumlegierung mit langlebigen und pr\u00e4zisen Teilen hergestellt, um so eine sichere und angenehme Fahrt gew\u00e4hrleisten zu k\u00f6nnen. \u00dcberdauert andere billige Modelle aus Kunststoffteilen. Die Velochampion Legierungs 7 Mini Radpumpe Spart ihnen Zeit und Energie beim Umgang mit einem platen Reifen und bringt Sie schnell wieder auf die Stra\u00dfen<\/span><\/p>\n","protected":false},"featured_media":5849,"comment_status":"open","ping_status":"closed","template":"","meta":[],"product_cat":[746,103,74,110,54,116,63,108,426,431,293,301,292,300,302,70,299,295,294,291,298,64],"product_tag":[579],"class_list":{"0":"post-5848","1":"product","2":"type-product","3":"status-publish","4":"has-post-thumbnail","6":"product_cat--fit-fuer-den-fruehling","7":"product_cat-studenten","8":"product_cat-bester-freund","9":"product_cat-freund","10":"product_cat-vatertag","11":"product_cat-frauen","12":"product_cat-mutter","13":"product_cat-maenner","14":"product_cat-nach-preis","15":"product_cat-unter-50-euro","16":"product_cat-geschenk-fuer-bruder","17":"product_cat-eltern","18":"product_cat-sohn","19":"product_cat--kollege","20":"product_cat--jungen","21":"product_cat-geschenke-fuer-jeden-anlass","22":"product_cat--chef","23":"product_cat--tochter","24":"product_cat--schwester","25":"product_cat-nerds","26":"product_cat--ehefrau","27":"product_cat-vater","28":"product_tag-luftpumpe","30":"first","31":"instock","32":"shipping-taxable","33":"product-type-external"},"_links":{"self":[{"href":"https:\/\/www.blogseite.com\/geschenke\/wp-json\/wp\/v2\/product\/5848"}],"collection":[{"href":"https:\/\/www.blogseite.com\/geschenke\/wp-json\/wp\/v2\/product"}],"about":[{"href":"https:\/\/www.blogseite.com\/geschenke\/wp-json\/wp\/v2\/types\/product"}],"replies":[{"embeddable":true,"href":"https:\/\/www.blogseite.com\/geschenke\/wp-json\/wp\/v2\/comments?post=5848"}],"wp:featuredmedia":[{"embeddable":true,"href":"https:\/\/www.blogseite.com\/geschenke\/wp-json\/wp\/v2\/media\/5849"}],"wp:attachment":[{"href":"https:\/\/www.blogseite.com\/geschenke\/wp-json\/wp\/v2\/media?parent=5848"}],"wp:term":[{"taxonomy":"product_cat","embeddable":true,"href":"https:\/\/www.blogseite.com\/geschenke\/wp-json\/wp\/v2\/product_cat?post=5848"},{"taxonomy":"product_tag","embeddable":true,"href":"https:\/\/www.blogseite.com\/geschenke\/wp-json\/wp\/v2\/product_tag?post=5848"}],"curies":[{"name":"wp","href":"https:\/\/api.w.org\/{rel}","templated":true}]}}