{"id":5631,"date":"2022-06-12T21:01:03","date_gmt":"2022-06-12T19:01:03","guid":{"rendered":"https:\/\/www.blogseite.com\/geschenke\/?post_type=product&#038;p=5631"},"modified":"2022-06-12T21:02:40","modified_gmt":"2022-06-12T19:02:40","slug":"so-wird-dein-handy-nicht-heiss-handykuehler-%f0%9f%a5%b3","status":"publish","type":"product","link":"https:\/\/www.blogseite.com\/geschenke\/s\/so-wird-dein-handy-nicht-heiss-handykuehler-%f0%9f%a5%b3\/","title":{"rendered":"So wird dein Handy nicht hei\u00df! Handyk\u00fchler \ud83e\udd73"},"content":{"rendered":"<ul class=\"a-unordered-list a-vertical a-spacing-mini\">\n<li><span class=\"a-list-item\">\u3010\ud835\udc0d\ud835\udc1e\ud835\udc2e\ud835\udc1e\ud835\udc2c \ud835\udc14\ud835\udc29\ud835\udc20\ud835\udc2b\ud835\udc1a\ud835\udc1d\ud835\udc1e \ud835\udc22\ud835\udc26 \ud835\udc09\ud835\udc1a\ud835\udc21\ud835\udc2b 2022 \u3011Das neue K\u00fchlpad ist aus hochdichtem Polyester-Composite-PVC mit 0,4 mm Dicke, wasserdicht, kratzfest, verschlei\u00dffest und haltbarer! Und dr\u00fccken Sie die Seite mit starkem Druck zweimal an, sorgen Sie sich nicht um Gelverlust. Wenn Ihr Haustier jedoch ernster und zerst\u00f6rerischer ist, sollten Sie dies nat\u00fcrlich vor der Bestellung ber\u00fccksichtigen!<\/span><\/li>\n<li><span class=\"a-list-item\">\u3010\ud835\udc12\ud835\udc1e\ud835\udc25\ud835\udc1b\ud835\udc2c\ud835\udc2d\ud835\udc24\ud835\udc2e\ud835\udc21\ud835\udc25\ud835\udc2e\ud835\udc27\ud835\udc20\u3011 Das interne Material ist ein 100% ungiftiges Gel, das f\u00fcr Menschen und Haustiere sicher ist. Sie m\u00fcssen kein Wasser hinzuf\u00fcgen, einfrieren oder k\u00fchlen! Das Gel-Pad ist eine der sichersten und effektivsten L\u00f6sungen, um Ihr Haustier w\u00e4hrend der Hitzewelle k\u00fchl zu halten. Ohne zu einfrieren, k\u00fchlt das Gelmatte allm\u00e4hlich seine K\u00f6rpertemperatur ab, sorgt f\u00fcr zus\u00e4tzlichen Komfort f\u00fcr das Haustier, beruhigt und verhindert \u00dcberhitzung und Austrocknung.<\/span><\/li>\n<li><span class=\"a-list-item\">\u3010\ud835\udc04\ud835\udc22\ud835\udc27\ud835\udc1f\ud835\udc1a\ud835\udc1c\ud835\udc21 \ud835\udc33\ud835\udc2e \ud835\udc2b\ud835\udc1e\ud835\udc22\ud835\udc27\ud835\udc22\ud835\udc20\ud835\udc1e\ud835\udc27 \ud835\udc2e\ud835\udc27\ud835\udc1d \ud835\udc33\ud835\udc2e \ud835\udc2c\ud835\udc29\ud835\udc1a\ud835\udc2b\ud835\udc1e\ud835\udc27\u3011 Spr\u00fchen Sie einfach etwas Wasser auf die Oberfl\u00e4che und wischen Sie es mit einer weichen B\u00fcrste oder einem Schwamm ab. Kann nicht in der Maschine gewaschen werden. Durch das zusammenklappbare Design k\u00f6nnen Sie es einfach \u00fcberall aufbewahren oder transportieren.<\/span><\/li>\n<li><span class=\"a-list-item\">\u3010\ud835\udc01\ud835\udc2b\ud835\udc1e\ud835\udc22\ud835\udc2d\ud835\udc1e\ud835\udc2c \ud835\udc15\ud835\udc1e\ud835\udc2b\ud835\udc30\ud835\udc1e\ud835\udc27\ud835\udc1d\ud835\udc2e\ud835\udc27\ud835\udc20\ud835\udc2c\ud835\udc33\ud835\udc30\ud835\udc1e\ud835\udc1c\ud835\udc24\u3011 Unsere K\u00fchlmatten k\u00f6nnen in Hundebetten, Kisten, Zwingern, Sofas, B\u00f6den oder auf dem R\u00fccksitz eines Autos verwendet werden. Es kann nicht nur als Haustierk\u00fchlmatten verwendet werden, sondern auch als Matten, Sitzmatten oder Computerk\u00fchlmatten. Das Multifunktionspad ist f\u00fcr Haustiere und Menschen geeignet.<\/span><\/li>\n<li><span class=\"a-list-item\">\u3010\ud835\udc07\ud835\udc22\ud835\udc27\ud835\udc30\ud835\udc1e\ud835\udc22\ud835\udc2c\u3011Andere Sch\u00e4den, die durch Zerrei\u00dfen oder Abrieb entstehen. Wenn Ihr Produkt defekt ist, wenden Sie sich bitte an das Pecute-Kundensupport-Team. Wir helfen Ihnen bei der R\u00fccksendung und beim Austausch.<\/span><\/li>\n<\/ul>\n","protected":false},"excerpt":{"rendered":"<p>t<\/p>\n","protected":false},"featured_media":5632,"comment_status":"open","ping_status":"closed","template":"","meta":[],"product_cat":[814,78,227,103,74,110,58,54,116,63,53,45,108,73,1118,280,426,431,293,301,292,300,70,299,295,294,296,298,64],"product_tag":[1122],"class_list":{"0":"post-5631","1":"product","2":"type-product","3":"status-publish","4":"has-post-thumbnail","6":"product_cat-zuhause","7":"product_cat-weihnachtsgeschenke","8":"product_cat-tiere","9":"product_cat-studenten","10":"product_cat-bester-freund","11":"product_cat-freund","12":"product_cat-opa","13":"product_cat-vatertag","14":"product_cat-frauen","15":"product_cat-mutter","16":"product_cat-muttertag","17":"product_cat-freundin","18":"product_cat-maenner","19":"product_cat-beste-freundin","20":"product_cat--freundin","21":"product_cat-geburtstagsgeschenke","22":"product_cat-nach-preis","23":"product_cat-unter-50-euro","24":"product_cat-geschenk-fuer-bruder","25":"product_cat-eltern","26":"product_cat-sohn","27":"product_cat--kollege","28":"product_cat-geschenke-fuer-jeden-anlass","29":"product_cat--chef","30":"product_cat--tochter","31":"product_cat--schwester","32":"product_cat--schwiegermutter","33":"product_cat--ehefrau","34":"product_cat-vater","35":"product_tag-handykuehler","37":"first","38":"instock","39":"shipping-taxable","40":"product-type-external"},"_links":{"self":[{"href":"https:\/\/www.blogseite.com\/geschenke\/wp-json\/wp\/v2\/product\/5631"}],"collection":[{"href":"https:\/\/www.blogseite.com\/geschenke\/wp-json\/wp\/v2\/product"}],"about":[{"href":"https:\/\/www.blogseite.com\/geschenke\/wp-json\/wp\/v2\/types\/product"}],"replies":[{"embeddable":true,"href":"https:\/\/www.blogseite.com\/geschenke\/wp-json\/wp\/v2\/comments?post=5631"}],"wp:featuredmedia":[{"embeddable":true,"href":"https:\/\/www.blogseite.com\/geschenke\/wp-json\/wp\/v2\/media\/5632"}],"wp:attachment":[{"href":"https:\/\/www.blogseite.com\/geschenke\/wp-json\/wp\/v2\/media?parent=5631"}],"wp:term":[{"taxonomy":"product_cat","embeddable":true,"href":"https:\/\/www.blogseite.com\/geschenke\/wp-json\/wp\/v2\/product_cat?post=5631"},{"taxonomy":"product_tag","embeddable":true,"href":"https:\/\/www.blogseite.com\/geschenke\/wp-json\/wp\/v2\/product_tag?post=5631"}],"curies":[{"name":"wp","href":"https:\/\/api.w.org\/{rel}","templated":true}]}}