{"id":5610,"date":"2022-06-12T20:08:24","date_gmt":"2022-06-12T18:08:24","guid":{"rendered":"https:\/\/www.blogseite.com\/geschenke\/?post_type=product&#038;p=5610"},"modified":"2022-06-12T20:10:34","modified_gmt":"2022-06-12T18:10:34","slug":"bester-reiskocher-zum-verschenken-%e2%ad%90%ef%b8%8f%f0%9f%98%8d","status":"publish","type":"product","link":"https:\/\/www.blogseite.com\/geschenke\/s\/bester-reiskocher-zum-verschenken-%e2%ad%90%ef%b8%8f%f0%9f%98%8d\/","title":{"rendered":"Bester Reiskocher zum verschenken?! \u2b50\ufe0f\ud83d\ude0d"},"content":{"rendered":"<ul class=\"a-unordered-list a-vertical a-spacing-mini\">\n<li><span class=\"a-list-item\">\u30107 Sportmodi &amp; Aktivit\u00e4tsverfolgung\u3011Diese Smartwatch verf\u00fcgt \u00fcber 7 Sportmodi (Gehen, Laufen, Radfahren, Seilspringen, Badminton, Basketball, Fu\u00dfball). Die Smartwatch ist mit dem GPS Ihres Smartphones verbunden. Sie k\u00f6nnen mit der Uhr auch Ihre Aktivit\u00e4ten wie Schritte, Kalorien, Distanz und t\u00e4gliche Aktivit\u00e4tszeit verfolgen, die erm\u00f6glicht Ihnen, wissenschaftlicher zu trainieren.<\/span><\/li>\n<li><span class=\"a-list-item\">\u3010Gesundheitsmonitor\u3011Diese Smartwatch achtet immer auf Ihre k\u00f6rperliche und geistige Gesundheit. Der eingebaute Bewegungssensor mit der Hochleistung \u00fcberwacht und erkennt automatisch Ihren Blutdruck, Blutsauerstoff, Schlaf und Ihre Echtzeit-Herzfrequenz. Achtung: Diese Daten dienen nur als Fitness Referenz aber nicht als medizinische Referenz.<\/span><\/li>\n<li><span class=\"a-list-item\">\u3010Intelligente Benachrichtigung\u3011Wenn sich Ihr Telefon in der N\u00e4he befindet, k\u00f6nnen Sie die Benachrichtigungen von Anrufen, Nachrichten, Facebook, Twitter und Apps erhalten. Die Smartwatch kann den Namen oder die Telefonnummer des Anrufers anzeigen. Wenn Sie Ihr Handgelenk anheben, wird der Bildschirm automatisch eingeschaltet, damit Sie die empfangenen Nachrichten \u00fcberpr\u00fcfen k\u00f6nnen.<\/span><\/li>\n<li><span class=\"a-list-item\">\u3010Automatische Schlaf\u00fcberwachung\u3011Nachdem Sie eingeschlafen sind, wird die Smartwatch automatisch Ihren Schlaf \u00fcberwachen. Die Uhr wird tiefe und leichte Schlafzeit aufzeichnen. Au\u00dferdem gibt es Funktionen wie Wettervorhersage, Timer, Sitzende Erinnerung, Musiksteuerung usw.<\/span><\/li>\n<li><span class=\"a-list-item\">\u3010Benutzerdefinierte Zifferbl\u00e4tter &amp; Kompatibilit\u00e4t\u3011Die Smartwatch unterst\u00fctzt benutzerdefinierte Hintergrundbilder. Sie k\u00f6nnen Ihre Lieblingsfotos hochladen und festlegen. Die App HeroBandIII ist mit Smartphones mit Android 4.4 oder iOS 9.0 oder h\u00f6her, Bluetooth 4.0 oder h\u00f6her kompatibel.<\/span><\/li>\n<\/ul>\n","protected":false},"excerpt":{"rendered":"<p>\u30107 Sportmodi &amp; Aktivit\u00e4tsverfolgung\u3011Diese Smartwatch verf\u00fcgt \u00fcber 7 Sportmodi (Gehen, Laufen, Radfahren, Seilspringen, Badminton, Basketball, Fu\u00dfball). Die Smartwatch ist mit dem GPS Ihres Smartphones verbunden. Sie k\u00f6nnen mit der Uhr auch Ihre Aktivit\u00e4ten wie Schritte, Kalorien, Distanz und t\u00e4gliche Aktivit\u00e4tszeit verfolgen, die erm\u00f6glicht Ihnen, wissenschaftlicher zu trainieren. \u3010Gesundheitsmonitor\u3011Diese Smartwatch achtet immer auf Ihre k\u00f6rperliche und [&hellip;]<\/p>\n","protected":false},"featured_media":5611,"comment_status":"open","ping_status":"closed","template":"","meta":[],"product_cat":[814,78,103,74,110,58,54,116,63,53,45,108,57,73,280,55,426,431,293,301,292,300,70,299,295,294,296,298,64],"product_tag":[1115,1114],"class_list":{"0":"post-5610","1":"product","2":"type-product","3":"status-publish","4":"has-post-thumbnail","6":"product_cat-zuhause","7":"product_cat-weihnachtsgeschenke","8":"product_cat-studenten","9":"product_cat-bester-freund","10":"product_cat-freund","11":"product_cat-opa","12":"product_cat-vatertag","13":"product_cat-frauen","14":"product_cat-mutter","15":"product_cat-muttertag","16":"product_cat-freundin","17":"product_cat-maenner","18":"product_cat-oma","19":"product_cat-beste-freundin","20":"product_cat-geburtstagsgeschenke","21":"product_cat-valentinstag","22":"product_cat-nach-preis","23":"product_cat-unter-50-euro","24":"product_cat-geschenk-fuer-bruder","25":"product_cat-eltern","26":"product_cat-sohn","27":"product_cat--kollege","28":"product_cat-geschenke-fuer-jeden-anlass","29":"product_cat--chef","30":"product_cat--tochter","31":"product_cat--schwester","32":"product_cat--schwiegermutter","33":"product_cat--ehefrau","34":"product_cat-vater","35":"product_tag-reis","36":"product_tag-reiskocher","38":"first","39":"instock","40":"shipping-taxable","41":"product-type-external"},"_links":{"self":[{"href":"https:\/\/www.blogseite.com\/geschenke\/wp-json\/wp\/v2\/product\/5610"}],"collection":[{"href":"https:\/\/www.blogseite.com\/geschenke\/wp-json\/wp\/v2\/product"}],"about":[{"href":"https:\/\/www.blogseite.com\/geschenke\/wp-json\/wp\/v2\/types\/product"}],"replies":[{"embeddable":true,"href":"https:\/\/www.blogseite.com\/geschenke\/wp-json\/wp\/v2\/comments?post=5610"}],"wp:featuredmedia":[{"embeddable":true,"href":"https:\/\/www.blogseite.com\/geschenke\/wp-json\/wp\/v2\/media\/5611"}],"wp:attachment":[{"href":"https:\/\/www.blogseite.com\/geschenke\/wp-json\/wp\/v2\/media?parent=5610"}],"wp:term":[{"taxonomy":"product_cat","embeddable":true,"href":"https:\/\/www.blogseite.com\/geschenke\/wp-json\/wp\/v2\/product_cat?post=5610"},{"taxonomy":"product_tag","embeddable":true,"href":"https:\/\/www.blogseite.com\/geschenke\/wp-json\/wp\/v2\/product_tag?post=5610"}],"curies":[{"name":"wp","href":"https:\/\/api.w.org\/{rel}","templated":true}]}}