{"id":5601,"date":"2022-06-12T16:32:47","date_gmt":"2022-06-12T14:32:47","guid":{"rendered":"https:\/\/www.blogseite.com\/geschenke\/?post_type=product&#038;p=5601"},"modified":"2022-06-12T16:34:58","modified_gmt":"2022-06-12T14:34:58","slug":"toller-raumduft-zum-einschlafen-als-geschenk-%f0%9f%98%b4","status":"publish","type":"product","link":"https:\/\/www.blogseite.com\/geschenke\/s\/toller-raumduft-zum-einschlafen-als-geschenk-%f0%9f%98%b4\/","title":{"rendered":"Toller Raumduft zum einschlafen als Geschenk \ud83d\ude34"},"content":{"rendered":"<ul class=\"a-unordered-list a-vertical a-spacing-mini\">\n<li><span class=\"a-list-item\">\u26f0\ufe0f EIN ST\u00dcCK BERGLUFT F\u00dcR ZUHAUSE: Der angenehme Duft der Zirbe \u00e4hnelt den eines Nadel-Waldes. Viele unsere Kunden erinnert er an Urlaub in den Bergen.<\/span><\/li>\n<li><span class=\"a-list-item\">\u267b\ufe0f REGIONAL &amp; NACHHALTIG: Das Zirbelholz stammt aus nachhaltigen Quellen in \u00d6sterreich mit PEFC Zertifizierung. Das Zirben\u00f6l stammt ebenfalls aus \u00d6sterreich und ist aus biologischem Anbau.<\/span><\/li>\n<li><span class=\"a-list-item\">\ud83d\udca7 EINZIGARTIGE TROPFSTRUKTUR: Auf der Oberseite des W\u00fcrfels befinden sich Rillen, die das \u00d6l optimal verteilen.<\/span><\/li>\n<li><span class=\"a-list-item\">\ud83c\udf32 GEBR\u00dcDER HOLZ: Hergestellt von Tom &amp; Chris in unserer Schreinerei in Oberbayern.<\/span><\/li>\n<li><span class=\"a-list-item\">\ud83c\udf81 EIN SCH\u00d6NES GESCHENKSET: Ein tolles Geschenk f\u00fcr jeden Natur-liebhaber oder Berg-Freund, egal ob Mann oder Frau. Gerne k\u00f6nnen Sie eine Geschenknachricht hinterlegen.<\/span><\/li>\n<\/ul>\n","protected":false},"excerpt":{"rendered":"<p>\u26f0\ufe0f EIN ST\u00dcCK BERGLUFT F\u00dcR ZUHAUSE: Der angenehme Duft der Zirbe \u00e4hnelt den eines Nadel-Waldes. Viele unsere Kunden erinnert er an Urlaub in den Bergen. \u267b\ufe0f REGIONAL &amp; NACHHALTIG: Das Zirbelholz stammt aus nachhaltigen Quellen in \u00d6sterreich mit PEFC Zertifizierung. Das Zirben\u00f6l stammt ebenfalls aus \u00d6sterreich und ist aus biologischem Anbau. \ud83d\udca7 EINZIGARTIGE TROPFSTRUKTUR: Auf [&hellip;]<\/p>\n","protected":false},"featured_media":5602,"comment_status":"open","ping_status":"closed","template":"","meta":[],"product_cat":[814,78,103,74,110,58,54,116,63,53,45,108,57,73,280,55,426,431,293,301,292,300,70,299,295,294,296,298,64],"product_tag":[598],"class_list":{"0":"post-5601","1":"product","2":"type-product","3":"status-publish","4":"has-post-thumbnail","6":"product_cat-zuhause","7":"product_cat-weihnachtsgeschenke","8":"product_cat-studenten","9":"product_cat-bester-freund","10":"product_cat-freund","11":"product_cat-opa","12":"product_cat-vatertag","13":"product_cat-frauen","14":"product_cat-mutter","15":"product_cat-muttertag","16":"product_cat-freundin","17":"product_cat-maenner","18":"product_cat-oma","19":"product_cat-beste-freundin","20":"product_cat-geburtstagsgeschenke","21":"product_cat-valentinstag","22":"product_cat-nach-preis","23":"product_cat-unter-50-euro","24":"product_cat-geschenk-fuer-bruder","25":"product_cat-eltern","26":"product_cat-sohn","27":"product_cat--kollege","28":"product_cat-geschenke-fuer-jeden-anlass","29":"product_cat--chef","30":"product_cat--tochter","31":"product_cat--schwester","32":"product_cat--schwiegermutter","33":"product_cat--ehefrau","34":"product_cat-vater","35":"product_tag-raumduft","37":"first","38":"instock","39":"shipping-taxable","40":"product-type-external"},"_links":{"self":[{"href":"https:\/\/www.blogseite.com\/geschenke\/wp-json\/wp\/v2\/product\/5601"}],"collection":[{"href":"https:\/\/www.blogseite.com\/geschenke\/wp-json\/wp\/v2\/product"}],"about":[{"href":"https:\/\/www.blogseite.com\/geschenke\/wp-json\/wp\/v2\/types\/product"}],"replies":[{"embeddable":true,"href":"https:\/\/www.blogseite.com\/geschenke\/wp-json\/wp\/v2\/comments?post=5601"}],"wp:featuredmedia":[{"embeddable":true,"href":"https:\/\/www.blogseite.com\/geschenke\/wp-json\/wp\/v2\/media\/5602"}],"wp:attachment":[{"href":"https:\/\/www.blogseite.com\/geschenke\/wp-json\/wp\/v2\/media?parent=5601"}],"wp:term":[{"taxonomy":"product_cat","embeddable":true,"href":"https:\/\/www.blogseite.com\/geschenke\/wp-json\/wp\/v2\/product_cat?post=5601"},{"taxonomy":"product_tag","embeddable":true,"href":"https:\/\/www.blogseite.com\/geschenke\/wp-json\/wp\/v2\/product_tag?post=5601"}],"curies":[{"name":"wp","href":"https:\/\/api.w.org\/{rel}","templated":true}]}}