{"id":4930,"date":"2022-04-18T11:40:22","date_gmt":"2022-04-18T09:40:22","guid":{"rendered":"https:\/\/www.blogseite.com\/geschenke\/?post_type=product&#038;p=4930"},"modified":"2022-04-18T11:52:09","modified_gmt":"2022-04-18T09:52:09","slug":"bluetooth-lautsprecher-mit-lichtwecker","status":"publish","type":"product","link":"https:\/\/www.blogseite.com\/geschenke\/s\/bluetooth-lautsprecher-mit-lichtwecker\/","title":{"rendered":"Bluetooth Lautsprecher mit Licht,Wecker"},"content":{"rendered":"<ul class=\"a-unordered-list a-vertical a-spacing-mini\">\n<li><span class=\"a-list-item\">\u2765\u3010NEU 6 in 1 MULTIFUNKTIONAL\u30115.0 HiFi Bluetooth Lautsprecher + einschlafhilfe+ led nachtlicht Dimmbar+lichtwecker + MP3 Player + Freisprechen! Multifunktionales kreatives und modernes Design machen es zu den besten Geschenken f\u00fcr M\u00e4dchen 12 jahre, Yoga, Party, Camping, Weihnachten, Ostern, Erntedankfest, Geburtstag, Jubil\u00e4um, Muttertag, Vatertag, Halloween, Hochzeit usw.<\/span><\/li>\n<li><span class=\"a-list-item\">\u2765\u3010Bluetooth Lautsprecher mit Hervorragender Klangqualit\u00e4t\u3011Dieser bluetooth wecker bietet solide B\u00e4sse ohne Verzerrungen, mit denen Sie drinnen oder drau\u00dfen gro\u00dfartige Musik genie\u00dfen k\u00f6nnen. Dank des eingebauten Mikrofons k\u00f6nnen Sie beim Kochen oder Baden Anrufe direkt \u00fcber diesen Lautsprecher entgegennehmen, so Sie verpassen keinen Anruf. Kompatibel mit allen Bluetooth-Ger\u00e4ten und als MP3-Player mit USB-Stick und Micro-SD-Karteneingang verwendbar.<\/span><\/li>\n<li><span class=\"a-list-item\">\u2765\u3010Beruhigende Nat\u00fcrliche Kl\u00e4nge\u3011 White Noise Machine mit 15 beruhigenden Hi-Fi-Sounds, darunter 6 white noise,2 Schlaflieder,ocean wave,insekt,feuer,gewitter,brook,wind and vogel, dieses wecker bluetooth bietet Ihnen ein exquisites und beruhigendes H\u00f6rerlebnis, damit Sie morgens schneller einschlafen und erholt aufwachen k\u00f6nnen, sehr geeignet f\u00fcr Babys, unruhige Schl\u00e4fer oder Sch\u00fcler, damit sie einen tiefen, ununterbrochenen Schlaf bekommen.<\/span><\/li>\n<li><span class=\"a-list-item\">\u2765\u3010Smart Touch Nachttischlampe Kinder \u30117 Lichtmodi und 48 verschiedene Farben optional mit coolem Touch-Sensor-Design auf der Oberseite. Dieses led nachtlicht kinder kann zum Entspannen, Lesen im Wohnzimmer, Schlafzimmer und Nachtlicht f\u00fcr Kinder verwendet werden. Als Stimmungslicht \u00e4ndern sich die Farben im Rhythmus von die Musik. Wenn Sie eine feste Farbe w\u00fcnschen, dr\u00fccken Sie auf das obere Metallnetz und halten Sie es gedr\u00fcckt, bis eine solche Farbe erscheint, und lassen Sie es dann los.<\/span><\/li>\n<li><span class=\"a-list-item\">\u2765\u3010Led Wecker\u3011Gro\u00dfe Ziffer 12\/24h wecker led mit Kalender, Alarm und Schlafmodus. Der Alarmmodus unterst\u00fctzt die Schlummerfunktion. Wenn Sie beim Klingeln des Weckers einmal oben auf dasnachttischlampe mit uhr tippen, klingelt es in 5 Minuten erneut. Wenn Sie das Schlummern nicht brauchen, tippen Sie einfach zweimal schnell auf die Oberseite des Ger\u00e4ts, wenn der Wecker klingelt, und lassen Sie ihn schlie\u00dflich stoppen.<\/span><\/li>\n<\/ul>\n","protected":false},"excerpt":{"rendered":"<p>\u2765\u3010NEU 6 in 1 MULTIFUNKTIONAL\u30115.0 HiFi Bluetooth Lautsprecher + einschlafhilfe+ led nachtlicht Dimmbar+lichtwecker + MP3 Player + Freisprechen! Multifunktionales kreatives und modernes Design machen es zu den besten Geschenken f\u00fcr M\u00e4dchen 12 jahre, Yoga, Party, Camping, Weihnachten, Ostern, Erntedankfest, Geburtstag, Jubil\u00e4um, Muttertag, Vatertag, Halloween, Hochzeit usw. \u2765\u3010Bluetooth Lautsprecher mit Hervorragender Klangqualit\u00e4t\u3011Dieser bluetooth wecker bietet solide [&hellip;]<\/p>\n","protected":false},"featured_media":4931,"comment_status":"open","ping_status":"closed","template":"","meta":[],"product_cat":[889,814,78,103,74,110,54,116,63,53,45,108,73,280,426,431,293,301,292,300,70,299,295,294,291,296,298,64],"product_tag":[502],"class_list":{"0":"post-4930","1":"product","2":"type-product","3":"status-publish","4":"has-post-thumbnail","6":"product_cat-kinder-2","7":"product_cat-zuhause","8":"product_cat-weihnachtsgeschenke","9":"product_cat-studenten","10":"product_cat-bester-freund","11":"product_cat-freund","12":"product_cat-vatertag","13":"product_cat-frauen","14":"product_cat-mutter","15":"product_cat-muttertag","16":"product_cat-freundin","17":"product_cat-maenner","18":"product_cat-beste-freundin","19":"product_cat-geburtstagsgeschenke","20":"product_cat-nach-preis","21":"product_cat-unter-50-euro","22":"product_cat-geschenk-fuer-bruder","23":"product_cat-eltern","24":"product_cat-sohn","25":"product_cat--kollege","26":"product_cat-geschenke-fuer-jeden-anlass","27":"product_cat--chef","28":"product_cat--tochter","29":"product_cat--schwester","30":"product_cat-nerds","31":"product_cat--schwiegermutter","32":"product_cat--ehefrau","33":"product_cat-vater","34":"product_tag-lautsprecher","36":"first","37":"instock","38":"shipping-taxable","39":"product-type-external"},"_links":{"self":[{"href":"https:\/\/www.blogseite.com\/geschenke\/wp-json\/wp\/v2\/product\/4930"}],"collection":[{"href":"https:\/\/www.blogseite.com\/geschenke\/wp-json\/wp\/v2\/product"}],"about":[{"href":"https:\/\/www.blogseite.com\/geschenke\/wp-json\/wp\/v2\/types\/product"}],"replies":[{"embeddable":true,"href":"https:\/\/www.blogseite.com\/geschenke\/wp-json\/wp\/v2\/comments?post=4930"}],"wp:featuredmedia":[{"embeddable":true,"href":"https:\/\/www.blogseite.com\/geschenke\/wp-json\/wp\/v2\/media\/4931"}],"wp:attachment":[{"href":"https:\/\/www.blogseite.com\/geschenke\/wp-json\/wp\/v2\/media?parent=4930"}],"wp:term":[{"taxonomy":"product_cat","embeddable":true,"href":"https:\/\/www.blogseite.com\/geschenke\/wp-json\/wp\/v2\/product_cat?post=4930"},{"taxonomy":"product_tag","embeddable":true,"href":"https:\/\/www.blogseite.com\/geschenke\/wp-json\/wp\/v2\/product_tag?post=4930"}],"curies":[{"name":"wp","href":"https:\/\/api.w.org\/{rel}","templated":true}]}}