{"id":4554,"date":"2021-07-08T08:50:57","date_gmt":"2021-07-08T06:50:57","guid":{"rendered":"https:\/\/geschenke.blogseite.com\/?post_type=product&#038;p=4554"},"modified":"2022-03-31T19:07:06","modified_gmt":"2022-03-31T17:07:06","slug":"diffuserlove-500ml-diffuser-aroma-diffuser-%f0%9f%94%a5","status":"publish","type":"product","link":"https:\/\/www.blogseite.com\/geschenke\/s\/diffuserlove-500ml-diffuser-aroma-diffuser-%f0%9f%94%a5\/","title":{"rendered":"Diffuserlove 500ML diffuser Aroma diffuser \ud83d\udd25"},"content":{"rendered":"<ul class=\"a-unordered-list a-vertical a-spacing-mini\">\n<li><span class=\"a-list-item\">\u3010Leiser Ultraschallbetrieb\u3011 Dieses Diffusor\u00f6l ist extrem leise bei der Arbeit. Befeuchten Sie Ihren Wohnraum, um ein Austrocknen zu verhindern.<\/span><\/li>\n<li><span class=\"a-list-item\">\u3010500ML gro\u00dfe Kapazit\u00e4t\u3011 Der Diffusor ist 500ML gro\u00dfe Kapazit\u00e4t, die Arbeitszeit bis zu 8 Stunden.<\/span><\/li>\n<li><span class=\"a-list-item\">\u3010Sicherheitsschutz und automatische Abschaltung\u3011 Dieser Diffusor mit \u00e4therischem \u00d6l wurde mit wasserloser automatischer Abschaltung entwickelt und schaltet sich automatisch aus, wenn das Wasser zu Ihrer Sicherheit und zum Schutz des Diffusors abl\u00e4uft.<\/span><\/li>\n<li><span class=\"a-list-item\">\u30107 Farben Stimmungslicht mit 4 Zeitschaltuhren\u3011 Einstellung Der \u00d6ldiffusor f\u00fcr \u00e4therische \u00d6le mit 7 LED-Leuchten, einstellbar zwischen Hell- und Dunkelmodus, kann durch Dr\u00fccken der Taste LIGHT auf Dauerlicht gestellt werden. Der Timer von 1H, 3H, 6H oder ON als Referenz.<\/span><\/li>\n<li><span class=\"a-list-item\">\u3010Fernbedienung &amp; Nachtlichtfunktion\u3011 Der Diffusor hat 7 Lichtfarben, die sich automatisch \u00e4ndern lassen. Dies ist die beste Wahl f\u00fcr Nachtlicht und Diffusor. Wir haben gro\u00dfes Vertrauen in unsere Diffusoren f\u00fcr \u00e4therische \u00d6le. Wir benutzen sie doch selbst in unseren H\u00e4usern!<\/span><\/li>\n<\/ul>\n","protected":false},"excerpt":{"rendered":"<p>\u3010Leiser Ultraschallbetrieb\u3011 Dieses Diffusor\u00f6l ist extrem leise bei der Arbeit. Befeuchten Sie Ihren Wohnraum, um ein Austrocknen zu verhindern. \u3010500ML gro\u00dfe Kapazit\u00e4t\u3011 Der Diffusor ist 500ML gro\u00dfe Kapazit\u00e4t, die Arbeitszeit bis zu 8 Stunden. \u3010Sicherheitsschutz und automatische Abschaltung\u3011 Dieser Diffusor mit \u00e4therischem \u00d6l wurde mit wasserloser automatischer Abschaltung entwickelt und schaltet sich automatisch aus, wenn [&hellip;]<\/p>\n","protected":false},"featured_media":4555,"comment_status":"open","ping_status":"closed","template":"","meta":[],"product_cat":[814,78,103,74,110,58,54,116,63,53,45,108,57,73,280,55,426,428,429,430,431,293,301,292,300,302,70,297,299,295,294,296,298,64],"product_tag":[892,456,893],"class_list":{"0":"post-4554","1":"product","2":"type-product","3":"status-publish","4":"has-post-thumbnail","6":"product_cat-zuhause","7":"product_cat-weihnachtsgeschenke","8":"product_cat-studenten","9":"product_cat-bester-freund","10":"product_cat-freund","11":"product_cat-opa","12":"product_cat-vatertag","13":"product_cat-frauen","14":"product_cat-mutter","15":"product_cat-muttertag","16":"product_cat-freundin","17":"product_cat-maenner","18":"product_cat-oma","19":"product_cat-beste-freundin","20":"product_cat-geburtstagsgeschenke","21":"product_cat-valentinstag","22":"product_cat-nach-preis","23":"product_cat-unter-10-euro","24":"product_cat-unter-15-euro","25":"product_cat-unter-20-euro","26":"product_cat-unter-50-euro","27":"product_cat-geschenk-fuer-bruder","28":"product_cat-eltern","29":"product_cat-sohn","30":"product_cat--kollege","31":"product_cat--jungen","32":"product_cat-geschenke-fuer-jeden-anlass","33":"product_cat--maedchen","34":"product_cat--chef","35":"product_cat--tochter","36":"product_cat--schwester","37":"product_cat--schwiegermutter","38":"product_cat--ehefrau","39":"product_cat-vater","40":"product_tag-kleinigkeit","41":"product_tag-lustig","42":"product_tag-mitbringsel","44":"first","45":"instock","46":"shipping-taxable","47":"product-type-external"},"_links":{"self":[{"href":"https:\/\/www.blogseite.com\/geschenke\/wp-json\/wp\/v2\/product\/4554"}],"collection":[{"href":"https:\/\/www.blogseite.com\/geschenke\/wp-json\/wp\/v2\/product"}],"about":[{"href":"https:\/\/www.blogseite.com\/geschenke\/wp-json\/wp\/v2\/types\/product"}],"replies":[{"embeddable":true,"href":"https:\/\/www.blogseite.com\/geschenke\/wp-json\/wp\/v2\/comments?post=4554"}],"wp:featuredmedia":[{"embeddable":true,"href":"https:\/\/www.blogseite.com\/geschenke\/wp-json\/wp\/v2\/media\/4555"}],"wp:attachment":[{"href":"https:\/\/www.blogseite.com\/geschenke\/wp-json\/wp\/v2\/media?parent=4554"}],"wp:term":[{"taxonomy":"product_cat","embeddable":true,"href":"https:\/\/www.blogseite.com\/geschenke\/wp-json\/wp\/v2\/product_cat?post=4554"},{"taxonomy":"product_tag","embeddable":true,"href":"https:\/\/www.blogseite.com\/geschenke\/wp-json\/wp\/v2\/product_tag?post=4554"}],"curies":[{"name":"wp","href":"https:\/\/api.w.org\/{rel}","templated":true}]}}