{"id":4516,"date":"2021-06-18T13:58:37","date_gmt":"2021-06-18T11:58:37","guid":{"rendered":"https:\/\/geschenke.blogseite.com\/?post_type=product&#038;p=4516"},"modified":"2022-03-31T19:13:36","modified_gmt":"2022-03-31T17:13:36","slug":"bruno-banani-woman-eau-de-toilette-natural-spray-%f0%9f%98%8a","status":"publish","type":"product","link":"https:\/\/www.blogseite.com\/geschenke\/s\/bruno-banani-woman-eau-de-toilette-natural-spray-%f0%9f%98%8a\/","title":{"rendered":"Bruno Banani Woman \u2013 Eau de Toilette Natural Spray \ud83d\ude0a"},"content":{"rendered":"<ul class=\"a-unordered-list a-vertical a-spacing-mini\">\n<li><span class=\"a-list-item\">Voller Energie, Sinnlichkeit und einfach fulminant-feminin: Mit dem verf\u00fchrerisch-frechen Damenduft die eigene Weiblichkeit zelebrieren &#8211; f\u00fcr unvergesslich-sch\u00f6ne Momente<\/span><\/li>\n<li><span class=\"a-list-item\">Himmel trifft H\u00f6lle: Der kokett-liebliche Damenduft kommt im engelsgleichen rosa Flakon, dessen gewagtes, asymmetrisches Design an ein Teufelshorn erinnert &#8211; f\u00fcr jede Facette einer sexy Lady<\/span><\/li>\n<li><span class=\"a-list-item\">Eine aufregend-weibliche Kopfnote aus spritziger Orange, wildem Efeu und zarter Wasserlilie f\u00fcr einen charmanten Auftakt &#8211; nur ein Spritzer gen\u00fcgt um M\u00e4nnerherzen h\u00f6her schlagen zu lassen<\/span><\/li>\n<li><span class=\"a-list-item\">Eine blumige Symphonie der klassischen Herznote aus Pfirsich, raffinierter Freesie und sanftem Maigl\u00f6ckchen wird fulminant abgerundet durch wei\u00dfen Moschus und cremig-ruhiger Vanille in der Basisnote<\/span><\/li>\n<li><span class=\"a-list-item\">Lieferumfang: 1 x 20 ml bruno banani Woman Eau de Toilette Natural Spray \/ Zart-verf\u00fchrerischer Damenduft mit unwiderstehlicher Note im hochwertigen Parf\u00fcm Sprayer aus Glas &#8211; einzigartig feminin!<\/span><\/li>\n<\/ul>\n","protected":false},"excerpt":{"rendered":"<p>Voller Energie, Sinnlichkeit und einfach fulminant-feminin: Mit dem verf\u00fchrerisch-frechen Damenduft die eigene Weiblichkeit zelebrieren &#8211; f\u00fcr unvergesslich-sch\u00f6ne Momente Himmel trifft H\u00f6lle: Der kokett-liebliche Damenduft kommt im engelsgleichen rosa Flakon, dessen gewagtes, asymmetrisches Design an ein Teufelshorn erinnert &#8211; f\u00fcr jede Facette einer sexy Lady Eine aufregend-weibliche Kopfnote aus spritziger Orange, wildem Efeu und zarter Wasserlilie [&hellip;]<\/p>\n","protected":false},"featured_media":4517,"comment_status":"open","ping_status":"closed","template":"","meta":[],"product_cat":[814,78,116,63,53,45,108,73,280,55,426,432,429,430,431,301,70,297,299,295,294,296,298],"product_tag":[846,845],"class_list":{"0":"post-4516","1":"product","2":"type-product","3":"status-publish","4":"has-post-thumbnail","6":"product_cat-zuhause","7":"product_cat-weihnachtsgeschenke","8":"product_cat-frauen","9":"product_cat-mutter","10":"product_cat-muttertag","11":"product_cat-freundin","12":"product_cat-maenner","13":"product_cat-beste-freundin","14":"product_cat-geburtstagsgeschenke","15":"product_cat-valentinstag","16":"product_cat-nach-preis","17":"product_cat-ueber-35-euro","18":"product_cat-unter-15-euro","19":"product_cat-unter-20-euro","20":"product_cat-unter-50-euro","21":"product_cat-eltern","22":"product_cat-geschenke-fuer-jeden-anlass","23":"product_cat--maedchen","24":"product_cat--chef","25":"product_cat--tochter","26":"product_cat--schwester","27":"product_cat--schwiegermutter","28":"product_cat--ehefrau","29":"product_tag-damen-duft","30":"product_tag-duft","32":"first","33":"instock","34":"shipping-taxable","35":"product-type-external"},"_links":{"self":[{"href":"https:\/\/www.blogseite.com\/geschenke\/wp-json\/wp\/v2\/product\/4516"}],"collection":[{"href":"https:\/\/www.blogseite.com\/geschenke\/wp-json\/wp\/v2\/product"}],"about":[{"href":"https:\/\/www.blogseite.com\/geschenke\/wp-json\/wp\/v2\/types\/product"}],"replies":[{"embeddable":true,"href":"https:\/\/www.blogseite.com\/geschenke\/wp-json\/wp\/v2\/comments?post=4516"}],"wp:featuredmedia":[{"embeddable":true,"href":"https:\/\/www.blogseite.com\/geschenke\/wp-json\/wp\/v2\/media\/4517"}],"wp:attachment":[{"href":"https:\/\/www.blogseite.com\/geschenke\/wp-json\/wp\/v2\/media?parent=4516"}],"wp:term":[{"taxonomy":"product_cat","embeddable":true,"href":"https:\/\/www.blogseite.com\/geschenke\/wp-json\/wp\/v2\/product_cat?post=4516"},{"taxonomy":"product_tag","embeddable":true,"href":"https:\/\/www.blogseite.com\/geschenke\/wp-json\/wp\/v2\/product_tag?post=4516"}],"curies":[{"name":"wp","href":"https:\/\/api.w.org\/{rel}","templated":true}]}}