{"id":4381,"date":"2021-06-11T11:27:13","date_gmt":"2021-06-11T09:27:13","guid":{"rendered":"https:\/\/geschenke.blogseite.com\/?post_type=product&#038;p=4381"},"modified":"2022-08-03T08:55:57","modified_gmt":"2022-08-03T06:55:57","slug":"sipsmith-london-dry-gin-1-x-0-7-l","status":"publish","type":"product","link":"https:\/\/www.blogseite.com\/geschenke\/s\/sipsmith-london-dry-gin-1-x-0-7-l\/","title":{"rendered":"Sipsmith London Dry Gin (1 x 0.7 l)"},"content":{"rendered":"<ul class=\"a-unordered-list a-vertical a-spacing-mini\">\n<li><span class=\"a-list-item\">In der Nase erkennt man einen typischen Gin, die Gestaltung der Flasche verspricht also nicht zu viel<\/span><\/li>\n<li><span class=\"a-list-item\">Dominante Wacholder, die sehr klar zu erkennen ist<\/span><\/li>\n<li><span class=\"a-list-item\">Dazu gesellen sich Zitrusaromen und etwas Koriander. Nimmt man eine weitere Nase erkennt man eine florale Note, die der Komplexit\u00e4t und Eigenheit des Gins gut tut<\/span><\/li>\n<\/ul>\n<p><strong>Ab 18!<\/strong> Dieses Produkt enth\u00e4lt Alkohol und darf nicht an Personen unter dem gesetzlichen Mindestalter abgegeben werden. Eine Lieferung an Minderj\u00e4hrige ist nicht m\u00f6glich. Mit Ihrer Bestellung best\u00e4tigen Sie, dass Sie das gesetzlich vorgeschriebene Mindestalter haben. Bitte seien Sie verantwortungsvoll im Umgang mit diesem Artikel. Weitere Informationen unter kenn-dein-limit.info.<\/p>\n","protected":false},"excerpt":{"rendered":"<p>In der Nase erkennt man einen typischen Gin, die Gestaltung der Flasche verspricht also nicht zu viel Dominante Wacholder, die sehr klar zu erkennen ist Dazu gesellen sich Zitrusaromen und etwas Koriander. Nimmt man eine weitere Nase erkennt man eine florale Note, die der Komplexit\u00e4t und Eigenheit des Gins gut tut Ab 18! Dieses Produkt [&hellip;]<\/p>\n","protected":false},"featured_media":4382,"comment_status":"open","ping_status":"closed","template":"","meta":[],"product_cat":[814,78,746,103,110,54,116,63,53,45,108,57,73,280,55,426,428,430,431,293,301,292,300,70,297,299,295,294,291,296,298,64],"product_tag":[470,750],"class_list":{"0":"post-4381","1":"product","2":"type-product","3":"status-publish","4":"has-post-thumbnail","6":"product_cat-zuhause","7":"product_cat-weihnachtsgeschenke","8":"product_cat--fit-fuer-den-fruehling","9":"product_cat-studenten","10":"product_cat-freund","11":"product_cat-vatertag","12":"product_cat-frauen","13":"product_cat-mutter","14":"product_cat-muttertag","15":"product_cat-freundin","16":"product_cat-maenner","17":"product_cat-oma","18":"product_cat-beste-freundin","19":"product_cat-geburtstagsgeschenke","20":"product_cat-valentinstag","21":"product_cat-nach-preis","22":"product_cat-unter-10-euro","23":"product_cat-unter-20-euro","24":"product_cat-unter-50-euro","25":"product_cat-geschenk-fuer-bruder","26":"product_cat-eltern","27":"product_cat-sohn","28":"product_cat--kollege","29":"product_cat-geschenke-fuer-jeden-anlass","30":"product_cat--maedchen","31":"product_cat--chef","32":"product_cat--tochter","33":"product_cat--schwester","34":"product_cat-nerds","35":"product_cat--schwiegermutter","36":"product_cat--ehefrau","37":"product_cat-vater","38":"product_tag-alkohol","39":"product_tag-gin","41":"first","42":"instock","43":"shipping-taxable","44":"product-type-external"},"_links":{"self":[{"href":"https:\/\/www.blogseite.com\/geschenke\/wp-json\/wp\/v2\/product\/4381"}],"collection":[{"href":"https:\/\/www.blogseite.com\/geschenke\/wp-json\/wp\/v2\/product"}],"about":[{"href":"https:\/\/www.blogseite.com\/geschenke\/wp-json\/wp\/v2\/types\/product"}],"replies":[{"embeddable":true,"href":"https:\/\/www.blogseite.com\/geschenke\/wp-json\/wp\/v2\/comments?post=4381"}],"wp:featuredmedia":[{"embeddable":true,"href":"https:\/\/www.blogseite.com\/geschenke\/wp-json\/wp\/v2\/media\/4382"}],"wp:attachment":[{"href":"https:\/\/www.blogseite.com\/geschenke\/wp-json\/wp\/v2\/media?parent=4381"}],"wp:term":[{"taxonomy":"product_cat","embeddable":true,"href":"https:\/\/www.blogseite.com\/geschenke\/wp-json\/wp\/v2\/product_cat?post=4381"},{"taxonomy":"product_tag","embeddable":true,"href":"https:\/\/www.blogseite.com\/geschenke\/wp-json\/wp\/v2\/product_tag?post=4381"}],"curies":[{"name":"wp","href":"https:\/\/api.w.org\/{rel}","templated":true}]}}