{"id":4216,"date":"2021-05-19T16:18:58","date_gmt":"2021-05-19T14:18:58","guid":{"rendered":"https:\/\/geschenke.blogseite.com\/?post_type=product&#038;p=4216"},"modified":"2022-04-01T11:24:38","modified_gmt":"2022-04-01T09:24:38","slug":"brickell-mens-renewing-face-scrub","status":"publish","type":"product","link":"https:\/\/www.blogseite.com\/geschenke\/s\/brickell-mens-renewing-face-scrub\/","title":{"rendered":"Brickell Men\u2018s Renewing \ud83d\ude32 Peeling f\u00fcr M\u00e4nner"},"content":{"rendered":"<ul class=\"a-unordered-list a-vertical a-spacing-mini\">\n<li><span class=\"a-list-item\"> WAS ES BEWIRKT &#8211; Dieses Gesichts Peeling f\u00fcr M\u00e4nner beseitigt fettige Haut, abgestorbene Hautsch\u00fcppchen und wirkt vorbeugend gegen unreine Haut. Es stellt einen gleichm\u00e4\u00dfigen Teint wieder her und sorgt f\u00fcr eine weiche Haut. F\u00fcr eine ultra-gr\u00fcndliche Rasur verwenden Sie dieses Hautpflege Peeling vor dem Rasieren. <\/span><\/li>\n<li><span class=\"a-list-item\"> GEEIGNET F\u00dcR &#8211; M\u00e4nner jeden Alters und jedes Hauttyps. Perfekt geeignet f\u00fcr fettige Haut, Mitesser oder eingewachsene Haare. F\u00fcr die perfekte Rasur- und Gesichtspflege. <\/span><\/li>\n<li><span class=\"a-list-item\"> WIRKUNGSWEISE &#8211; Unser Gesichtsreiniger f\u00fcr M\u00e4nner beinhaltet kr\u00e4ftige, nat\u00fcrliche Peeling Partikel, um abgestorbene Hautzellen zu entfernen, verstopfte Poren zu \u00f6ffnen und eingewachsene Barthaare zu befreien. <\/span><\/li>\n<li><span class=\"a-list-item\"> WICHTIGE INHALTSSTOFFE &#8211; Nat\u00fcrliche und organische zertifizierte Inhaltsstoffe. Dazu geh\u00f6ren Aloe Vera, Avocado Butter, Vitamin E, Bimsstein &amp; Jojobaperlen. 98% nat\u00fcrlich, 70% biologisch. <\/span><\/li>\n<li><span class=\"a-list-item\"> WER WIR SIND &#8211; Brickell stellt Hautpflege- und andere Pflegeprodukte f\u00fcr M\u00e4nner aus nat\u00fcrlichen und zertifizierten organischen Inhaltsstoffen her. Unsere Produkte werden in \u00fcber 20 L\u00e4ndern verkauft und wurden in GQ, Men&#8217;s Health, Men&#8217;s Journal und anderen beliebten Zeitschriften f\u00fcr M\u00e4nner ver\u00f6ffentlicht. <\/span><\/li>\n<\/ul>\n","protected":false},"excerpt":{"rendered":"<p>WAS ES BEWIRKT &#8211; Dieses Gesichts Peeling f\u00fcr M\u00e4nner beseitigt fettige Haut, abgestorbene Hautsch\u00fcppchen und wirkt vorbeugend gegen unreine Haut. Es stellt einen gleichm\u00e4\u00dfigen Teint wieder her und sorgt f\u00fcr eine weiche Haut. F\u00fcr eine ultra-gr\u00fcndliche Rasur verwenden Sie dieses Hautpflege Peeling vor dem Rasieren. GEEIGNET F\u00dcR &#8211; M\u00e4nner jeden Alters und jedes Hauttyps. Perfekt [&hellip;]<\/p>\n","protected":false},"featured_media":4217,"comment_status":"open","ping_status":"closed","template":"","meta":[],"product_cat":[78,103,74,110,58,54,108,280,55,428,429,430,431,293,301,292,300,302,70,299,64],"product_tag":[851],"class_list":{"0":"post-4216","1":"product","2":"type-product","3":"status-publish","4":"has-post-thumbnail","6":"product_cat-weihnachtsgeschenke","7":"product_cat-studenten","8":"product_cat-bester-freund","9":"product_cat-freund","10":"product_cat-opa","11":"product_cat-vatertag","12":"product_cat-maenner","13":"product_cat-geburtstagsgeschenke","14":"product_cat-valentinstag","15":"product_cat-unter-10-euro","16":"product_cat-unter-15-euro","17":"product_cat-unter-20-euro","18":"product_cat-unter-50-euro","19":"product_cat-geschenk-fuer-bruder","20":"product_cat-eltern","21":"product_cat-sohn","22":"product_cat--kollege","23":"product_cat--jungen","24":"product_cat-geschenke-fuer-jeden-anlass","25":"product_cat--chef","26":"product_cat-vater","27":"product_tag-peeling","29":"first","30":"instock","31":"shipping-taxable","32":"product-type-external"},"_links":{"self":[{"href":"https:\/\/www.blogseite.com\/geschenke\/wp-json\/wp\/v2\/product\/4216"}],"collection":[{"href":"https:\/\/www.blogseite.com\/geschenke\/wp-json\/wp\/v2\/product"}],"about":[{"href":"https:\/\/www.blogseite.com\/geschenke\/wp-json\/wp\/v2\/types\/product"}],"replies":[{"embeddable":true,"href":"https:\/\/www.blogseite.com\/geschenke\/wp-json\/wp\/v2\/comments?post=4216"}],"wp:featuredmedia":[{"embeddable":true,"href":"https:\/\/www.blogseite.com\/geschenke\/wp-json\/wp\/v2\/media\/4217"}],"wp:attachment":[{"href":"https:\/\/www.blogseite.com\/geschenke\/wp-json\/wp\/v2\/media?parent=4216"}],"wp:term":[{"taxonomy":"product_cat","embeddable":true,"href":"https:\/\/www.blogseite.com\/geschenke\/wp-json\/wp\/v2\/product_cat?post=4216"},{"taxonomy":"product_tag","embeddable":true,"href":"https:\/\/www.blogseite.com\/geschenke\/wp-json\/wp\/v2\/product_tag?post=4216"}],"curies":[{"name":"wp","href":"https:\/\/api.w.org\/{rel}","templated":true}]}}