{"id":3794,"date":"2021-03-30T15:16:27","date_gmt":"2021-03-30T13:16:27","guid":{"rendered":"https:\/\/geschenke.blogseite.com\/?post_type=product&#038;p=3794"},"modified":"2022-04-01T17:40:42","modified_gmt":"2022-04-01T15:40:42","slug":"teelichthalter-set-kerzenschale-dekokies-%f0%9f%a4%93","status":"publish","type":"product","link":"https:\/\/www.blogseite.com\/geschenke\/s\/teelichthalter-set-kerzenschale-dekokies-%f0%9f%a4%93\/","title":{"rendered":"Teelichthalter Set, Kerzenschale, Dekokies \ud83e\udd13"},"content":{"rendered":"<ul class=\"a-unordered-list a-vertical a-spacing-mini\">\n<li><span class=\"a-list-item\"> Dekorativ: Runde Teelichthalter auf Kerzenschale in Braunt\u00f6nen als ausgefallene Tischdeko <\/span><\/li>\n<li><span class=\"a-list-item\"> 3er Set: Die 3 kugelf\u00f6rmigen Halterungen sind mit gl\u00e4nzenden Blumen-Mosaiks best\u00fcckt <\/span><\/li>\n<li><span class=\"a-list-item\"> Mit Dekosteinen: Die wei\u00df-grauen Kieselsteine verpassen dem Kerzenhalter den letzten Schliff <\/span><\/li>\n<li><span class=\"a-list-item\"> Oval: Der lange, abgerundete Kerzenst\u00e4nder ist perfekt f\u00fcr Ihren Esstisch, Sideboards uvm. <\/span><\/li>\n<li><span class=\"a-list-item\"> Mit Kerzen: 3 kleine Teelichter sind inklusive &#8211; Die Kerzenschale ist B x T ca. 51,5 x 18,5 Zentimeter <\/span><\/li>\n<\/ul>\n","protected":false},"excerpt":{"rendered":"<p>Dekorativ: Runde Teelichthalter auf Kerzenschale in Braunt\u00f6nen als ausgefallene Tischdeko 3er Set: Die 3 kugelf\u00f6rmigen Halterungen sind mit gl\u00e4nzenden Blumen-Mosaiks best\u00fcckt Mit Dekosteinen: Die wei\u00df-grauen Kieselsteine verpassen dem Kerzenhalter den letzten Schliff Oval: Der lange, abgerundete Kerzenst\u00e4nder ist perfekt f\u00fcr Ihren Esstisch, Sideboards uvm. Mit Kerzen: 3 kleine Teelichter sind inklusive &#8211; Die Kerzenschale ist [&hellip;]<\/p>\n","protected":false},"featured_media":3795,"comment_status":"open","ping_status":"closed","template":"","meta":[],"product_cat":[814,78,746,74,110,116,63,53,45,108,57,73,280,426,429,430,431,301,300,70,295,294,296,298],"product_tag":[815,816],"class_list":{"0":"post-3794","1":"product","2":"type-product","3":"status-publish","4":"has-post-thumbnail","6":"product_cat-zuhause","7":"product_cat-weihnachtsgeschenke","8":"product_cat--fit-fuer-den-fruehling","9":"product_cat-bester-freund","10":"product_cat-freund","11":"product_cat-frauen","12":"product_cat-mutter","13":"product_cat-muttertag","14":"product_cat-freundin","15":"product_cat-maenner","16":"product_cat-oma","17":"product_cat-beste-freundin","18":"product_cat-geburtstagsgeschenke","19":"product_cat-nach-preis","20":"product_cat-unter-15-euro","21":"product_cat-unter-20-euro","22":"product_cat-unter-50-euro","23":"product_cat-eltern","24":"product_cat--kollege","25":"product_cat-geschenke-fuer-jeden-anlass","26":"product_cat--tochter","27":"product_cat--schwester","28":"product_cat--schwiegermutter","29":"product_cat--ehefrau","30":"product_tag-deko","31":"product_tag-zuhause","33":"first","34":"instock","35":"shipping-taxable","36":"product-type-external"},"_links":{"self":[{"href":"https:\/\/www.blogseite.com\/geschenke\/wp-json\/wp\/v2\/product\/3794"}],"collection":[{"href":"https:\/\/www.blogseite.com\/geschenke\/wp-json\/wp\/v2\/product"}],"about":[{"href":"https:\/\/www.blogseite.com\/geschenke\/wp-json\/wp\/v2\/types\/product"}],"replies":[{"embeddable":true,"href":"https:\/\/www.blogseite.com\/geschenke\/wp-json\/wp\/v2\/comments?post=3794"}],"wp:featuredmedia":[{"embeddable":true,"href":"https:\/\/www.blogseite.com\/geschenke\/wp-json\/wp\/v2\/media\/3795"}],"wp:attachment":[{"href":"https:\/\/www.blogseite.com\/geschenke\/wp-json\/wp\/v2\/media?parent=3794"}],"wp:term":[{"taxonomy":"product_cat","embeddable":true,"href":"https:\/\/www.blogseite.com\/geschenke\/wp-json\/wp\/v2\/product_cat?post=3794"},{"taxonomy":"product_tag","embeddable":true,"href":"https:\/\/www.blogseite.com\/geschenke\/wp-json\/wp\/v2\/product_tag?post=3794"}],"curies":[{"name":"wp","href":"https:\/\/api.w.org\/{rel}","templated":true}]}}