{"id":3478,"date":"2021-03-21T10:15:22","date_gmt":"2021-03-21T09:15:22","guid":{"rendered":"https:\/\/geschenke.blogseite.com\/?post_type=product&#038;p=3478"},"modified":"2022-04-01T18:15:34","modified_gmt":"2022-04-01T16:15:34","slug":"bad-geschenkset-fuer-frauen-10-teiliges-spa-sets","status":"publish","type":"product","link":"https:\/\/www.blogseite.com\/geschenke\/s\/bad-geschenkset-fuer-frauen-10-teiliges-spa-sets\/","title":{"rendered":"Bad Geschenkset F\u00fcr Frauen, 10-teiliges Spa Sets"},"content":{"rendered":"<ul class=\"a-unordered-list a-vertical a-spacing-mini\">\n<li><span class=\"a-list-item\"> Das Home Spa Kit erf\u00fcllt alle Badebed\u00fcrfnisse &#8211; Duschgel, Schaumbad, Badesalz, Bodylotion, K\u00f6rperbutter, Handcreme, Raumduft, Blume Seifenbl\u00e4tter, Badeschwamm und handgefertigte Handtasche. Alle Produkte machen Ihnen die beste Badeerfahrung. <\/span><\/li>\n<li><span class=\"a-list-item\"> Nat\u00fcrliche pflegende Inhaltsstoffe &#8211; Sonnenblumen\u00f6l und Vitamin E spenden tiefe, langfristige Feuchtigkeit, um selbst die trockenste Haut f\u00fcr ein weicig nat\u00fcrlich, hes, geschmeidiges und leichtestes Gef\u00fchl zu erweichen. Jede Formel ist v\u00f6llgesunde und sichere Produkte sind immer unser Ziel. <\/span><\/li>\n<li><span class=\"a-list-item\"> Die sch\u00f6ne Baumwolld\u00fcfte k\u00f6nnen\u00a0Ruhe und Frieden bringen, den Geist beruhigen und das allgemeine Wohlbefinden f\u00f6rdern. Lassen Sie Ihren K\u00f6rper die G\u00fcte aufnehmen, w\u00e4hrend Sie Ihre Haut mit den besten Badezus\u00e4tzen verw\u00f6hnen. <\/span><\/li>\n<li><span class=\"a-list-item\"> Raumduft &#8211; Eleganter Raumduft wird als sch\u00f6ne Dekoration auf Ihren Tisch gelegt. Durch den lang anhaltenden Geruch, so werden Erinnerungen an die Leichtigkeit und vergessen den Kummer am Tag. Durch die Verwendung von dem Raumduft w\u00e4hrend Ihres Bades, f\u00fchlen Sie sich entspannend und vergessen den Kummer. <\/span><\/li>\n<li><span class=\"a-list-item\"> Perfektes Geschenk f\u00fcr alle Feiertage &#8211; Unsere Spa Geschenk K\u00f6rbe k\u00f6nnen ein \u00dcberraschungsgeschenk f\u00fcr Ihre Geliebte\u00a0jedes Fest. Ob es zum Geburtstag, zu Weihnachten, Erntedankfest oder Valentinstag ist. Handgefertigte Handtasche wird auf viele verschiedene Arten verwendet werden: am Strand, beim Einkaufen oder einfach nur f\u00fcr einen Tagesausflug. <\/span><\/li>\n<\/ul>\n","protected":false},"excerpt":{"rendered":"<p>Das Home Spa Kit erf\u00fcllt alle Badebed\u00fcrfnisse &#8211; Duschgel, Schaumbad, Badesalz, Bodylotion, K\u00f6rperbutter, Handcreme, Raumduft, Blume Seifenbl\u00e4tter, Badeschwamm und handgefertigte Handtasche. Alle Produkte machen Ihnen die beste Badeerfahrung. Nat\u00fcrliche pflegende Inhaltsstoffe &#8211; Sonnenblumen\u00f6l und Vitamin E spenden tiefe, langfristige Feuchtigkeit, um selbst die trockenste Haut f\u00fcr ein weicig nat\u00fcrlich, hes, geschmeidiges und leichtestes Gef\u00fchl zu [&hellip;]<\/p>\n","protected":false},"featured_media":3479,"comment_status":"open","ping_status":"closed","template":"","meta":[],"product_cat":[78,103,116,63,53,56,45,57,73,280,55,426,431,301,297,295,294,296,298],"product_tag":[507,783],"class_list":{"0":"post-3478","1":"product","2":"type-product","3":"status-publish","4":"has-post-thumbnail","6":"product_cat-weihnachtsgeschenke","7":"product_cat-studenten","8":"product_cat-frauen","9":"product_cat-mutter","10":"product_cat-muttertag","11":"product_cat-hochzeit","12":"product_cat-freundin","13":"product_cat-oma","14":"product_cat-beste-freundin","15":"product_cat-geburtstagsgeschenke","16":"product_cat-valentinstag","17":"product_cat-nach-preis","18":"product_cat-unter-50-euro","19":"product_cat-eltern","20":"product_cat--maedchen","21":"product_cat--tochter","22":"product_cat--schwester","23":"product_cat--schwiegermutter","24":"product_cat--ehefrau","25":"product_tag-geschenkset","26":"product_tag-spa","28":"first","29":"instock","30":"shipping-taxable","31":"product-type-external"},"_links":{"self":[{"href":"https:\/\/www.blogseite.com\/geschenke\/wp-json\/wp\/v2\/product\/3478"}],"collection":[{"href":"https:\/\/www.blogseite.com\/geschenke\/wp-json\/wp\/v2\/product"}],"about":[{"href":"https:\/\/www.blogseite.com\/geschenke\/wp-json\/wp\/v2\/types\/product"}],"replies":[{"embeddable":true,"href":"https:\/\/www.blogseite.com\/geschenke\/wp-json\/wp\/v2\/comments?post=3478"}],"wp:featuredmedia":[{"embeddable":true,"href":"https:\/\/www.blogseite.com\/geschenke\/wp-json\/wp\/v2\/media\/3479"}],"wp:attachment":[{"href":"https:\/\/www.blogseite.com\/geschenke\/wp-json\/wp\/v2\/media?parent=3478"}],"wp:term":[{"taxonomy":"product_cat","embeddable":true,"href":"https:\/\/www.blogseite.com\/geschenke\/wp-json\/wp\/v2\/product_cat?post=3478"},{"taxonomy":"product_tag","embeddable":true,"href":"https:\/\/www.blogseite.com\/geschenke\/wp-json\/wp\/v2\/product_tag?post=3478"}],"curies":[{"name":"wp","href":"https:\/\/api.w.org\/{rel}","templated":true}]}}