{"id":3476,"date":"2021-03-21T10:10:40","date_gmt":"2021-03-21T09:10:40","guid":{"rendered":"https:\/\/geschenke.blogseite.com\/?post_type=product&#038;p=3476"},"modified":"2022-04-01T18:16:01","modified_gmt":"2022-04-01T16:16:01","slug":"geschenkbox-fuer-frauen-body-earth-%f0%9f%98%8d","status":"publish","type":"product","link":"https:\/\/www.blogseite.com\/geschenke\/s\/geschenkbox-fuer-frauen-body-earth-%f0%9f%98%8d\/","title":{"rendered":"Geschenkbox: f\u00fcr Frauen Body &#038; Earth \ud83d\ude0d"},"content":{"rendered":"<div id=\"featurebullets_feature_div\" class=\"celwidget\" data-feature-name=\"featurebullets\" data-csa-c-id=\"mdajvr-tdbf1c-2zzo8l-y5gqkz\" data-cel-widget=\"featurebullets_feature_div\">\n<div id=\"feature-bullets\" class=\"a-section a-spacing-medium a-spacing-top-small\">\n<ul class=\"a-unordered-list a-vertical a-spacing-mini\">\n<li><span class=\"a-list-item\"> enth\u00e4lt die perfekte Kombination aus Sonnenblumen\u00f6l und Vitamin E und so weiter, die der Haut Feuchtigkeit spendet. Sie pflegen auch die Haut streichelzart.So kommen Ihr Geist, Ihre Seele und Ihr K\u00f6rper wieder ins Gleichgewicht und Sie k\u00f6nnen sich f\u00fcr kurze Zeit eine Auszeit aus dem stressigen Alltag g\u00f6nnen. <\/span><\/li>\n<li><span class=\"a-list-item\"> Angereichert mit \u00e4therischen Rosen\u00f6l, die K\u00f6rper und Geist auf nat\u00fcrliche Weise beruhigen. Das Set liefert einen dezenten Duft, der ein frisches und reines Gef\u00fchl hinterl\u00e4sst.Die der Haut Feuchtigkeit spendet. Sie pflegen auch die Haut streichelzart. Mit einem Duft, der an frisch Rosen\u00f6l erinnert, der gleichzeitig Feuchtigkeit spendet und r\u00fcckfettet. Dieses Luxus-Set ist das perfekte Geschenk f\u00fcr Frauen. <\/span><\/li>\n<li><span class=\"a-list-item\"> Die dekorative Schachtel mit einem Rosa Band, ideales Geschenkset f\u00fcr Ihren Liebsten. Spa Bad Geschenk-Set \u2013 Das Bad Set beinhaltet 151ml shower gel, 57ml hand cream, 57ml body lotion, 60ml body butter . Praktische anwendungen f\u00fcr verschiedene Badeanl\u00e4sse. <\/span><\/li>\n<li><span class=\"a-list-item\"> \u3010k\u00f6rperpflege damen\u3011Hilft bei Muskelkater, lockert; Egal, ob Sie sich selbst oder jemand anderen mit einem Geschenk verw\u00f6hnen m\u00f6chten, unsere Kollektion luxuri\u00f6ser Produkte f\u00fcr K\u00f6rper und Geist sowie f\u00fcr das Zuhause machen die Auswahl des perfekten Geschenks zum Kinderspiel. Dieses Luxus Rose Set ist das perfekte Geschenk f\u00fcr alle. <\/span><\/li>\n<li><span class=\"a-list-item\"> Ein beliebter Urlaub, Geburtstag, Jubil\u00e4um, Dankesch\u00f6n f\u00fcr sich selbst oder Ihren Liebsten zu jeder Jahreszeit! Geschenkset f\u00fcr jeden. <\/span><\/li>\n<\/ul>\n<\/div>\n<\/div>\n<div id=\"legalEUAtf_feature_div\" class=\"celwidget\" data-feature-name=\"legalEUAtf\" data-csa-c-id=\"qmg8f6-cj60pw-z40f1a-inicay\" data-cel-widget=\"legalEUAtf_feature_div\"><\/div>\n<div id=\"globalStoreInfoBullets_feature_div\" class=\"celwidget\" data-feature-name=\"globalStoreInfoBullets\" data-csa-c-id=\"tj8i5-9rlbu7-dg0ocv-vkb9gy\" data-cel-widget=\"globalStoreInfoBullets_feature_div\"><\/div>\n<div id=\"addOnItem_feature_div\" class=\"celwidget\" data-feature-name=\"addOnItem\" data-csa-c-id=\"o4rx8o-w2rqw1-inon23-qqqbkf\" data-cel-widget=\"addOnItem_feature_div\"><\/div>\n<div id=\"andonCord_feature_div\" class=\"celwidget\" data-feature-name=\"andonCord\" data-csa-c-id=\"oipq4n-867n2s-i9ta6b-li3dox\" data-cel-widget=\"andonCord_feature_div\"><\/div>\n<div id=\"newerVersion_feature_div\" class=\"celwidget\" data-feature-name=\"newerVersion\" data-csa-c-id=\"dqs6r0-kjozpg-3nft9j-f3nzvh\" data-cel-widget=\"newerVersion_feature_div\"><\/div>\n<div id=\"whiteGloveMessage_feature_div\" class=\"celwidget\" data-feature-name=\"whiteGloveMessage\" data-csa-c-id=\"5ac1sd-d0yqe-70okjs-jhqeni\" data-cel-widget=\"whiteGloveMessage_feature_div\"><\/div>\n","protected":false},"excerpt":{"rendered":"<p>enth\u00e4lt die perfekte Kombination aus Sonnenblumen\u00f6l und Vitamin E und so weiter, die der Haut Feuchtigkeit spendet. Sie pflegen auch die Haut streichelzart.So kommen Ihr Geist, Ihre Seele und Ihr K\u00f6rper wieder ins Gleichgewicht und Sie k\u00f6nnen sich f\u00fcr kurze Zeit eine Auszeit aus dem stressigen Alltag g\u00f6nnen. Angereichert mit \u00e4therischen Rosen\u00f6l, die K\u00f6rper und [&hellip;]<\/p>\n","protected":false},"featured_media":3477,"comment_status":"open","ping_status":"closed","template":"","meta":[],"product_cat":[78,103,116,63,53,56,45,57,73,280,55,426,430,431,301,297,295,294,296,298],"product_tag":[599],"class_list":{"0":"post-3476","1":"product","2":"type-product","3":"status-publish","4":"has-post-thumbnail","6":"product_cat-weihnachtsgeschenke","7":"product_cat-studenten","8":"product_cat-frauen","9":"product_cat-mutter","10":"product_cat-muttertag","11":"product_cat-hochzeit","12":"product_cat-freundin","13":"product_cat-oma","14":"product_cat-beste-freundin","15":"product_cat-geburtstagsgeschenke","16":"product_cat-valentinstag","17":"product_cat-nach-preis","18":"product_cat-unter-20-euro","19":"product_cat-unter-50-euro","20":"product_cat-eltern","21":"product_cat--maedchen","22":"product_cat--tochter","23":"product_cat--schwester","24":"product_cat--schwiegermutter","25":"product_cat--ehefrau","26":"product_tag-anti-aging","28":"first","29":"instock","30":"shipping-taxable","31":"product-type-external"},"_links":{"self":[{"href":"https:\/\/www.blogseite.com\/geschenke\/wp-json\/wp\/v2\/product\/3476"}],"collection":[{"href":"https:\/\/www.blogseite.com\/geschenke\/wp-json\/wp\/v2\/product"}],"about":[{"href":"https:\/\/www.blogseite.com\/geschenke\/wp-json\/wp\/v2\/types\/product"}],"replies":[{"embeddable":true,"href":"https:\/\/www.blogseite.com\/geschenke\/wp-json\/wp\/v2\/comments?post=3476"}],"wp:featuredmedia":[{"embeddable":true,"href":"https:\/\/www.blogseite.com\/geschenke\/wp-json\/wp\/v2\/media\/3477"}],"wp:attachment":[{"href":"https:\/\/www.blogseite.com\/geschenke\/wp-json\/wp\/v2\/media?parent=3476"}],"wp:term":[{"taxonomy":"product_cat","embeddable":true,"href":"https:\/\/www.blogseite.com\/geschenke\/wp-json\/wp\/v2\/product_cat?post=3476"},{"taxonomy":"product_tag","embeddable":true,"href":"https:\/\/www.blogseite.com\/geschenke\/wp-json\/wp\/v2\/product_tag?post=3476"}],"curies":[{"name":"wp","href":"https:\/\/api.w.org\/{rel}","templated":true}]}}