{"id":2966,"date":"2021-02-11T13:01:24","date_gmt":"2021-02-11T12:01:24","guid":{"rendered":"https:\/\/geschenke.blogseite.com\/?post_type=product&#038;p=2966"},"modified":"2022-04-03T16:30:31","modified_gmt":"2022-04-03T14:30:31","slug":"ringlicht-mit-stativ-jeemak-18-zoll-45w-kaufen","status":"publish","type":"product","link":"https:\/\/www.blogseite.com\/geschenke\/s\/ringlicht-mit-stativ-jeemak-18-zoll-45w-kaufen\/","title":{"rendered":"Ringlicht mit stativ Jeemak 18 Zoll 45W Kaufen"},"content":{"rendered":"<ul>\n<li><span class=\"a-list-item\"> Die neueste Ringleuchte von Jeemak ist mit einem manuellen Ber\u00fchrungsknopf auf der Leuchttafel ausgestattet. Sie k\u00f6nnen die Farbtemperatur \u00fcber einen weiten Bereich (2700K bis 5700K) und die unterschiedliche Helligkeit (10%-100%) nach Belieben \u00fcber den klaren LCD-Bildschirm oder die drahtlose Fernbedienung frei regulieren. <\/span><\/li>\n<li><span class=\"a-list-item\"> 18 Zoll Au\u00dfen,- und 13 Zoll Innendurchmesser, 320 St\u00fcck LED-Perlen mit 45W und 5700K, das Selfie-Ringlicht kann in 3 Farbmodi und 11 Helligkeitsstufen eingestellt werden, es bietet verschiedene Beleuchtungsoptionen mit einstellbarer Farbtemperatur, macht den Raum hell und erf\u00fcllt Ihre Anforderungen an die Beleuchtung in verschiedenen Situationen. Es gibt drei Telefonhalterungen auf dem Lichtring, so Sie eines beliebigen Modells gleichzeitig benutzen. <\/span><\/li>\n<li><span class=\"a-list-item\">\u00a0Sie k\u00f6nnen Fotos oder Videos direkt mit der Bluetooth-Selbstausl\u00f6ser-Fernbedienung aufnehmen, Sie brauchen den Bildschirm des Telefons nicht mehr zu ber\u00fchren, sie ist weitgehend kompatibel mit den meisten Apple-, und Android-Smartphones, und macht den Selbstausl\u00f6ser bequemer und freier. Verwenden Sie die Infrarot-Fernbedienung, um die Farbtemperatur und Helligkeit des Selfie-Ringlichts einzustellen. <\/span><\/li>\n<li><span class=\"a-list-item\"> Hergestellt aus einer korrosionsbest\u00e4ndigen Aluminiumlegierung, ziemlich stabil und robust zum Fotografieren. Die H\u00f6he kann in einem weiten Bereich von 38 bis 75 Zoll eingestellt werden, und der weiche Tubus l\u00e4sst das Licht frei schwenken, um die beste Position zu erreichen. Mit der Tragetasche k\u00f6nnen Sie das Ringlicht \u00fcberall hin mitnehmen. Perfekt f\u00fcr Fotoaufnahmen, Make-up, Portr\u00e4ts, Produkte, Haustiere und Video. <\/span><\/li>\n<li><span class=\"a-list-item\">\u00a01x 18 Zoll Ringlicht mit AC-Netzadapter, 1 x 75 Zoll verstellbarer Stativst\u00e4nder, 3 x flexibler Smartphone-Halter, 1x drahtlose IR-Fernbedienung f\u00fcr Ringlicht, 1x Bluetooth-Fernbedienung f\u00fcr Telefon, 1x passende Tragetasche f\u00fcr Ringlichtset, 1x Benutzerhandbuch. Jeemak&#8217;s professionelles Ringlichtset bietet 12 Monate Garantie f\u00fcr alle Probleme oder Defekte. <\/span><\/li>\n<\/ul>\n","protected":false},"excerpt":{"rendered":"<p>Die neueste Ringleuchte von Jeemak ist mit einem manuellen Ber\u00fchrungsknopf auf der Leuchttafel ausgestattet. Sie k\u00f6nnen die Farbtemperatur \u00fcber einen weiten Bereich (2700K bis 5700K) und die unterschiedliche Helligkeit (10%-100%) nach Belieben \u00fcber den klaren LCD-Bildschirm oder die drahtlose Fernbedienung frei regulieren. 18 Zoll Au\u00dfen,- und 13 Zoll Innendurchmesser, 320 St\u00fcck LED-Perlen mit 45W und [&hellip;]<\/p>\n","protected":false},"featured_media":2967,"comment_status":"open","ping_status":"closed","template":"","meta":[],"product_cat":[103,74,110,54,116,63,53,56,45,108,73,280,55,426,432,433,293,292,70,297,295,294,291,64],"product_tag":[739],"class_list":{"0":"post-2966","1":"product","2":"type-product","3":"status-publish","4":"has-post-thumbnail","6":"product_cat-studenten","7":"product_cat-bester-freund","8":"product_cat-freund","9":"product_cat-vatertag","10":"product_cat-frauen","11":"product_cat-mutter","12":"product_cat-muttertag","13":"product_cat-hochzeit","14":"product_cat-freundin","15":"product_cat-maenner","16":"product_cat-beste-freundin","17":"product_cat-geburtstagsgeschenke","18":"product_cat-valentinstag","19":"product_cat-nach-preis","20":"product_cat-ueber-35-euro","21":"product_cat-ueber-40-euro","22":"product_cat-geschenk-fuer-bruder","23":"product_cat-sohn","24":"product_cat-geschenke-fuer-jeden-anlass","25":"product_cat--maedchen","26":"product_cat--tochter","27":"product_cat--schwester","28":"product_cat-nerds","29":"product_cat-vater","30":"product_tag-ringlicht","32":"first","33":"instock","34":"shipping-taxable","35":"product-type-external"},"_links":{"self":[{"href":"https:\/\/www.blogseite.com\/geschenke\/wp-json\/wp\/v2\/product\/2966"}],"collection":[{"href":"https:\/\/www.blogseite.com\/geschenke\/wp-json\/wp\/v2\/product"}],"about":[{"href":"https:\/\/www.blogseite.com\/geschenke\/wp-json\/wp\/v2\/types\/product"}],"replies":[{"embeddable":true,"href":"https:\/\/www.blogseite.com\/geschenke\/wp-json\/wp\/v2\/comments?post=2966"}],"wp:featuredmedia":[{"embeddable":true,"href":"https:\/\/www.blogseite.com\/geschenke\/wp-json\/wp\/v2\/media\/2967"}],"wp:attachment":[{"href":"https:\/\/www.blogseite.com\/geschenke\/wp-json\/wp\/v2\/media?parent=2966"}],"wp:term":[{"taxonomy":"product_cat","embeddable":true,"href":"https:\/\/www.blogseite.com\/geschenke\/wp-json\/wp\/v2\/product_cat?post=2966"},{"taxonomy":"product_tag","embeddable":true,"href":"https:\/\/www.blogseite.com\/geschenke\/wp-json\/wp\/v2\/product_tag?post=2966"}],"curies":[{"name":"wp","href":"https:\/\/api.w.org\/{rel}","templated":true}]}}