{"id":2949,"date":"2021-02-11T10:41:36","date_gmt":"2021-02-11T09:41:36","guid":{"rendered":"https:\/\/geschenke.blogseite.com\/?post_type=product&#038;p=2949"},"modified":"2022-04-03T16:33:10","modified_gmt":"2022-04-03T14:33:10","slug":"zeadio-stativ-smartphone-halterung-kaufen","status":"publish","type":"product","link":"https:\/\/www.blogseite.com\/geschenke\/s\/zeadio-stativ-smartphone-halterung-kaufen\/","title":{"rendered":"Zeadio Stativ Smartphone Halterung Kaufen"},"content":{"rendered":"<ul>\n<li><span class=\"a-list-item\"> Mit der drehbaren Kaltschuhhalterung k\u00f6nnen Sie zus\u00e4tzliches LED-Licht, Mikrofon oder ein anderes Filmger\u00e4t anbringen. <\/span><\/li>\n<li><span class=\"a-list-item\"> Kann f\u00fcr alle Smartphone oder Tablet mit Breite zwischen 58 mm bis 105 mm. <\/span><\/li>\n<li><span class=\"a-list-item\"> Volle 360-Grad drehbar Funktion f\u00fcr den perfekten Blickwinkel. <\/span><\/li>\n<li><span class=\"a-list-item\"> Anschluss an alle Einbein- und Dreibein-Stative, Stabilisatoren oder sonstige Kamerahalterungen mit einem Standard Gewinde m\u00f6glich. <\/span><\/li>\n<li><span class=\"a-list-item\"> Hilft Sie filmen Steady Video f\u00fcr Facebook und anderen Live Streaming-Plattformen. <\/span><\/li>\n<\/ul>\n","protected":false},"excerpt":{"rendered":"<p>Mit der drehbaren Kaltschuhhalterung k\u00f6nnen Sie zus\u00e4tzliches LED-Licht, Mikrofon oder ein anderes Filmger\u00e4t anbringen. Kann f\u00fcr alle Smartphone oder Tablet mit Breite zwischen 58 mm bis 105 mm. Volle 360-Grad drehbar Funktion f\u00fcr den perfekten Blickwinkel. Anschluss an alle Einbein- und Dreibein-Stative, Stabilisatoren oder sonstige Kamerahalterungen mit einem Standard Gewinde m\u00f6glich. Hilft Sie filmen Steady [&hellip;]<\/p>\n","protected":false},"featured_media":2950,"comment_status":"open","ping_status":"closed","template":"","meta":[],"product_cat":[103,74,110,54,108,280,426,430,431,293,292,70,291,64],"product_tag":[328,738],"class_list":{"0":"post-2949","1":"product","2":"type-product","3":"status-publish","4":"has-post-thumbnail","6":"product_cat-studenten","7":"product_cat-bester-freund","8":"product_cat-freund","9":"product_cat-vatertag","10":"product_cat-maenner","11":"product_cat-geburtstagsgeschenke","12":"product_cat-nach-preis","13":"product_cat-unter-20-euro","14":"product_cat-unter-50-euro","15":"product_cat-geschenk-fuer-bruder","16":"product_cat-sohn","17":"product_cat-geschenke-fuer-jeden-anlass","18":"product_cat-nerds","19":"product_cat-vater","20":"product_tag-geschenk-fuer-hobbykoch","21":"product_tag-handy-objektiv","23":"first","24":"instock","25":"shipping-taxable","26":"product-type-external"},"_links":{"self":[{"href":"https:\/\/www.blogseite.com\/geschenke\/wp-json\/wp\/v2\/product\/2949"}],"collection":[{"href":"https:\/\/www.blogseite.com\/geschenke\/wp-json\/wp\/v2\/product"}],"about":[{"href":"https:\/\/www.blogseite.com\/geschenke\/wp-json\/wp\/v2\/types\/product"}],"replies":[{"embeddable":true,"href":"https:\/\/www.blogseite.com\/geschenke\/wp-json\/wp\/v2\/comments?post=2949"}],"wp:featuredmedia":[{"embeddable":true,"href":"https:\/\/www.blogseite.com\/geschenke\/wp-json\/wp\/v2\/media\/2950"}],"wp:attachment":[{"href":"https:\/\/www.blogseite.com\/geschenke\/wp-json\/wp\/v2\/media?parent=2949"}],"wp:term":[{"taxonomy":"product_cat","embeddable":true,"href":"https:\/\/www.blogseite.com\/geschenke\/wp-json\/wp\/v2\/product_cat?post=2949"},{"taxonomy":"product_tag","embeddable":true,"href":"https:\/\/www.blogseite.com\/geschenke\/wp-json\/wp\/v2\/product_tag?post=2949"}],"curies":[{"name":"wp","href":"https:\/\/api.w.org\/{rel}","templated":true}]}}