{"id":2827,"date":"2021-02-09T10:13:38","date_gmt":"2021-02-09T09:13:38","guid":{"rendered":"https:\/\/geschenke.blogseite.com\/?post_type=product&#038;p=2827"},"modified":"2022-04-03T16:52:34","modified_gmt":"2022-04-03T14:52:34","slug":"masbrill-led-leuchthalsband-hunde","status":"publish","type":"product","link":"https:\/\/www.blogseite.com\/geschenke\/s\/masbrill-led-leuchthalsband-hunde\/","title":{"rendered":"MASBRILL LED Leuchthalsband Hunde \ud83d\ude32"},"content":{"rendered":"<ul class=\"a-unordered-list a-vertical a-spacing-mini\">\n<li><span class=\"a-list-item\"> Hund Leuchthalsband ist aus robustem Nylon und LED Beleuchtung, Hunde sind in der dunklen Umgebung leicht zu sehen und sch\u00fctzen sie. Dieses Led Halsband kann Sichtweite bis zu 500 Meter bieten. Dieses Led Halsband ist sehr notwendig f\u00fcr die Hunde oder Katzen. <\/span><\/li>\n<li><span class=\"a-list-item\"> Einfaches Einstellen durch Dr\u00fccken der Taste und freier Wechsel zwischen den drei Modi: Schnelles Blinken, Langsames Blinken, Ruhige Beleuchtung und Ausschalten. <\/span><\/li>\n<li><span class=\"a-list-item\"> Jedes LED Halsband wird mit einem USB-Ladekabel f\u00fcr die eingebaute Lithiumbatterie geliefert(Batteriekapazit\u00e4t 250mA). Es wird keine zus\u00e4tzliche Batterien ben\u00f6tigt, einfach zu anwenden und umweltfreundlich. Es kann \u00fcber 6 Stunden bei voller Aufladung verwendet werden. <\/span><\/li>\n<li><span class=\"a-list-item\"> Klein 11-15.7 Zoll \/ Mittel 15-19.7 Zoll \/ Gro\u00df 19-23.6 Zoll. Leicht zu tragen mit einer Schnellverschlussschnalle und die L\u00e4nge ist einstellbar. Bitte messen Sie den Halsumfang Ihres Hundes mit einem weichen Ma\u00dfband, um die richtige Gr\u00f6\u00dfe zu w\u00e4hlen. Lassen Sie Ihrem Hund immer ausreichend Luft zum Atmen. <\/span><\/li>\n<li><span class=\"a-list-item\"> Ihre Zufriedenheit ist unsere gr\u00f6\u00dfte Motivation. Wenn Sie Probleme mit dem Produkt haben, wenden Sie sich bitte an uns. Wir werden so schnell wie m\u00f6glich innerhalb von 24 Stunden antworten und Ihnen eine zufriedenstellende L\u00f6sung anbieten. <\/span><\/li>\n<\/ul>\n","protected":false},"excerpt":{"rendered":"<p>Hund Leuchthalsband ist aus robustem Nylon und LED Beleuchtung, Hunde sind in der dunklen Umgebung leicht zu sehen und sch\u00fctzen sie. Dieses Led Halsband kann Sichtweite bis zu 500 Meter bieten. Dieses Led Halsband ist sehr notwendig f\u00fcr die Hunde oder Katzen. Einfaches Einstellen durch Dr\u00fccken der Taste und freier Wechsel zwischen den drei Modi: [&hellip;]<\/p>\n","protected":false},"featured_media":2828,"comment_status":"open","ping_status":"closed","template":"","meta":[],"product_cat":[227,426,428,430,431],"product_tag":[229,228,721],"class_list":{"0":"post-2827","1":"product","2":"type-product","3":"status-publish","4":"has-post-thumbnail","6":"product_cat-tiere","7":"product_cat-nach-preis","8":"product_cat-unter-10-euro","9":"product_cat-unter-20-euro","10":"product_cat-unter-50-euro","11":"product_tag-geschenk-fuer-hunde","12":"product_tag-geschenk-fuer-tiere","13":"product_tag-hundehalsband","15":"first","16":"instock","17":"shipping-taxable","18":"product-type-external"},"_links":{"self":[{"href":"https:\/\/www.blogseite.com\/geschenke\/wp-json\/wp\/v2\/product\/2827"}],"collection":[{"href":"https:\/\/www.blogseite.com\/geschenke\/wp-json\/wp\/v2\/product"}],"about":[{"href":"https:\/\/www.blogseite.com\/geschenke\/wp-json\/wp\/v2\/types\/product"}],"replies":[{"embeddable":true,"href":"https:\/\/www.blogseite.com\/geschenke\/wp-json\/wp\/v2\/comments?post=2827"}],"wp:featuredmedia":[{"embeddable":true,"href":"https:\/\/www.blogseite.com\/geschenke\/wp-json\/wp\/v2\/media\/2828"}],"wp:attachment":[{"href":"https:\/\/www.blogseite.com\/geschenke\/wp-json\/wp\/v2\/media?parent=2827"}],"wp:term":[{"taxonomy":"product_cat","embeddable":true,"href":"https:\/\/www.blogseite.com\/geschenke\/wp-json\/wp\/v2\/product_cat?post=2827"},{"taxonomy":"product_tag","embeddable":true,"href":"https:\/\/www.blogseite.com\/geschenke\/wp-json\/wp\/v2\/product_tag?post=2827"}],"curies":[{"name":"wp","href":"https:\/\/api.w.org\/{rel}","templated":true}]}}