{"id":2727,"date":"2021-02-06T16:36:28","date_gmt":"2021-02-06T15:36:28","guid":{"rendered":"https:\/\/geschenke.blogseite.com\/?post_type=product&#038;p=2727"},"modified":"2022-04-03T16:57:48","modified_gmt":"2022-04-03T14:57:48","slug":"fossil-damen-armband-rondell","status":"publish","type":"product","link":"https:\/\/www.blogseite.com\/geschenke\/s\/fossil-damen-armband-rondell\/","title":{"rendered":"Fossil Damen Armband Rondell"},"content":{"rendered":"<ul class=\"a-unordered-list a-vertical a-spacing-mini\">\n<li><span class=\"a-list-item\"> FOSSIL Damen Armband &#8211; L\u00e4nge 16,5 cm <\/span><\/li>\n<li><span class=\"a-list-item\"> Dunkelbraunes Lederstrangarmband mit Edelstahlherz und Anh\u00e4ngern, gl\u00e4nzend, mit Glassteinen &#8211; Zugverschlu\u00df <\/span><\/li>\n<li><span class=\"a-list-item\"> Das Design der Fossil Dosen ist immer unterschiedlich und \u00e4ndert sich mit jeder Saison <\/span><\/li>\n<\/ul>\n","protected":false},"excerpt":{"rendered":"<p>FOSSIL Damen Armband &#8211; L\u00e4nge 16,5 cm Dunkelbraunes Lederstrangarmband mit Edelstahlherz und Anh\u00e4ngern, gl\u00e4nzend, mit Glassteinen &#8211; Zugverschlu\u00df Das Design der Fossil Dosen ist immer unterschiedlich und \u00e4ndert sich mit jeder Saison<\/p>\n","protected":false},"featured_media":2728,"comment_status":"open","ping_status":"closed","template":"","meta":[],"product_cat":[78,103,116,63,53,45,108,73,280,55,426,428,430,431,301,70,295,294,296,298],"product_tag":[444,443,303,113,652,448],"class_list":{"0":"post-2727","1":"product","2":"type-product","3":"status-publish","4":"has-post-thumbnail","6":"product_cat-weihnachtsgeschenke","7":"product_cat-studenten","8":"product_cat-frauen","9":"product_cat-mutter","10":"product_cat-muttertag","11":"product_cat-freundin","12":"product_cat-maenner","13":"product_cat-beste-freundin","14":"product_cat-geburtstagsgeschenke","15":"product_cat-valentinstag","16":"product_cat-nach-preis","17":"product_cat-unter-10-euro","18":"product_cat-unter-20-euro","19":"product_cat-unter-50-euro","20":"product_cat-eltern","21":"product_cat-geschenke-fuer-jeden-anlass","22":"product_cat--tochter","23":"product_cat--schwester","24":"product_cat--schwiegermutter","25":"product_cat--ehefrau","26":"product_tag-edel","27":"product_tag-frauen-armband","28":"product_tag-geburtstagsgeschenke","29":"product_tag-geschenk-fuer-frauen","30":"product_tag-mnner-armband","31":"product_tag-unendlichkeit","33":"first","34":"instock","35":"shipping-taxable","36":"product-type-external"},"_links":{"self":[{"href":"https:\/\/www.blogseite.com\/geschenke\/wp-json\/wp\/v2\/product\/2727"}],"collection":[{"href":"https:\/\/www.blogseite.com\/geschenke\/wp-json\/wp\/v2\/product"}],"about":[{"href":"https:\/\/www.blogseite.com\/geschenke\/wp-json\/wp\/v2\/types\/product"}],"replies":[{"embeddable":true,"href":"https:\/\/www.blogseite.com\/geschenke\/wp-json\/wp\/v2\/comments?post=2727"}],"wp:featuredmedia":[{"embeddable":true,"href":"https:\/\/www.blogseite.com\/geschenke\/wp-json\/wp\/v2\/media\/2728"}],"wp:attachment":[{"href":"https:\/\/www.blogseite.com\/geschenke\/wp-json\/wp\/v2\/media?parent=2727"}],"wp:term":[{"taxonomy":"product_cat","embeddable":true,"href":"https:\/\/www.blogseite.com\/geschenke\/wp-json\/wp\/v2\/product_cat?post=2727"},{"taxonomy":"product_tag","embeddable":true,"href":"https:\/\/www.blogseite.com\/geschenke\/wp-json\/wp\/v2\/product_tag?post=2727"}],"curies":[{"name":"wp","href":"https:\/\/api.w.org\/{rel}","templated":true}]}}