{"id":263,"date":"2020-11-16T19:16:02","date_gmt":"2020-11-16T18:16:02","guid":{"rendered":"https:\/\/geschenke.blogseite.com\/?post_type=product&#038;p=263"},"modified":"2022-04-06T12:23:25","modified_gmt":"2022-04-06T10:23:25","slug":"zhinkarts-handykette-kompatibel-mit-apple-iphone-7-8-iphone-se-2020-47-display-smartphone-necklace-huelle-mit-band","status":"publish","type":"product","link":"https:\/\/www.blogseite.com\/geschenke\/s\/zhinkarts-handykette-kompatibel-mit-apple-iphone-7-8-iphone-se-2020-47-display-smartphone-necklace-huelle-mit-band\/","title":{"rendered":"ZhinkArts Handykette kompatibel mit Apple iPhone 7\/8 \/ iPhone SE (2020) &#8211; 4,7&#8243; Display &#8211; Smartphone Necklace H\u00fclle mit Band"},"content":{"rendered":"<h1 class=\"a-size-base-plus a-text-bold\">Info zu diesem Artikel<\/h1>\n<ul class=\"a-unordered-list a-vertical a-spacing-mini\">\n<li><span class=\"a-list-item\">H\u00c4NDE HOCH: Die Smartphone &#8211; Kette ist der perfekte Begleiter f\u00fcr alle die viel koordinieren und organisieren m\u00fcssen. Job, Kinder oder Kochen, Sie haben immer die H\u00e4nde frei und Ihr Handy dabei.<\/span><\/li>\n<li><span class=\"a-list-item\">INDIVIDUELL: Das Band kann in der L\u00e4nge verstellt werden, so dass Sie selbst entscheiden k\u00f6nnen wie Sie Ihr Handy tragen wollen.<\/span><\/li>\n<li><span class=\"a-list-item\">DIE SCHNUR: Besteht aus geflochtenem PPM (Polypropylen), das Band nimmt keine Feuchtigkeit auf und ist wetterfest. Die Handy Kette ist sehr leicht und nimmt nur sehr schwer Schmutz auf, perfekt f\u00fcr Outdoor Aktivit\u00e4ten geeignet. Das Seil hat einen Durchmesser von ca. 7mm und hochwertige Kordelenden aus Metall<\/span><\/li>\n<li><span class=\"a-list-item\">DAS HANDY COVER: Die Handyh\u00fclle besteht aus einem TPU Silikon Rahmen und einer geh\u00e4rteten R\u00fcckwand aus hartem Kunststoff, an der Schutzh\u00fclle ist die Handykette befestigt.<\/span><\/li>\n<li><span class=\"a-list-item\">WER WIR SIND: ZhinkArts ist in Deutschland \/ Berlin zu Hause. Seit 2015 wachsen wir stetig und bieten Ihnen ein Sortiment an Zubeh\u00f6r und Accessoires f\u00fcr Ihr Smartphone an<\/span><\/li>\n<\/ul>\n","protected":false},"excerpt":{"rendered":"<p>Info zu diesem Artikel H\u00c4NDE HOCH: Die Smartphone &#8211; Kette ist der perfekte Begleiter f\u00fcr alle die viel koordinieren und organisieren m\u00fcssen. Job, Kinder oder Kochen, Sie haben immer die H\u00e4nde frei und Ihr Handy dabei. INDIVIDUELL: Das Band kann in der L\u00e4nge verstellt werden, so dass Sie selbst entscheiden k\u00f6nnen wie Sie Ihr Handy [&hellip;]<\/p>\n","protected":false},"featured_media":265,"comment_status":"open","ping_status":"closed","template":"","meta":[],"product_cat":[44,426,429,430,431],"product_tag":[133,118,117,113,123,92,100,485],"class_list":{"0":"post-263","1":"product","2":"type-product","3":"status-publish","4":"has-post-thumbnail","6":"product_cat-unkategorisiert","7":"product_cat-nach-preis","8":"product_cat-unter-15-euro","9":"product_cat-unter-20-euro","10":"product_cat-unter-50-euro","11":"product_tag-geschenk-fuer-alltag","12":"product_tag-geschenk-fuer-bratina","13":"product_tag-geschenk-fuer-ehrenfrau","14":"product_tag-geschenk-fuer-frauen","15":"product_tag-geschenk-fuer-freunde","16":"product_tag-geschenk-fuer-freundin","17":"product_tag-geschenk-fuer-mutter","18":"product_tag-handykette","20":"first","21":"instock","22":"shipping-taxable","23":"product-type-external"},"_links":{"self":[{"href":"https:\/\/www.blogseite.com\/geschenke\/wp-json\/wp\/v2\/product\/263"}],"collection":[{"href":"https:\/\/www.blogseite.com\/geschenke\/wp-json\/wp\/v2\/product"}],"about":[{"href":"https:\/\/www.blogseite.com\/geschenke\/wp-json\/wp\/v2\/types\/product"}],"replies":[{"embeddable":true,"href":"https:\/\/www.blogseite.com\/geschenke\/wp-json\/wp\/v2\/comments?post=263"}],"wp:featuredmedia":[{"embeddable":true,"href":"https:\/\/www.blogseite.com\/geschenke\/wp-json\/wp\/v2\/media\/265"}],"wp:attachment":[{"href":"https:\/\/www.blogseite.com\/geschenke\/wp-json\/wp\/v2\/media?parent=263"}],"wp:term":[{"taxonomy":"product_cat","embeddable":true,"href":"https:\/\/www.blogseite.com\/geschenke\/wp-json\/wp\/v2\/product_cat?post=263"},{"taxonomy":"product_tag","embeddable":true,"href":"https:\/\/www.blogseite.com\/geschenke\/wp-json\/wp\/v2\/product_tag?post=263"}],"curies":[{"name":"wp","href":"https:\/\/api.w.org\/{rel}","templated":true}]}}