{"id":2024,"date":"2021-01-22T15:32:44","date_gmt":"2021-01-22T14:32:44","guid":{"rendered":"https:\/\/geschenke.blogseite.com\/?post_type=product&#038;p=2024"},"modified":"2022-04-03T19:02:30","modified_gmt":"2022-04-03T17:02:30","slug":"hallingers-5er-premium-grill-gewuerze-als-geschenk-set","status":"publish","type":"product","link":"https:\/\/www.blogseite.com\/geschenke\/s\/hallingers-5er-premium-grill-gewuerze-als-geschenk-set\/","title":{"rendered":"Hallingers 5er Premium-Grill-Gew\u00fcrze als Geschenk-Set"},"content":{"rendered":"<ul class=\"a-unordered-list a-vertical a-spacing-mini\">\n<li><span class=\"a-list-item\"> Feinstes Gourmet-Gew\u00fcrz-Set von Hallingers &#8211; im Miniglas luftdicht lange haltbar. Perfektes Geschenk f\u00fcr M\u00e4nner oder auch als Geschenk f\u00fcr sie. Bestehend aus: Schwarzes Schaf, Magic Dust Grillstar, Flammendes Steak, Sommerlaune Grillgew\u00fcrz und Bayerischer Kr\u00e4uterbutter <\/span><\/li>\n<li><span class=\"a-list-item\"> Verbesserte Edition 2019: Noch stabiler, noch edler, mit allen Infos direkt auf dem Glas. Nach wie vor: Nur erlesenste Rohstoffe werden verwendet, frei von Konservierungsstoffen, m\u00f6glichst Natur-belassen, nach unseren Original-Rezepturen in der Manufaktur bereitet <\/span><\/li>\n<li><span class=\"a-list-item\"> In f\u00fcnf wiederverschlie\u00dfbaren (und auch wiederbef\u00fcllbaren) Minigl\u00e4sern &#8211; damit besonders nachhaltig. Jedes Gef\u00e4\u00df ist jetzt mit Namen, Zutaten, N\u00e4hrwerten und Zubereitungshinweisen versehen und damit auch au\u00dferhalb des Sets lange nutzbar <\/span><\/li>\n<li><span class=\"a-list-item\"> Ohne Geschmacksverst\u00e4rker, Farbstoffe oder Rieselhilfen. Ein Hochgenuss f\u00fcr Gourmets zum Verschenken oder zum selbst Genie\u00dfen. Perfektes Geschenk f\u00fcr Ihn oder als besonderes Geschenk f\u00fcr Sie! <\/span><\/li>\n<li><span class=\"a-list-item\"> Perfekt als: Gew\u00fcrz Grill Set, Grill Gew\u00fcrz Set, BBQ Gew\u00fcrzmischung Set, Grill Gew\u00fcrze Set, Gew\u00fcrze Set Grillen, Gew\u00fcrze Geschenkset M\u00e4nner, Geschenkset Grillen, Genuss Mix, BBQ Geschenkset, Grill Geschenkset, Grillen Gew\u00fcrze Set, Marinaden zum Grillen, Barbecue Rub Set, BBQ Rub Magic Dust, Grill Gew\u00fcrze Geschenkset, Gew\u00fcrzmischung Grillen &#8212; ALLERGENE: Enth\u00e4lt: Sellerie &#8212; Hinweis zu(r) Prim\u00e4rzutat(en): Gew\u00fcrze nicht aus Bayern\/DE stammend <\/span><\/li>\n<\/ul>\n","protected":false},"excerpt":{"rendered":"<p>Feinstes Gourmet-Gew\u00fcrz-Set von Hallingers &#8211; im Miniglas luftdicht lange haltbar. Perfektes Geschenk f\u00fcr M\u00e4nner oder auch als Geschenk f\u00fcr sie. Bestehend aus: Schwarzes Schaf, Magic Dust Grillstar, Flammendes Steak, Sommerlaune Grillgew\u00fcrz und Bayerischer Kr\u00e4uterbutter Verbesserte Edition 2019: Noch stabiler, noch edler, mit allen Infos direkt auf dem Glas. Nach wie vor: Nur erlesenste Rohstoffe werden [&hellip;]<\/p>\n","protected":false},"featured_media":2025,"comment_status":"open","ping_status":"closed","template":"","meta":[],"product_cat":[78,110,58,116,63,53,45,57,73,280,426,430,431,301,70,294,296,298],"product_tag":[76,410,92,109,500],"class_list":{"0":"post-2024","1":"product","2":"type-product","3":"status-publish","4":"has-post-thumbnail","6":"product_cat-weihnachtsgeschenke","7":"product_cat-freund","8":"product_cat-opa","9":"product_cat-frauen","10":"product_cat-mutter","11":"product_cat-muttertag","12":"product_cat-freundin","13":"product_cat-oma","14":"product_cat-beste-freundin","15":"product_cat-geburtstagsgeschenke","16":"product_cat-nach-preis","17":"product_cat-unter-20-euro","18":"product_cat-unter-50-euro","19":"product_cat-eltern","20":"product_cat-geschenke-fuer-jeden-anlass","21":"product_cat--schwester","22":"product_cat--schwiegermutter","23":"product_cat--ehefrau","24":"product_tag-geschenk-beste-freundin","25":"product_tag-geschenk-fuer-eltern","26":"product_tag-geschenk-fuer-freundin","27":"product_tag-geschenk-fuer-maenner","28":"product_tag-gewrzset","30":"first","31":"instock","32":"shipping-taxable","33":"product-type-external"},"_links":{"self":[{"href":"https:\/\/www.blogseite.com\/geschenke\/wp-json\/wp\/v2\/product\/2024"}],"collection":[{"href":"https:\/\/www.blogseite.com\/geschenke\/wp-json\/wp\/v2\/product"}],"about":[{"href":"https:\/\/www.blogseite.com\/geschenke\/wp-json\/wp\/v2\/types\/product"}],"replies":[{"embeddable":true,"href":"https:\/\/www.blogseite.com\/geschenke\/wp-json\/wp\/v2\/comments?post=2024"}],"wp:featuredmedia":[{"embeddable":true,"href":"https:\/\/www.blogseite.com\/geschenke\/wp-json\/wp\/v2\/media\/2025"}],"wp:attachment":[{"href":"https:\/\/www.blogseite.com\/geschenke\/wp-json\/wp\/v2\/media?parent=2024"}],"wp:term":[{"taxonomy":"product_cat","embeddable":true,"href":"https:\/\/www.blogseite.com\/geschenke\/wp-json\/wp\/v2\/product_cat?post=2024"},{"taxonomy":"product_tag","embeddable":true,"href":"https:\/\/www.blogseite.com\/geschenke\/wp-json\/wp\/v2\/product_tag?post=2024"}],"curies":[{"name":"wp","href":"https:\/\/api.w.org\/{rel}","templated":true}]}}