{"id":1817,"date":"2021-01-16T17:18:23","date_gmt":"2021-01-16T16:18:23","guid":{"rendered":"https:\/\/geschenke.blogseite.com\/?post_type=product&#038;p=1817"},"modified":"2022-04-03T19:56:02","modified_gmt":"2022-04-03T17:56:02","slug":"mini-geldkoffer-als-geldgeschenk-oder-fuer-gutscheine","status":"publish","type":"product","link":"https:\/\/www.blogseite.com\/geschenke\/s\/mini-geldkoffer-als-geldgeschenk-oder-fuer-gutscheine\/","title":{"rendered":"Mini Geldkoffer als Geldgeschenk oder f\u00fcr Gutscheine"},"content":{"rendered":"<ul class=\"a-unordered-list a-vertical a-spacing-mini\">\n<li><span class=\"a-list-item\"> Geldkoffer als Geldgeschenk aus echtem Aluminium mit Velour ausgekleidet <\/span><\/li>\n<li><span class=\"a-list-item\"> Geldstapel als Schachtel f\u00fcr das Geldgeschenk &#8211; die perfekte Optik <\/span><\/li>\n<li><span class=\"a-list-item\"> Inklusive Gratis Gru\u00dfkarte zum Beschriften <\/span><\/li>\n<li><span class=\"a-list-item\"> Echter funktionierender Schnappverschluss am Koffer &#8211; Au\u00dfenma\u00dfe ca. 100x70x17mm <\/span><\/li>\n<li><span class=\"a-list-item\"> Kann auch nach dem Geschenk noch zur Aufbewahrung verwendet werden <\/span><\/li>\n<\/ul>\n","protected":false},"excerpt":{"rendered":"<p>Geldkoffer als Geldgeschenk aus echtem Aluminium mit Velour ausgekleidet Geldstapel als Schachtel f\u00fcr das Geldgeschenk &#8211; die perfekte Optik Inklusive Gratis Gru\u00dfkarte zum Beschriften Echter funktionierender Schnappverschluss am Koffer &#8211; Au\u00dfenma\u00dfe ca. 100x70x17mm Kann auch nach dem Geschenk noch zur Aufbewahrung verwendet werden<\/p>\n","protected":false},"featured_media":1819,"comment_status":"open","ping_status":"closed","template":"","meta":[],"product_cat":[78,103,74,110,54,116,63,56,45,57,87,280,55,426,429,430,431,293,301,292,300,302,70,297,299,295,294,291,298,64],"product_tag":[530,208],"class_list":{"0":"post-1817","1":"product","2":"type-product","3":"status-publish","4":"has-post-thumbnail","6":"product_cat-weihnachtsgeschenke","7":"product_cat-studenten","8":"product_cat-bester-freund","9":"product_cat-freund","10":"product_cat-vatertag","11":"product_cat-frauen","12":"product_cat-mutter","13":"product_cat-hochzeit","14":"product_cat-freundin","15":"product_cat-oma","16":"product_cat-kinder","17":"product_cat-geburtstagsgeschenke","18":"product_cat-valentinstag","19":"product_cat-nach-preis","20":"product_cat-unter-15-euro","21":"product_cat-unter-20-euro","22":"product_cat-unter-50-euro","23":"product_cat-geschenk-fuer-bruder","24":"product_cat-eltern","25":"product_cat-sohn","26":"product_cat--kollege","27":"product_cat--jungen","28":"product_cat-geschenke-fuer-jeden-anlass","29":"product_cat--maedchen","30":"product_cat--chef","31":"product_cat--tochter","32":"product_cat--schwester","33":"product_cat-nerds","34":"product_cat--ehefrau","35":"product_cat-vater","36":"product_tag-geldkoffer","37":"product_tag-geschenk-fuer-jeden-anlass","39":"first","40":"instock","41":"shipping-taxable","42":"product-type-external"},"_links":{"self":[{"href":"https:\/\/www.blogseite.com\/geschenke\/wp-json\/wp\/v2\/product\/1817"}],"collection":[{"href":"https:\/\/www.blogseite.com\/geschenke\/wp-json\/wp\/v2\/product"}],"about":[{"href":"https:\/\/www.blogseite.com\/geschenke\/wp-json\/wp\/v2\/types\/product"}],"replies":[{"embeddable":true,"href":"https:\/\/www.blogseite.com\/geschenke\/wp-json\/wp\/v2\/comments?post=1817"}],"wp:featuredmedia":[{"embeddable":true,"href":"https:\/\/www.blogseite.com\/geschenke\/wp-json\/wp\/v2\/media\/1819"}],"wp:attachment":[{"href":"https:\/\/www.blogseite.com\/geschenke\/wp-json\/wp\/v2\/media?parent=1817"}],"wp:term":[{"taxonomy":"product_cat","embeddable":true,"href":"https:\/\/www.blogseite.com\/geschenke\/wp-json\/wp\/v2\/product_cat?post=1817"},{"taxonomy":"product_tag","embeddable":true,"href":"https:\/\/www.blogseite.com\/geschenke\/wp-json\/wp\/v2\/product_tag?post=1817"}],"curies":[{"name":"wp","href":"https:\/\/api.w.org\/{rel}","templated":true}]}}