{"id":1700,"date":"2021-01-14T18:44:55","date_gmt":"2021-01-14T17:44:55","guid":{"rendered":"https:\/\/geschenke.blogseite.com\/?post_type=product&#038;p=1700"},"modified":"2022-04-03T20:57:03","modified_gmt":"2022-04-03T18:57:03","slug":"bluetooth-lautsprecher-nachttischlampe-touch-wecker","status":"publish","type":"product","link":"https:\/\/www.blogseite.com\/geschenke\/s\/bluetooth-lautsprecher-nachttischlampe-touch-wecker\/","title":{"rendered":"Bluetooth Lautsprecher, Nachttischlampe Touch Wecker"},"content":{"rendered":"<ul class=\"a-unordered-list a-vertical a-spacing-mini\">\n<li><span class=\"a-list-item\">\u30105 in 1 multifunktional\u30115 in 1 multifunktionalen Led Bluetooth Lautsprecher: Bluetooth 4.0 Hifi-Lautsprecher + Nachttischlampe Touch Dimmbar+ Led wecker + MP3-Player + Freisprechen! Der Bluetooth Lautsprecher mit Licht eignet sich zum Kochen in der K\u00fcche, zum Sport treiben, zum Zelten, zum H\u00f6ren von H\u00f6rb\u00fcchern in der Nacht oder zum Spa\u00df haben auf Partys und so weiter.Es ist ein perfektes geschenke f\u00fcr teenager m\u00e4dchen ,Geburtstag, Jahrestag, Muttertag, Vatertag, Weihnachten usw.<\/span><\/li>\n<li><span class=\"a-list-item\">\u3010Bluetooth Lautsprecher mit hervorragender Klangqualit\u00e4t\u3011Der kabellose Lautsprecher bietet solide B\u00e4sse ohne Verzerrungen. Sie k\u00f6nnen drinnen oder drau\u00dfen gro\u00dfartige Musik genie\u00dfen.Die LED Bluetooth Lautsprecher verf\u00fcgt \u00fcber ein eingebautes Mikrofon und gibt Ihre H\u00e4nde frei, w\u00e4hrend Sie telefonieren. Kompatibel mit allen Bluetooth-Ger\u00e4ten, unterst\u00fctzt AUX-Eingang, Micro-SD-Karte und USB-Stick.<\/span><\/li>\n<li><span class=\"a-list-item\">\u3010Dimmbare Nachttischlampe\u3011Die Nachttischlampe Touch Dimmbar mit wecker dimmbarem Ber\u00fchrungssensor strahlt sanftes warmwei\u00dfes Licht mit 3 Helligkeitsstufen und 48 romantischen dynamischen bunten Lichtern aus. Sie k\u00f6nnen den Modus f\u00fcr warmwei\u00dfes Licht und eine reichhaltige Mischung lebendiger Farben ganz einfach entsprechend Ihrer Stimmung umschalten, indem Sie auf die Oberseite des Mesh-Netzes tippen. In der Dunkelheit leicht zu erreichen. Buntes gef\u00fchrtes Licht gibt Ihnen herrliche Stimmung.<\/span><\/li>\n<li><span class=\"a-list-item\">\u3010Einstellen Ihres Alarmtons\u3011Sie k\u00f6nnen ganz einfach Ihren eigenen Alarmton einstellen, indem Sie Ihren Lieblingssong im MP3-Format \u00fcber einen USB-Stick oder eine Micro-SD-Karte ausw\u00e4hlen. Wie fantastisch, morgens mit Ihrem Lieblingslied aufzuwachen und einen neuen sch\u00f6nen Tag zu beginnen! Und die Zeit-LED-Anzeige ist gro\u00df genug, Sie k\u00f6nnen die 12H \/ 24H problemlos umschalten.<\/span><\/li>\n<li><span class=\"a-list-item\">\u3010Ideales Geschenk\u3011Multifunktionales, kreatives und modernes Design macht es ideal f\u00fcr jeden Anlass. Dies ist ein Ideales Geschenk f\u00fcr freund,Kinder, jugendliche , Frauen, wenn Weihnachten, Geburtstag, Halloween, Urlaub, Hochzeit oder Party.<\/span><\/li>\n<\/ul>\n","protected":false},"excerpt":{"rendered":"<p>\u30105 in 1 multifunktional\u30115 in 1 multifunktionalen Led Bluetooth Lautsprecher: Bluetooth 4.0 Hifi-Lautsprecher + Nachttischlampe Touch Dimmbar+ Led wecker + MP3-Player + Freisprechen! Der Bluetooth Lautsprecher mit Licht eignet sich zum Kochen in der K\u00fcche, zum Sport treiben, zum Zelten, zum H\u00f6ren von H\u00f6rb\u00fcchern in der Nacht oder zum Spa\u00df haben auf Partys und so [&hellip;]<\/p>\n","protected":false},"featured_media":1701,"comment_status":"open","ping_status":"closed","template":"","meta":[],"product_cat":[426,432,431,302,297,295,294],"product_tag":[386,502],"class_list":{"0":"post-1700","1":"product","2":"type-product","3":"status-publish","4":"has-post-thumbnail","6":"product_cat-nach-preis","7":"product_cat-ueber-35-euro","8":"product_cat-unter-50-euro","9":"product_cat--jungen","10":"product_cat--maedchen","11":"product_cat--tochter","12":"product_cat--schwester","13":"product_tag-geschenk-fuer-jungen","14":"product_tag-lautsprecher","16":"first","17":"instock","18":"shipping-taxable","19":"product-type-external"},"_links":{"self":[{"href":"https:\/\/www.blogseite.com\/geschenke\/wp-json\/wp\/v2\/product\/1700"}],"collection":[{"href":"https:\/\/www.blogseite.com\/geschenke\/wp-json\/wp\/v2\/product"}],"about":[{"href":"https:\/\/www.blogseite.com\/geschenke\/wp-json\/wp\/v2\/types\/product"}],"replies":[{"embeddable":true,"href":"https:\/\/www.blogseite.com\/geschenke\/wp-json\/wp\/v2\/comments?post=1700"}],"wp:featuredmedia":[{"embeddable":true,"href":"https:\/\/www.blogseite.com\/geschenke\/wp-json\/wp\/v2\/media\/1701"}],"wp:attachment":[{"href":"https:\/\/www.blogseite.com\/geschenke\/wp-json\/wp\/v2\/media?parent=1700"}],"wp:term":[{"taxonomy":"product_cat","embeddable":true,"href":"https:\/\/www.blogseite.com\/geschenke\/wp-json\/wp\/v2\/product_cat?post=1700"},{"taxonomy":"product_tag","embeddable":true,"href":"https:\/\/www.blogseite.com\/geschenke\/wp-json\/wp\/v2\/product_tag?post=1700"}],"curies":[{"name":"wp","href":"https:\/\/api.w.org\/{rel}","templated":true}]}}