{"id":1552,"date":"2021-01-13T10:17:30","date_gmt":"2021-01-13T09:17:30","guid":{"rendered":"https:\/\/geschenke.blogseite.com\/?post_type=product&#038;p=1552"},"modified":"2022-04-05T18:00:14","modified_gmt":"2022-04-05T16:00:14","slug":"premium-baby-krabbeldecke-extra-weich-gepolstert","status":"publish","type":"product","link":"https:\/\/www.blogseite.com\/geschenke\/s\/premium-baby-krabbeldecke-extra-weich-gepolstert\/","title":{"rendered":"Premium Baby Krabbeldecke, Extra Weich Gepolstert"},"content":{"rendered":"<ul class=\"a-unordered-list a-vertical a-spacing-mini\">\n<li><span class=\"a-list-item\"> \ud835\udc16\ud835\udc1e\ud835\udc22\ud835\udc1c\ud835\udc21 \ud835\udc20\ud835\udc1e\ud835\udc29\ud835\udc28\ud835\udc25\ud835\udc2c\ud835\udc2d\ud835\udc1e\ud835\udc2b\ud835\udc2d: Unsere emma &amp; noah Krabbeldecken sind extra dick gepolstert und bieten Deinem Baby eine kuschelig weiche Unterlage. Zus\u00e4tzlich sch\u00fctzt die Polsterung Dein Kind vor der K\u00e4lte des Boden. Unsere Polsterung ist mit 4 cm nachweislich dicker als herk\u00f6mmliche Decken. <\/span><\/li>\n<li><span class=\"a-list-item\"> \ud835\udc04\ud835\udc31\ud835\udc2d\ud835\udc2b\ud835\udc1a \ud835\udc20\ud835\udc2b\ud835\udc28\u00df: Unsere Krabbeldecken bieten Deinem Baby genug Freiheit zum Krabbeln, Spielen, Rollen und Entdecken. Gleichzeitig l\u00e4sst sich die Decke durch unseren mitgelieferten Stoffbeutel angenehm leicht \u00fcberall mit hinnehmen. <\/span><\/li>\n<li><span class=\"a-list-item\"> \ud835\udc0d\ud835\udc1a\ud835\udc1c\ud835\udc21\ud835\udc21\ud835\udc1a\ud835\udc25\ud835\udc2d\ud835\udc22\ud835\udc20 \ud835\udc29\ud835\udc2b\ud835\udc28\ud835\udc1d\ud835\udc2e\ud835\udc33\ud835\udc22\ud835\udc1e\ud835\udc2b\ud835\udc2d: Unsere emma &amp; noah Spieldecken bestehen aus 100% Bio-Baumwolle und sind gepr\u00fcft frei von Schadstoffen. Zus\u00e4tzlich sind sie mit dem strengen OEKO-TEX Standard 100 Siegel zertifiziert. F\u00fcr ein gutes Gef\u00fchl und der Sicherheit, dass unsere Decken optimal f\u00fcr S\u00e4uglinge &amp; Neugeborene Kinder geeignet sind. <\/span><\/li>\n<li><span class=\"a-list-item\"> \ud835\udc15\ud835\udc22\ud835\udc1e\ud835\udc25\ud835\udc2c\ud835\udc1e\ud835\udc22\ud835\udc2d\ud835\udc22\ud835\udc20 \ud835\udc2f\ud835\udc1e\ud835\udc2b\ud835\udc30\ud835\udc1e\ud835\udc27\ud835\udc1d\ud835\udc1b\ud835\udc1a\ud835\udc2b: Unsere Krabbeldecken eignen sich auch ideal als Laufgittereinlage f\u00fcr S\u00e4uglinge &amp; Kleinkinder oder als Spielmatte f\u00fcr gr\u00f6\u00dfere Kinder. Durch den Einsatz von nat\u00fcrlicher Bio-Baumwolle und einer hochwertigen Verarbeitung sind unsere Spieldecken ein langlebiger Begleiter. <\/span><\/li>\n<li><span class=\"a-list-item\"> \ud835\udc04\ud835\udc22\ud835\udc27\ud835\udc1f\ud835\udc1a\ud835\udc1c\ud835\udc21 \ud835\udc33\ud835\udc2e \ud835\udc2b\ud835\udc1e\ud835\udc22\ud835\udc27\ud835\udc22\ud835\udc20\ud835\udc1e\ud835\udc27: Unsere emma &amp; noah Erlebnisdecken k\u00f6nnen bei 40\u00b0C gewaschen werden und passen in alle handels\u00fcblichen Waschmaschinen, sodass sie schnell wieder sauber und frisch sind. Pflegehinweis: Nicht vorgewaschen. Empfehlung: Vor dem ersten Einsatz bei 40 \u00b0C waschen. <\/span><\/li>\n<\/ul>\n","protected":false},"excerpt":{"rendered":"<p>\ud835\udc16\ud835\udc1e\ud835\udc22\ud835\udc1c\ud835\udc21 \ud835\udc20\ud835\udc1e\ud835\udc29\ud835\udc28\ud835\udc25\ud835\udc2c\ud835\udc2d\ud835\udc1e\ud835\udc2b\ud835\udc2d: Unsere emma &amp; noah Krabbeldecken sind extra dick gepolstert und bieten Deinem Baby eine kuschelig weiche Unterlage. Zus\u00e4tzlich sch\u00fctzt die Polsterung Dein Kind vor der K\u00e4lte des Boden. Unsere Polsterung ist mit 4 cm nachweislich dicker als herk\u00f6mmliche Decken. \ud835\udc04\ud835\udc31\ud835\udc2d\ud835\udc2b\ud835\udc1a \ud835\udc20\ud835\udc2b\ud835\udc28\u00df: Unsere Krabbeldecken bieten Deinem Baby genug Freiheit zum Krabbeln, Spielen, Rollen und [&hellip;]<\/p>\n","protected":false},"featured_media":1553,"comment_status":"open","ping_status":"closed","template":"","meta":[],"product_cat":[366,426,432,433,431],"product_tag":[554,370,374],"class_list":{"0":"post-1552","1":"product","2":"type-product","3":"status-publish","4":"has-post-thumbnail","6":"product_cat-baby","7":"product_cat-nach-preis","8":"product_cat-ueber-35-euro","9":"product_cat-ueber-40-euro","10":"product_cat-unter-50-euro","11":"product_tag-babydecke","12":"product_tag-geschenk-fuer-baby","13":"product_tag-geschenke-fuer-babys","15":"first","16":"instock","17":"shipping-taxable","18":"product-type-external"},"_links":{"self":[{"href":"https:\/\/www.blogseite.com\/geschenke\/wp-json\/wp\/v2\/product\/1552"}],"collection":[{"href":"https:\/\/www.blogseite.com\/geschenke\/wp-json\/wp\/v2\/product"}],"about":[{"href":"https:\/\/www.blogseite.com\/geschenke\/wp-json\/wp\/v2\/types\/product"}],"replies":[{"embeddable":true,"href":"https:\/\/www.blogseite.com\/geschenke\/wp-json\/wp\/v2\/comments?post=1552"}],"wp:featuredmedia":[{"embeddable":true,"href":"https:\/\/www.blogseite.com\/geschenke\/wp-json\/wp\/v2\/media\/1553"}],"wp:attachment":[{"href":"https:\/\/www.blogseite.com\/geschenke\/wp-json\/wp\/v2\/media?parent=1552"}],"wp:term":[{"taxonomy":"product_cat","embeddable":true,"href":"https:\/\/www.blogseite.com\/geschenke\/wp-json\/wp\/v2\/product_cat?post=1552"},{"taxonomy":"product_tag","embeddable":true,"href":"https:\/\/www.blogseite.com\/geschenke\/wp-json\/wp\/v2\/product_tag?post=1552"}],"curies":[{"name":"wp","href":"https:\/\/api.w.org\/{rel}","templated":true}]}}