{"id":1523,"date":"2021-01-13T08:46:46","date_gmt":"2021-01-13T07:46:46","guid":{"rendered":"https:\/\/geschenke.blogseite.com\/?post_type=product&#038;p=1523"},"modified":"2022-04-05T18:20:50","modified_gmt":"2022-04-05T16:20:50","slug":"spieluhr-katze-kuscheltier-einschlafhilfe-%f0%9f%a5%b0","status":"publish","type":"product","link":"https:\/\/www.blogseite.com\/geschenke\/s\/spieluhr-katze-kuscheltier-einschlafhilfe-%f0%9f%a5%b0\/","title":{"rendered":"Spieluhr Katze \/ Kuscheltier &#038; Einschlafhilfe \ud83e\udd70"},"content":{"rendered":"<ul class=\"a-unordered-list a-vertical a-spacing-mini\">\n<li><span class=\"a-list-item\"> Die flauschige Katze mit ihrem freundlichen Gesicht erobert Babys Herz im Nu: Sie l\u00e4dt zum Knuddeln und Liebhaben ein und die Melodie wiegt seicht und beh\u00fctet in den Schlaf <\/span><\/li>\n<li><span class=\"a-list-item\"> Nach Aufziehen des Spielwerks erklingt ein beliebtes Einschlaflied &#8211; die seichte Melodie in angenehmer Lautst\u00e4rke beruhigt und l\u00e4sst das Baby ganz leicht ins Land der Tr\u00e4ume reisen <\/span><\/li>\n<li><span class=\"a-list-item\"> Die s\u00fc\u00dfe Katze ist nicht nur die ideale Einschlafhilfe, sondern l\u00e4sst sich dank der zwei B\u00e4ndchen ganz einfach am Bettchen, Kinderwagen oder der Babyschale befestigen &#8211; der perfekte Begleiter! <\/span><\/li>\n<li><span class=\"a-list-item\"> Um das Pl\u00fcschtier zu reinigen, kann das Spielwerk nach \u00d6ffnen des Sicherheitsverschlusses einfach entnommen werden &#8211; bei 30\u00b0 C gewaschen bleibt die weiche Katze immer frisch und kuschelig! <\/span><\/li>\n<li><span class=\"a-list-item\"> Lieferumfang: 1 x Spieluhr Katze aus der Kollektion Aiko &amp; Yuki \/ Ma\u00dfe: 19 cm \/ Obermaterial: Pl\u00fcsch, Velours, Stoff &#8211; bei 30\u00b0C waschbar \/ Art.Nr: 057089 \/ Spieluhrmelodie variiert <\/span><\/li>\n<\/ul>\n","protected":false},"excerpt":{"rendered":"<p>Die flauschige Katze mit ihrem freundlichen Gesicht erobert Babys Herz im Nu: Sie l\u00e4dt zum Knuddeln und Liebhaben ein und die Melodie wiegt seicht und beh\u00fctet in den Schlaf Nach Aufziehen des Spielwerks erklingt ein beliebtes Einschlaflied &#8211; die seichte Melodie in angenehmer Lautst\u00e4rke beruhigt und l\u00e4sst das Baby ganz leicht ins Land der Tr\u00e4ume [&hellip;]<\/p>\n","protected":false},"featured_media":1524,"comment_status":"open","ping_status":"closed","template":"","meta":[],"product_cat":[366,426,430,431],"product_tag":[370,455],"class_list":{"0":"post-1523","1":"product","2":"type-product","3":"status-publish","4":"has-post-thumbnail","6":"product_cat-baby","7":"product_cat-nach-preis","8":"product_cat-unter-20-euro","9":"product_cat-unter-50-euro","10":"product_tag-geschenk-fuer-baby","11":"product_tag-stofftier","13":"first","14":"instock","15":"shipping-taxable","16":"product-type-external"},"_links":{"self":[{"href":"https:\/\/www.blogseite.com\/geschenke\/wp-json\/wp\/v2\/product\/1523"}],"collection":[{"href":"https:\/\/www.blogseite.com\/geschenke\/wp-json\/wp\/v2\/product"}],"about":[{"href":"https:\/\/www.blogseite.com\/geschenke\/wp-json\/wp\/v2\/types\/product"}],"replies":[{"embeddable":true,"href":"https:\/\/www.blogseite.com\/geschenke\/wp-json\/wp\/v2\/comments?post=1523"}],"wp:featuredmedia":[{"embeddable":true,"href":"https:\/\/www.blogseite.com\/geschenke\/wp-json\/wp\/v2\/media\/1524"}],"wp:attachment":[{"href":"https:\/\/www.blogseite.com\/geschenke\/wp-json\/wp\/v2\/media?parent=1523"}],"wp:term":[{"taxonomy":"product_cat","embeddable":true,"href":"https:\/\/www.blogseite.com\/geschenke\/wp-json\/wp\/v2\/product_cat?post=1523"},{"taxonomy":"product_tag","embeddable":true,"href":"https:\/\/www.blogseite.com\/geschenke\/wp-json\/wp\/v2\/product_tag?post=1523"}],"curies":[{"name":"wp","href":"https:\/\/api.w.org\/{rel}","templated":true}]}}