{"id":1497,"date":"2021-01-12T18:32:33","date_gmt":"2021-01-12T17:32:33","guid":{"rendered":"https:\/\/geschenke.blogseite.com\/?post_type=product&#038;p=1497"},"modified":"2022-04-05T19:16:34","modified_gmt":"2022-04-05T17:16:34","slug":"lexikind-kapuzenhandtuch-baby-frottee-bademante","status":"publish","type":"product","link":"https:\/\/www.blogseite.com\/geschenke\/s\/lexikind-kapuzenhandtuch-baby-frottee-bademante\/","title":{"rendered":"Lexikind Kapuzenhandtuch Baby: Frottee Bademante"},"content":{"rendered":"<ul class=\"a-unordered-list a-vertical a-spacing-mini\">\n<li><span class=\"a-list-item\">BRINGEN SIE KINDERAUGEN ZUM STRAHLEN! Kinder lieben alles, was mit Tieren zu tun hat. Unter der gro\u00dfen Auswahl an Lexikind Kapuzenhandt\u00fcchern finden Sie deshalb auch mit Sicherheit ein Badetuch, das Ihrem Baby oder Kleinkind gro\u00dfe Freude bereiten wird. F\u00fcr Jungen und M\u00e4dchen geeignet.<\/span><\/li>\n<li><span class=\"a-list-item\">M\u00d6CHTEN SIE, DASS IHR BABY SICH RUNDUM PUDELWOHL F\u00dcHLT? Mit unseren tierischen Babym\u00e4nteln sorgen Sie daf\u00fcr, dass Ihr Kind schnell trocken wird und damit kuschelig warm bleibt. Das saugstarke Frottee aus 100% Baumwolle sorgt f\u00fcr ein angenehmes Wohlf\u00fchl-Erlebnis. Die lustige Kapuze h\u00e4lt den Kopf nach dem Baden sch\u00f6n warm. Ihr Kleines wird dieses Babyhandtuch lieben.<\/span><\/li>\n<li><span class=\"a-list-item\">DIESES BABY KAPUZENHANDTUCH IST EIN WAHRES ALLROUND-TALENT! Vielseitiger geht es kaum: In den ersten Monaten k\u00f6nnen Sie es als Kuscheldecke verwenden. Au\u00dferdem als Babyhandtuch mit Kapuze. Sp\u00e4ter als Bade-Poncho oder Bademantel. Oder nat\u00fcrlich ganz klassisch als Baby Kapuzen-Badetuch f\u00fcr M\u00e4dchen und Jungen. Zum Trockenreiben ist das Frottee ideal. Bitte beachten Sie: Die M\u00e4ntelchen fallen kurz aus (siehe Fotos).<\/span><\/li>\n<li><span class=\"a-list-item\">LEXIKIND &#8211; DIE S\u00dcSSESTE MARKE IN DEUTSCHLANDS KINDERZIMMERN! Kapuzenhandt\u00fccher sind ein beliebtes Geschenk f\u00fcr werdende Eltern, zu Geburt, Taufe, Weihnachten, Kindergeburtstag und und und&#8230; Mit Lexikind schenken Sie ein Lachen!<\/span><\/li>\n<li><span class=\"a-list-item\">UNSER ZUFRIEDENHEITS-VERSPRECHEN: Wir sind uns sicher, dass Ihr Kind diese tierisch originellen Badet\u00fccher lieben wird. Sollten Sie aus irgendeinem Grund mit dem Babykapuzentuch nicht zufrieden sein, schreiben Sie einfach an unseren Kundenservice und wir erstatten Ihnen den Kaufpreis.<\/span><\/li>\n<\/ul>\n","protected":false},"excerpt":{"rendered":"<p>BRINGEN SIE KINDERAUGEN ZUM STRAHLEN! Kinder lieben alles, was mit Tieren zu tun hat. Unter der gro\u00dfen Auswahl an Lexikind Kapuzenhandt\u00fcchern finden Sie deshalb auch mit Sicherheit ein Badetuch, das Ihrem Baby oder Kleinkind gro\u00dfe Freude bereiten wird. F\u00fcr Jungen und M\u00e4dchen geeignet. M\u00d6CHTEN SIE, DASS IHR BABY SICH RUNDUM PUDELWOHL F\u00dcHLT? Mit unseren tierischen [&hellip;]<\/p>\n","protected":false},"featured_media":1498,"comment_status":"open","ping_status":"closed","template":"","meta":[],"product_cat":[366,426,430,431],"product_tag":[563,370],"class_list":{"0":"post-1497","1":"product","2":"type-product","3":"status-publish","4":"has-post-thumbnail","6":"product_cat-baby","7":"product_cat-nach-preis","8":"product_cat-unter-20-euro","9":"product_cat-unter-50-euro","10":"product_tag-babymantel","11":"product_tag-geschenk-fuer-baby","13":"first","14":"instock","15":"shipping-taxable","16":"product-type-external"},"_links":{"self":[{"href":"https:\/\/www.blogseite.com\/geschenke\/wp-json\/wp\/v2\/product\/1497"}],"collection":[{"href":"https:\/\/www.blogseite.com\/geschenke\/wp-json\/wp\/v2\/product"}],"about":[{"href":"https:\/\/www.blogseite.com\/geschenke\/wp-json\/wp\/v2\/types\/product"}],"replies":[{"embeddable":true,"href":"https:\/\/www.blogseite.com\/geschenke\/wp-json\/wp\/v2\/comments?post=1497"}],"wp:featuredmedia":[{"embeddable":true,"href":"https:\/\/www.blogseite.com\/geschenke\/wp-json\/wp\/v2\/media\/1498"}],"wp:attachment":[{"href":"https:\/\/www.blogseite.com\/geschenke\/wp-json\/wp\/v2\/media?parent=1497"}],"wp:term":[{"taxonomy":"product_cat","embeddable":true,"href":"https:\/\/www.blogseite.com\/geschenke\/wp-json\/wp\/v2\/product_cat?post=1497"},{"taxonomy":"product_tag","embeddable":true,"href":"https:\/\/www.blogseite.com\/geschenke\/wp-json\/wp\/v2\/product_tag?post=1497"}],"curies":[{"name":"wp","href":"https:\/\/api.w.org\/{rel}","templated":true}]}}