{"id":1331,"date":"2021-01-08T09:01:47","date_gmt":"2021-01-08T08:01:47","guid":{"rendered":"https:\/\/geschenke.blogseite.com\/?post_type=product&#038;p=1331"},"modified":"2022-04-05T20:12:18","modified_gmt":"2022-04-05T18:12:18","slug":"swarovski-halskette-rhodinierte-damenhalskette","status":"publish","type":"product","link":"https:\/\/www.blogseite.com\/geschenke\/s\/swarovski-halskette-rhodinierte-damenhalskette\/","title":{"rendered":"Swarovski Halskette, Rhodinierte Damenhalskette"},"content":{"rendered":"<ul class=\"a-unordered-list a-vertical a-spacing-mini\">\n<li><span class=\"a-list-item\">Zeitloser Schmuck mit funkelnder \u00c4sthetik: Die zarte Halskette ist mit einem runden Chaton besetzt, der jedem Outfit einen eleganten Touch verleiht und keine W\u00fcnsche offen l\u00e4sst<\/span><\/li>\n<li><span class=\"a-list-item\">Strahlender Glanz: Die elegante Kette ist rhodiniert und zaubert mit ihrem klaren Kristall eine Extraportion Funkeln \/ Die 38 cm lange Halskette rundet jeden Look gekonnt ab<\/span><\/li>\n<li><span class=\"a-list-item\">Einzigartige Handwerkskunst: Die Attract Kollektion steht f\u00fcr unendliche Leidenschaft, Innovation sowie viel Liebe zum Detail &#8211; eine Damenkette mit hoher Qualit\u00e4t<\/span><\/li>\n<li><span class=\"a-list-item\">Stilvolles Schmuckst\u00fcck f\u00fcr jeden Anlass: Die elegante Attract Round Halskette ist mit ihren funkelnden Akzenten ein ausgezeichnetes Geschenk f\u00fcr einen geliebten Menschen<\/span><\/li>\n<li><span class=\"a-list-item\">Lieferumfang: 1 x Swarovski Attract Round Halskette, rhodinierte Damenkette mit Swarovski Kristall, 38 cm lang, inklusive einer Swarovski Box<\/span><\/li>\n<\/ul>\n","protected":false},"excerpt":{"rendered":"<p>Zeitloser Schmuck mit funkelnder \u00c4sthetik: Die zarte Halskette ist mit einem runden Chaton besetzt, der jedem Outfit einen eleganten Touch verleiht und keine W\u00fcnsche offen l\u00e4sst Strahlender Glanz: Die elegante Kette ist rhodiniert und zaubert mit ihrem klaren Kristall eine Extraportion Funkeln \/ Die 38 cm lange Halskette rundet jeden Look gekonnt ab Einzigartige Handwerkskunst: [&hellip;]<\/p>\n","protected":false},"featured_media":1335,"comment_status":"open","ping_status":"closed","template":"","meta":[],"product_cat":[78,103,116,63,53,45,73,52,280,426,431,301,70,295,294,296,298],"product_tag":[82,113,109,542],"class_list":{"0":"post-1331","1":"product","2":"type-product","3":"status-publish","4":"has-post-thumbnail","6":"product_cat-weihnachtsgeschenke","7":"product_cat-studenten","8":"product_cat-frauen","9":"product_cat-mutter","10":"product_cat-muttertag","11":"product_cat-freundin","12":"product_cat-beste-freundin","13":"product_cat-hochzeitsgeschenke","14":"product_cat-geburtstagsgeschenke","15":"product_cat-nach-preis","16":"product_cat-unter-50-euro","17":"product_cat-eltern","18":"product_cat-geschenke-fuer-jeden-anlass","19":"product_cat--tochter","20":"product_cat--schwester","21":"product_cat--schwiegermutter","22":"product_cat--ehefrau","23":"product_tag-geburtstagsgeschenk","24":"product_tag-geschenk-fuer-frauen","25":"product_tag-geschenk-fuer-maenner","26":"product_tag-halskette","28":"first","29":"instock","30":"shipping-taxable","31":"product-type-external"},"_links":{"self":[{"href":"https:\/\/www.blogseite.com\/geschenke\/wp-json\/wp\/v2\/product\/1331"}],"collection":[{"href":"https:\/\/www.blogseite.com\/geschenke\/wp-json\/wp\/v2\/product"}],"about":[{"href":"https:\/\/www.blogseite.com\/geschenke\/wp-json\/wp\/v2\/types\/product"}],"replies":[{"embeddable":true,"href":"https:\/\/www.blogseite.com\/geschenke\/wp-json\/wp\/v2\/comments?post=1331"}],"wp:featuredmedia":[{"embeddable":true,"href":"https:\/\/www.blogseite.com\/geschenke\/wp-json\/wp\/v2\/media\/1335"}],"wp:attachment":[{"href":"https:\/\/www.blogseite.com\/geschenke\/wp-json\/wp\/v2\/media?parent=1331"}],"wp:term":[{"taxonomy":"product_cat","embeddable":true,"href":"https:\/\/www.blogseite.com\/geschenke\/wp-json\/wp\/v2\/product_cat?post=1331"},{"taxonomy":"product_tag","embeddable":true,"href":"https:\/\/www.blogseite.com\/geschenke\/wp-json\/wp\/v2\/product_tag?post=1331"}],"curies":[{"name":"wp","href":"https:\/\/api.w.org\/{rel}","templated":true}]}}